NOAA style reports
Select a Year or Month report
V/Λ2021 > Jan Feb Mar Apr May Jun Jul Aug Sep Oct Nov Dec
V/Λ2020 > Jan Feb Mar Apr May Jun Jul Aug Sep Oct Nov Dec
V/Λ2019 > Jan Feb Mar Apr May Jun Jul Aug Sep Oct Nov Dec
V/Λ2018 > Jan Feb Mar Apr May Jun Jul Aug Sep Oct Nov Dec
V/Λ2017 > Jan Feb Mar Apr May Jun Jul Aug Sep Oct Nov Dec
V/Λ2016 > Jan Feb Mar Apr May Jun Jul Aug Sep Oct Nov Dec
V/Λ2015 > Jan Feb Mar Apr May Jun Jul Aug Sep Oct Nov Dec
                   Monthly Climatological Summary for Jun. 2021

Name: Eric Olthwaite   City: Gooseberry Hill   State: Western Australia
Elevation: 245 m  Lat: S 31° 57' 32"   Lon: E 116° 02' 48"

                  Temperature (°C), Rain (mm), Wind Speed (km/h)

                                      Heat  Cool        Avg
    Mean                              Deg   Deg         Wind                 Dom
Day Temp  High   Time   Low    Time   Days  Days  Rain  Speed High   Time    Dir
----------------------------------------------------------------------------------
01  13.0  19.1   15:17   9.7   05:10   5.3   0.0   0.0   1.4  11.0   13:33     E
02  13.2  18.7   15:04   9.8   03:27   5.1   0.0   0.0   1.5  14.0   11:51     E
03  14.1  20.6   14:28  10.9   03:27   4.4   0.1   0.0   2.5  18.0   07:21     E
04  13.8  20.4   14:31  10.8   04:51   4.7   0.2   0.0   1.7  13.0   09:00   ENE
05  14.2  20.6   14:19   9.9   01:22   4.3   0.2   0.0   1.3  11.0   13:35     W
06  12.8  18.4   11:46   8.8   06:40   5.5   0.0   2.4   2.3  18.0   14:26   SSE
07  11.4  17.8   14:11   8.1   05:30   6.9   0.0   0.0   3.7  35.0   02:34     E
08  12.6  14.7   13:47   9.8   09:00   5.7   0.0   0.0  10.4  43.0   19:12     E
09  14.3  16.8   23:27   9.8   12:08   4.0   0.0  16.2   5.7  37.0   12:06    NE
10  14.5  17.3   12:02  12.0   08:30   3.8   0.0   9.4   1.2  14.0   14:51    NW
11  14.2  18.8   13:04  11.0   06:55   4.1   0.0   0.0   1.5  13.0   11:03     E
12  13.3  19.8   14:10  10.3   05:14   5.0   0.1   1.8   1.4   8.0   13:15    SE
13  14.0  18.9   13:56  12.0   02:15   4.3   0.0   4.8   1.3  16.0   08:38     W
14  10.8  16.6   11:53   7.3   01:42   7.5   0.0   2.6   2.0  23.0   12:27   WSW
15  11.7  15.6   14:20   9.4   02:48   6.6   0.0   1.4   0.9  10.0   13:41   SSW
16  12.5  17.6   14:10   9.2   05:56   5.8   0.0   0.0   3.2  23.0   05:25   ESE
17  11.2  15.7   14:11   7.8   05:10   7.1   0.0   0.0   4.9  23.0   09:31     E
18  12.2  17.8   14:22   9.4   08:05   6.1   0.0   0.0   3.0  18.0   09:03     E
19  12.7  18.3   13:45   8.5   06:05   5.6   0.0  21.4   1.9  13.0   21:39   NNE
20   9.1  13.1   14:42   6.6   06:52   9.2   0.0  17.4   1.9  18.0   01:10   SSW
21   7.3  12.7   15:55   3.7   06:07  11.0   0.0   0.6   1.0  16.0   11:49   SSW
22   9.3  14.4   14:23   5.8   07:41   9.0   0.0   0.0   1.0  16.0   13:29    SW
23  10.8  16.8   14:33   7.7   07:43   7.5   0.0   0.0   2.3  11.0   06:42    SE
24  10.5  16.1   14:49   7.4   06:43   7.8   0.0   0.0   3.5  18.0   08:57     E
25  11.4  17.6   15:19   8.3   08:18   6.9   0.0   0.0   4.1  23.0   06:43     E
26  13.5  19.1   14:14   9.2   09:00   4.8   0.0   0.0   4.1  23.0   00:39   ENE
27  12.3  14.2   10:37  11.1   18:20   6.0   0.0  12.6   2.1  26.0   15:33     N
28  13.7  18.5   12:10  11.1   08:54   4.6   0.0  33.0   2.6  24.0   01:35   WNW
29  11.2  15.7   14:19   8.8   03:27   7.1   0.0   0.0   2.1  23.0   13:10   SSW
30  12.5  15.6   13:19  10.3   08:28   5.8   0.0   1.2   0.5  11.0   03:39     N
----------------------------------------------------------------------------------
    12.3  20.6     3     3.7    21   181.5   0.6 124.8   2.6  43.0     8       E

Max >=  30.0  0
Max <=  15.0  5
Min <=  12.0 30
Min <=   8.0  7
Max Rain: 33.0 on day 28
Days of Rain: 13 (>= 0.2 mm)  6 (>= 5.0 mm)  2 (>= 20.0 mm)
Heat Base: 18.3  Cool Base: 18.3  Method: Integration