NOAA style reports
Select a Year or Month report
V/Λ2021 > Jan Feb Mar Apr May Jun Jul Aug Sep Oct Nov Dec
V/Λ2020 > Jan Feb Mar Apr May Jun Jul Aug Sep Oct Nov Dec
V/Λ2019 > Jan Feb Mar Apr May Jun Jul Aug Sep Oct Nov Dec
V/Λ2018 > Jan Feb Mar Apr May Jun Jul Aug Sep Oct Nov Dec
V/Λ2017 > Jan Feb Mar Apr May Jun Jul Aug Sep Oct Nov Dec
V/Λ2016 > Jan Feb Mar Apr May Jun Jul Aug Sep Oct Nov Dec
V/Λ2015 > Jan Feb Mar Apr May Jun Jul Aug Sep Oct Nov Dec
                   Monthly Climatological Summary for May 2021

Name: Eric Olthwaite   City: Gooseberry Hill   State: Western Australia
Elevation: 245 m  Lat: S 31° 57' 32"   Lon: E 116° 02' 48"

                  Temperature (°C), Rain (mm), Wind Speed (km/h)

                                      Heat  Cool        Avg
    Mean                              Deg   Deg         Wind                 Dom
Day Temp  High   Time   Low    Time   Days  Days  Rain  Speed High   Time    Dir
----------------------------------------------------------------------------------
01  15.7  22.3   15:11  11.7   06:45   3.1   0.5   0.0   2.3  16.0   09:23    SE
02  16.5  23.4   14:54  12.6   06:38   2.7   0.9   0.0   3.3  23.0   06:15    SE
03  18.8  23.8   14:43  15.7   09:00   0.8   1.4   0.0   5.2  31.0   12:19   ESE
04  16.4  20.8   12:12  13.6   05:18   2.0   0.1  51.8   2.6  18.0   09:55   ENE
05  17.5  22.9   14:03  15.3   09:00   1.4   0.6   0.2   1.6  21.0   15:33    NW
06  16.6  22.2   11:36  13.3   06:25   2.2   0.5   0.4   1.5  16.0   14:06   SSW
07  15.9  21.8   14:03  12.0   06:22   2.9   0.5   0.0   1.9  14.0   08:52    SE
08  15.8  22.7   14:56  12.1   06:30   3.0   0.5   0.0   1.9  16.0   09:31    SE
09  15.8  21.8   14:25  12.4   06:21   2.9   0.4   0.0   1.8  13.0   08:31    SE
10  17.3  23.1   14:21  14.4   02:34   1.8   0.8   0.0   4.6  26.0   07:58     E
11  19.9  27.9   14:48  15.7   07:35   0.7   2.3   4.6   1.5  16.0   09:11   NNW
12  15.1  21.7   11:23  11.1   04:55   3.7   0.4   0.0   6.0  43.0   23:18   ESE
13  14.8  19.4   13:27  12.4   02:44   3.6   0.1   0.0   7.1  40.0   10:51   ESE
14  15.6  16.9   14:54  13.6   09:00   2.7   0.0   0.0   8.1  39.0   20:41     E
15  16.6  17.5   14:26  15.1   09:00   1.7   0.0   0.0   6.4  31.0   10:22     E
16  19.0  23.3   13:39  16.2   09:00   0.2   0.9   0.0   4.2  24.0   09:24     E
17  19.3  26.8   12:58  15.8   07:00   0.8   1.8   0.0   0.9  14.0   13:56   NNW
18  17.6  22.8   14:52  14.3   03:58   1.6   0.9   0.0   0.9  11.0   11:30     E
19  17.1  23.3   13:27  13.0   07:12   2.1   0.9   0.0   2.1  14.0   04:26    SE
20  17.1  24.3   14:33  13.3   07:08   2.2   1.0   0.0   1.2  14.0   09:02     S
21  16.9  22.6   13:14  13.9   02:01   2.2   0.8   0.0   1.3  14.0   14:14    NW
22  13.9  18.9   12:23   9.9   05:29   4.4   0.0  10.4   1.5  16.0   18:36   ESE
23  10.7  15.8   11:17   6.4   06:50   7.6   0.0  17.4   1.4  19.0   21:00   WSW
24  10.3  14.1   13:08   8.4   09:01   8.0   0.0   0.6   1.5  14.0   08:50   SSE
25  12.2  17.9   15:37   9.2   06:33   6.1   0.0   0.0   3.6  23.0   01:02     E
26  14.7  18.4   13:47  10.6   09:00   3.6   0.0   0.0   4.2  24.0   21:04     E
27  19.0  24.0   15:06  15.1   09:00   0.4   1.0   0.0   4.1  19.0   09:47     E
28  17.3  23.3   11:37  14.6   03:04   1.6   0.6  19.2   3.4  29.0   00:30   ENE
29  13.4  17.7   15:28  10.6   21:43   4.9   0.0  18.0   0.8  16.0   17:46   NNW
30  12.7  16.2   14:10  11.1   07:23   5.6   0.0   0.6   2.0  14.0   13:22   SSW
31  12.1  17.0   13:08   9.0   07:16   6.2   0.0   0.0   1.5  13.0   09:47     S
----------------------------------------------------------------------------------
    15.9  27.9    11     6.4    23    92.7  16.9 123.2   2.9  43.0    12     ESE

Max >=  30.0  0
Max <=  15.0  1
Min <=  12.0 11
Min <=   8.0  1
Max Rain: 51.8 on day 4
Days of Rain: 10 (>= 0.2 mm)  5 (>= 5.0 mm)  1 (>= 20.0 mm)
Heat Base: 18.3  Cool Base: 18.3  Method: Integration