NOAA style reports
Select a Year or Month report
V/Λ2021 > Jan Feb Mar Apr May Jun Jul Aug Sep Oct Nov Dec
V/Λ2020 > Jan Feb Mar Apr May Jun Jul Aug Sep Oct Nov Dec
V/Λ2019 > Jan Feb Mar Apr May Jun Jul Aug Sep Oct Nov Dec
V/Λ2018 > Jan Feb Mar Apr May Jun Jul Aug Sep Oct Nov Dec
V/Λ2017 > Jan Feb Mar Apr May Jun Jul Aug Sep Oct Nov Dec
V/Λ2016 > Jan Feb Mar Apr May Jun Jul Aug Sep Oct Nov Dec
V/Λ2015 > Jan Feb Mar Apr May Jun Jul Aug Sep Oct Nov Dec
                   Monthly Climatological Summary for Apr. 2021

Name: Eric Olthwaite   City: Gooseberry Hill   State: Western Australia
Elevation: 245 m  Lat: S 31° 57' 32"   Lon: E 116° 02' 48"

                  Temperature (°C), Rain (mm), Wind Speed (km/h)

                                      Heat  Cool        Avg
    Mean                              Deg   Deg         Wind                 Dom
Day Temp  High   Time   Low    Time   Days  Days  Rain  Speed High   Time    Dir
----------------------------------------------------------------------------------
01  25.0  33.7   14:52  18.2   06:53   0.0   6.7   0.0   2.0  19.0   10:04   ESE
02  23.6  32.2   16:25  18.1   05:28   0.0   5.3   0.0   2.4  26.0   08:43     E
03  21.4  28.9   11:59  16.1   05:11   0.5   3.6  13.6   4.0  26.0   19:20   ESE
04  22.6  30.7   15:24  17.1   05:16   0.1   4.4   0.0   1.9  32.0   12:09     E
05  20.5  27.8   13:36  15.6   04:37   0.7   2.8   0.0   1.2  16.0   13:27   WNW
06  21.1  27.1   13:27  18.5   05:28   0.0   2.8   0.0   1.4  14.0   12:56     W
07  19.9  25.2   13:09  15.5   07:51   0.3   2.0   0.0   1.9  21.0   07:50    SE
08  19.0  25.7   15:29  14.8   05:52   1.2   1.9   0.0   4.9  29.0   00:29   ESE
09  19.3  26.3   15:02  14.6   07:04   1.1   2.1   0.0   6.6  37.0   20:03   ESE
10  21.4  27.2   14:27  14.4   08:18   0.7   3.7   6.4   6.8  35.0   10:49     E
11  17.2  19.8   15:58  14.7   09:00   1.3   0.2  12.0   6.2  42.0   09:45     E
12  15.5  21.4   14:10  11.3   06:28   3.0   0.2   0.6   1.8  18.0   11:21   SSW
13  15.5  22.1   15:10  11.3   06:52   3.3   0.4   0.0   2.3  14.0   11:52   SSE
14  16.7  23.9   15:23  12.5   06:14   2.5   0.9   0.0   2.4  16.0   09:23    SE
15  18.1  25.4   15:28  13.1   04:34   1.7   1.5   0.0   3.0  23.0   09:24   ESE
16  18.2  25.3   15:45  13.7   06:57   1.5   1.4   0.0   3.4  24.0   07:39   ESE
17  19.8  27.3   14:38  14.9   07:07   0.9   2.4   0.0   2.9  21.0   08:09   ESE
18  20.0  28.5   14:44  13.6   05:32   1.0   2.7   0.0   2.0  16.0   11:52    SE
19  17.7  23.9   14:26  14.5   06:08   1.5   1.0   0.0   2.4  23.0   08:53    SE
20  18.4  25.6   14:01  13.7   06:49   1.5   1.6   0.0   2.4  23.0   09:17    SE
21  18.4  26.4   14:06  13.0   06:45   1.8   1.8   0.0   3.6  32.0   03:30   ESE
22  18.6  23.5   14:20  15.1   09:00   0.8   1.1   0.0   4.4  26.0   05:56     E
23  21.5  28.1   15:40  16.9   09:00   0.1   3.3   0.0   3.0  21.0   09:16     E
24  21.1  30.6   14:22  15.6   06:28   0.7   3.5   0.0   1.5  16.0   09:13   WSW
25  20.5  27.8   14:45  16.6   06:38   0.2   2.5   0.0   2.2  24.0   08:30   ESE
26  22.8  30.5   13:17  17.4   06:10   0.0   4.6   0.0   1.2  19.0   09:21    SE
27  21.6  29.1   14:01  17.2   06:44   0.1   3.4   0.0   1.9  13.0   13:21    SE
28  22.6  29.8   14:40  18.1   05:50   0.0   4.3   0.0   1.2  11.0   09:13   ESE
29  16.7  25.1   13:14  11.2   06:57   2.8   1.3  24.8   2.6  24.0   12:54   WSW
30  14.5  20.6   13:43  11.0   06:32   3.9   0.1   0.0   1.9  18.0   08:42    SE
----------------------------------------------------------------------------------
    19.6  33.7     1    11.0    30    33.2  73.5  57.4   2.9  42.0    11     ESE

Max >=  30.0  5
Max <=  15.0  0
Min <=  12.0  4
Min <=   8.0  0
Max Rain: 24.8 on day 29
Days of Rain: 5 (>= 0.2 mm)  4 (>= 5.0 mm)  1 (>= 20.0 mm)
Heat Base: 18.3  Cool Base: 18.3  Method: Integration