NOAA style reports
Select a Year or Month report
V/Λ2021 > Jan Feb Mar Apr May Jun Jul Aug Sep Oct Nov Dec
V/Λ2020 > Jan Feb Mar Apr May Jun Jul Aug Sep Oct Nov Dec
V/Λ2019 > Jan Feb Mar Apr May Jun Jul Aug Sep Oct Nov Dec
V/Λ2018 > Jan Feb Mar Apr May Jun Jul Aug Sep Oct Nov Dec
V/Λ2017 > Jan Feb Mar Apr May Jun Jul Aug Sep Oct Nov Dec
V/Λ2016 > Jan Feb Mar Apr May Jun Jul Aug Sep Oct Nov Dec
V/Λ2015 > Jan Feb Mar Apr May Jun Jul Aug Sep Oct Nov Dec
                   Monthly Climatological Summary for Mar. 2021

Name: Eric Olthwaite   City: Gooseberry Hill   State: Western Australia
Elevation: 245 m  Lat: S 31° 57' 32"   Lon: E 116° 02' 48"

                  Temperature (°C), Rain (mm), Wind Speed (km/h)

                                      Heat  Cool        Avg
    Mean                              Deg   Deg         Wind                 Dom
Day Temp  High   Time   Low    Time   Days  Days  Rain  Speed High   Time    Dir
----------------------------------------------------------------------------------
01  17.1  20.2   08:44  15.4   09:00   1.2   0.0  11.6   4.8  37.0   20:59   ESE
02  22.2  30.9   14:47  17.9   19:47   0.0   3.9   7.4   5.1  32.0   18:08     E
03  21.5  27.3   16:39  18.5   03:23   0.0   3.2   6.0   4.2  35.0   11:51     E
04  21.3  27.3   14:49  18.8   07:11   0.0   3.0   5.4   1.8  21.0   14:57   WNW
05  21.1  24.9   11:44  19.6   21:03   0.0   2.8   0.4   1.3  21.0   12:54   WNW
06  22.5  28.0   16:40  19.1   07:01   0.0   4.2   0.0   2.4  24.0   08:01   ESE
07  23.4  30.8   15:53  18.5   06:29   0.0   5.1   0.0   3.6  31.0   03:53   ESE
08  24.2  31.8   15:39  19.3   06:27   0.0   5.9   0.0   4.8  32.0   12:55   ESE
09  28.9  36.6   16:11  24.1   09:00   0.0  10.7   0.0   4.4  27.0   11:08     E
10  23.9  31.4   10:22  20.7   06:09   0.0   5.6   0.0   2.2  19.0   12:30    NW
11  22.1  26.7   13:35  18.9   06:48   0.0   3.8   0.6   1.5  21.0   12:43   WNW
12  19.0  27.1   15:22  12.8   06:26   1.5   2.2   0.0   4.0  32.0   10:58   ESE
13  18.6  26.4   15:05  12.6   06:09   1.6   1.9   0.0   4.8  32.0   11:34     E
14  20.8  28.6   15:14  15.2   06:12   0.5   3.0   0.0   4.9  32.0   23:58     E
15  23.5  30.0   13:38  20.2   05:18   0.0   5.2   0.0   4.8  32.0   10:32     E
16  25.2  34.3   16:07  18.7   04:18   0.0   6.9   0.0   1.6  18.0   09:03     E
17  23.8  32.5   14:54  18.0   05:14   0.0   5.5   0.0   1.4  18.0   13:54   WNW
18  27.3  35.3   14:13  22.3   07:09   0.0   9.0   0.0   2.9  23.0   03:27    SE
19  28.9  37.2   13:31  22.6   07:07   0.0  10.6   0.0   3.0  19.0   08:31   ESE
20  29.1  38.1   14:47  23.9   04:48   0.0  10.8   0.0   3.4  29.0   06:50   ESE
21  26.0  37.9   13:13  16.6   06:22   0.1   7.8   0.0   1.2  24.0   13:56    NW
22  20.4  29.6   14:38  13.5   06:30   1.3   3.3   0.0   2.9  18.0   08:02   SSE
23  17.9  26.1   15:40  12.0   06:32   2.1   1.7   0.0   3.5  24.0   10:53    SE
24  18.3  27.1   15:20  13.2   06:46   1.7   1.7   0.0   2.4  21.0   10:13    SE
25  18.9  26.1   13:45  13.6   05:57   1.5   2.0   0.0   2.3  19.0   14:46     S
26  20.1  28.7   14:22  13.8   06:22   0.8   2.6   0.0   2.3  18.0   09:09   SSE
27  21.3  29.4   15:15  16.7   05:55   0.4   3.4   0.0   2.4  19.0   06:22    SE
28  26.6  34.9   14:08  20.3   04:45   0.0   8.3   0.0   2.0  18.0   07:32     E
29  28.8  40.3   13:37  20.2   05:09   0.0  10.4   0.2   1.9  18.0   05:46   NNE
30  22.9  30.6   15:39  18.1   06:43   0.0   4.6   2.4   1.5  18.0   13:35   WNW
31  22.3  27.3   11:06  18.7   09:00   0.0   4.0   0.0   2.7  24.0   01:13   ESE
----------------------------------------------------------------------------------
    22.8  40.3    29    12.0    23    12.7 153.1  34.0   3.0  37.0     1     ESE

Max >=  30.0 15
Max <=  15.0  0
Min <=  12.0  1
Min <=   8.0  0
Max Rain: 11.6 on day 1
Days of Rain: 8 (>= 0.2 mm)  4 (>= 5.0 mm)  0 (>= 20.0 mm)
Heat Base: 18.3  Cool Base: 18.3  Method: Integration