NOAA style reports
Select a Year or Month report
V/Λ2021 > Jan Feb Mar Apr May Jun Jul Aug Sep Oct Nov Dec
V/Λ2020 > Jan Feb Mar Apr May Jun Jul Aug Sep Oct Nov Dec
V/Λ2019 > Jan Feb Mar Apr May Jun Jul Aug Sep Oct Nov Dec
V/Λ2018 > Jan Feb Mar Apr May Jun Jul Aug Sep Oct Nov Dec
V/Λ2017 > Jan Feb Mar Apr May Jun Jul Aug Sep Oct Nov Dec
V/Λ2016 > Jan Feb Mar Apr May Jun Jul Aug Sep Oct Nov Dec
V/Λ2015 > Jan Feb Mar Apr May Jun Jul Aug Sep Oct Nov Dec
                   Monthly Climatological Summary for Feb. 2021

Name: Eric Olthwaite   City: Gooseberry Hill   State: Western Australia
Elevation: 245 m  Lat: S 31° 57' 32"   Lon: E 116° 02' 48"

                  Temperature (°C), Rain (mm), Wind Speed (km/h)

                                      Heat  Cool        Avg
    Mean                              Deg   Deg         Wind                 Dom
Day Temp  High   Time   Low    Time   Days  Days  Rain  Speed High   Time    Dir
----------------------------------------------------------------------------------
01  27.8  37.3   15:18  20.2   05:13   0.0   9.5   0.0   5.1  27.4   10:13   ESE
02  25.1  35.1   15:06  19.6   04:39   0.0   6.8   0.0   3.5  27.4   09:58     E
03  22.9  37.1   14:51  13.2   06:06   1.3   5.9   0.0   5.1  40.2   22:45   ESE
04  19.7  28.9   15:17  12.8   05:54   1.6   3.0   0.0   6.4  37.0   13:13   ESE
05  20.0  27.8   14:44  15.5   05:27   0.9   2.6   0.0   5.8  38.6   12:50   ESE
06  16.3  20.8   14:53  14.6   20:20   2.2   0.2  14.4   6.6  53.1   01:27   ESE
07  18.2  20.5   12:55  16.0   09:00   0.5   0.5  13.8   4.3  24.1   09:15     N
08  17.5  21.6   15:26  14.8   00:36   1.3   0.5   3.8   1.6  24.1   10:28     W
09  19.3  26.1   15:26  14.8   05:50   0.9   1.9   0.2   1.7  19.3   14:58     W
10  18.0  25.4   15:50  12.7   06:10   1.8   1.5   0.0   2.5  19.3   02:30     S
11  19.5  27.8   14:55  13.1   06:01   1.2   2.4   0.0   3.3  25.7   07:51    SE
12  23.0  32.0   15:27  16.4   06:17   0.2   4.9   0.0   3.8  29.0   08:42   ESE
13  28.1  36.8   15:28  21.5   06:01   0.0   9.8   0.0   3.3  22.5   09:13     E
14  27.1  34.3   13:34  21.8   05:52   0.0   8.8   0.0   2.2  20.9   10:21     E
15  28.5  38.3   13:58  20.7   05:54   0.0  10.2   0.0   1.5  16.1   09:10   WNW
16  23.9  32.9   14:36  18.2   05:58   0.0   5.6   0.0   1.4  16.1   16:14   WNW
17  20.8  27.9   14:12  15.9   06:06   0.4   2.9   0.6   3.2  22.5   04:01     W
18  17.2  24.4   14:13  11.7   06:03   2.3   1.2   0.0   3.1  22.5   06:54     S
19  20.3  29.2   14:32  16.0   23:04   0.6   2.6   0.0   2.4  19.3   10:26    SE
20  23.8  32.7   15:54  17.1   06:09   0.1   5.6   0.0   3.5  30.6   06:33    SE
21  26.1  37.5   15:38  16.8   05:58   0.2   7.9   0.0   4.8  33.8   02:53   ESE
22  29.8  39.2   15:34  22.9   09:00   0.0  11.5   0.0   4.4  32.2   09:18   ESE
23  29.9  40.1   13:03  22.9   05:59   0.0  11.6   0.0   2.2  17.7   13:25   WSW
24  24.6  34.0   14:02  16.9   06:09   0.1   6.4   0.0   3.2  24.1   04:26   ESE
25  24.1  32.6   13:39  17.8   03:46   0.0   5.8   0.0   2.7  17.7   00:21     S
26  22.5  31.8   14:41  15.7   05:36   0.5   4.7   0.0   3.9  31.0   22:43   ESE
27  23.6  32.3   14:42  17.3   06:42   0.1   5.4   0.0   4.1  29.0   05:46   ESE
28  23.0  32.2   15:05  15.2   06:39   0.5   5.2  11.8   4.9  40.0   02:08   ESE
----------------------------------------------------------------------------------
    22.9  40.1    23    11.7    18    16.7 144.9  44.6   3.6  53.1     6     ESE

Max >=  30.0 17
Max <=  15.0  0
Min <=  12.0  1
Min <=   8.0  0
Max Rain: 14.4 on day 6
Days of Rain: 6 (>= 0.2 mm)  3 (>= 5.0 mm)  0 (>= 20.0 mm)
Heat Base: 18.3  Cool Base: 18.3  Method: Integration