NOAA style reports
Select a Year or Month report
V/Λ2021 > Jan Feb Mar Apr May Jun Jul Aug Sep Oct Nov Dec
V/Λ2020 > Jan Feb Mar Apr May Jun Jul Aug Sep Oct Nov Dec
V/Λ2019 > Jan Feb Mar Apr May Jun Jul Aug Sep Oct Nov Dec
V/Λ2018 > Jan Feb Mar Apr May Jun Jul Aug Sep Oct Nov Dec
V/Λ2017 > Jan Feb Mar Apr May Jun Jul Aug Sep Oct Nov Dec
V/Λ2016 > Jan Feb Mar Apr May Jun Jul Aug Sep Oct Nov Dec
V/Λ2015 > Jan Feb Mar Apr May Jun Jul Aug Sep Oct Nov Dec
                   Monthly Climatological Summary for Jan. 2021

Name: Eric Olthwaite   City: Gooseberry Hill   State: Western Australia
Elevation: 245 m  Lat: S 31° 57' 32"   Lon: E 116° 02' 48"

                  Temperature (°C), Rain (mm), Wind Speed (km/h)

                                      Heat  Cool        Avg
    Mean                              Deg   Deg         Wind                 Dom
Day Temp  High   Time   Low    Time   Days  Days  Rain  Speed High   Time    Dir
----------------------------------------------------------------------------------
01  25.4  36.0   15:13  17.6   04:30   0.1   7.2   0.0   5.1  40.2   05:53   ESE
02  23.5  32.3   15:07  15.6   05:40   0.5   5.6   0.0   7.2  41.8   12:33   ESE
03  22.5  31.8   15:24  14.8   05:19   0.7   4.9   0.0   7.6  41.8   22:38   ESE
04  23.5  32.3   15:11  15.8   04:57   0.4   5.6   0.0   5.9  49.9   13:02     E
05  25.0  33.9   15:40  16.9   05:26   0.1   6.8   0.0   5.7  38.6   16:49     E
06  27.7  36.4   15:53  21.1   05:39   0.0   9.4   0.0   4.9  27.4   09:43     E
07  30.1  39.6   15:29  23.8   05:14   0.0  11.8   0.0   3.3  20.9   09:51     E
08  33.2  42.4   14:43  27.3   01:50   0.0  14.9   0.0   2.8  19.3   08:56   ESE
09  27.1  38.2   11:18  19.6   05:35   0.0   8.8   0.0   2.0  17.7   15:26   WNW
10  21.8  29.4   16:38  14.9   05:50   0.6   4.1   0.0   3.1  27.4   07:06     S
11  23.6  33.9   15:20  15.9   06:29   0.3   5.6   0.0   3.5  25.7   06:22   ESE
12  23.4  34.3   13:45  15.2   05:24   0.6   5.7   0.0   4.2  41.8   06:08    SE
13  23.7  34.6   16:02  14.6   05:15   0.8   6.2   0.0   6.1  43.5   03:46   ESE
14  23.3  33.1   15:55  14.9   05:51   0.7   5.7   0.0   7.7  46.7   09:44   ESE
15  23.7  32.9   15:37  15.7   05:16   0.5   5.9   0.0   8.0  43.5   12:41   ESE
16  25.0  33.7   15:51  16.7   05:32   0.2   6.8   0.0   7.1  46.7   08:46     E
17  28.2  37.1   15:27  21.8   06:09   0.0   9.9   0.0   5.6  40.2   09:20     E
18  27.5  36.5   16:03  24.2   05:45   0.0   9.2   0.0   4.7  27.4   12:40     E
19  27.1  37.1   12:30  20.9   05:50   0.0   8.8   3.2   1.6  17.7   12:38   WNW
20  26.1  31.9   13:22  20.9   05:50   0.0   7.8   0.0   3.1  24.1   07:37    SE
21  27.2  38.4   14:57  18.1   06:02   0.0   8.9   0.0   4.2  29.0   02:30   ESE
22  27.2  37.7   13:38  20.5   05:38   0.0   8.9   0.0   2.6  29.0   09:16   SSE
23  22.3  29.4   13:53  16.3   05:03   0.2   4.2   0.0   2.1  17.7   10:17     W
24  21.1  27.6   11:53  16.8   02:26   0.3   3.1   0.0   2.0  25.7   11:19   WSW
25  21.0  28.7   16:14  15.6   05:54   0.5   3.2   0.0   2.4  19.3   14:13   SSW
26  20.3  27.9   14:03  15.4   04:44   0.8   2.7   0.0   2.3  22.5   16:24   WSW
27  20.0  28.3   15:31  13.8   05:58   1.0   2.7   0.0   3.1  20.9   23:37   SSE
28  24.6  34.3   15:34  16.5   05:59   0.2   6.5   0.0   3.7  25.7   23:33   ESE
29  25.4  34.9   16:11  16.8   06:01   0.1   7.2   0.0   4.9  30.6   03:20   ESE
30  26.5  36.0   14:56  18.5   05:33   0.0   8.3   0.0   4.6  29.0   12:04   ESE
31  27.8  39.2   16:16  17.8   05:59   0.0   9.5   0.0   4.4  37.0   04:01   ESE
----------------------------------------------------------------------------------
    25.0  42.4     8    13.8    27     8.6 215.9   3.2   4.4  49.9     4     ESE

Max >=  30.0 25
Max <=  15.0  0
Min <=  12.0  0
Min <=   8.0  0
Max Rain: 3.2 on day 19
Days of Rain: 1 (>= 0.2 mm)  0 (>= 5.0 mm)  0 (>= 20.0 mm)
Heat Base: 18.3  Cool Base: 18.3  Method: Integration