NOAA style reports
Select a Year or Month report
V/Λ2021 > Jan Feb Mar Apr May Jun Jul Aug Sep Oct Nov Dec
V/Λ2020 > Jan Feb Mar Apr May Jun Jul Aug Sep Oct Nov Dec
V/Λ2019 > Jan Feb Mar Apr May Jun Jul Aug Sep Oct Nov Dec
V/Λ2018 > Jan Feb Mar Apr May Jun Jul Aug Sep Oct Nov Dec
V/Λ2017 > Jan Feb Mar Apr May Jun Jul Aug Sep Oct Nov Dec
V/Λ2016 > Jan Feb Mar Apr May Jun Jul Aug Sep Oct Nov Dec
V/Λ2015 > Jan Feb Mar Apr May Jun Jul Aug Sep Oct Nov Dec
                   Monthly Climatological Summary for Dec. 2020

Name: Eric Olthwaite   City: Gooseberry Hill   State: Western Australia
Elevation: 245 m  Lat: S 31° 57' 32"   Lon: E 116° 02' 48"

                  Temperature (°C), Rain (mm), Wind Speed (km/h)

                                      Heat  Cool        Avg
    Mean                              Deg   Deg         Wind                 Dom
Day Temp  High   Time   Low    Time   Days  Days  Rain  Speed High   Time    Dir
----------------------------------------------------------------------------------
01  16.9  25.8   14:53  12.1   05:22   2.6   1.2   0.0   2.6  22.5   07:53    SE
02  20.2  29.6   15:35  13.8   05:23   1.4   3.3   0.0   2.5  27.4   04:13    SE
03  20.6  31.8   13:50  12.8   03:57   1.6   3.9   0.0   1.8  14.5   16:21     W
04  17.1  23.5   15:10  12.2   02:56   2.3   1.1   0.0   2.0  22.5   13:59   WSW
05  17.6  26.0   13:46  12.1   05:13   2.3   1.6   0.0   2.5  22.5   05:31     S
06  20.3  29.1   14:01  13.7   05:18   0.9   2.9   0.0   3.5  32.2   00:40    SE
07  24.8  33.7   16:13  16.8   05:10   0.1   6.6   0.0   4.5  33.8   08:00   ESE
08  28.4  40.2   15:17  18.4   05:42   0.0  10.1   0.0   2.0  25.7   09:19   ESE
09  27.6  36.4   15:32  21.8   01:14   0.0   9.3   0.0   4.2  37.0   06:51   ESE
10  27.7  35.6   13:58  21.8   05:50   0.0   9.4   0.0   5.5  35.4   14:01     E
11  26.1  31.9   15:27  21.1   05:03   0.0   7.8   0.0   3.0  24.1   14:47     E
12  23.1  33.3   13:32  15.9   07:29   0.5   5.3   3.0   2.2  24.1   14:18     W
13  16.5  22.6   12:53  12.0   05:16   2.4   0.5   0.6   2.6  25.7   15:42     W
14  17.9  25.9   13:56  12.1   05:21   1.9   1.5   0.0   3.6  27.4   01:50    SE
15  21.2  30.8   16:21  13.5   05:14   1.0   4.0   0.0   4.4  32.2   01:36   ESE
16  22.2  31.3   15:33  14.3   05:27   0.7   4.7   0.0   4.0  27.4   04:08    SE
17  22.6  32.0   15:32  14.6   05:30   0.8   5.1   0.0   4.3  37.0   22:55   ESE
18  23.8  33.2   14:44  16.5   05:21   0.2   5.7   0.0   4.2  29.0   06:48   ESE
19  24.6  35.7   14:46  16.4   05:20   0.2   6.6   0.0   3.4  30.6   02:03    SE
20  23.8  34.7   15:38  14.0   05:28   0.8   6.4   0.0   5.3  38.6   06:34   ESE
21  24.1  34.1   15:38  14.7   05:28   0.5   6.3   0.0   4.5  30.6   07:00   ESE
22  27.1  38.0   16:36  17.1   05:54   0.1   8.8   0.0   4.6  30.6   09:17   ESE
23  31.7  41.6   15:05  25.5   03:44   0.0  13.4   0.0   3.9  27.4   09:32     E
24  31.7  41.0   14:14  23.1   05:03   0.0  13.4   0.0   1.8  17.7   15:21    NW
25  30.6  42.4   15:09  20.9   06:14   0.0  12.3   0.0   2.1  25.7   23:39    SE
26  23.7  34.4   15:14  14.0   05:35   0.9   6.2   0.0   4.4  38.6   07:21   ESE
27  20.7  30.3   15:21  12.4   05:23   1.5   3.9   0.0   6.0  43.5   00:06   ESE
28  25.4  34.2   16:57  18.7   05:30   0.0   7.1   0.0   5.2  32.2   07:00   ESE
29  30.5  40.3   15:26  23.4   05:33   0.0  12.2   0.0   4.4  35.4   04:38   ESE
30  26.3  35.7   11:21  20.1   00:52   0.0   8.0   0.0   1.9  16.1   12:40    NW
31  24.8  34.1   15:22  18.1   05:50   0.0   6.5   0.0   3.0  27.4   04:03     E
----------------------------------------------------------------------------------
    23.9  42.4    25    12.0    13    22.7 195.1   3.6   3.5  43.5    27     ESE

Max >=  30.0 24
Max <=  15.0  0
Min <=  12.0  1
Min <=   8.0  0
Max Rain: 3.0 on day 12
Days of Rain: 2 (>= 0.2 mm)  0 (>= 5.0 mm)  0 (>= 20.0 mm)
Heat Base: 18.3  Cool Base: 18.3  Method: Integration