NOAA style reports
Select a Year or Month report
V/Λ2021 > Jan Feb Mar Apr May Jun Jul Aug Sep Oct Nov Dec
V/Λ2020 > Jan Feb Mar Apr May Jun Jul Aug Sep Oct Nov Dec
V/Λ2019 > Jan Feb Mar Apr May Jun Jul Aug Sep Oct Nov Dec
V/Λ2018 > Jan Feb Mar Apr May Jun Jul Aug Sep Oct Nov Dec
V/Λ2017 > Jan Feb Mar Apr May Jun Jul Aug Sep Oct Nov Dec
V/Λ2016 > Jan Feb Mar Apr May Jun Jul Aug Sep Oct Nov Dec
V/Λ2015 > Jan Feb Mar Apr May Jun Jul Aug Sep Oct Nov Dec
                   Monthly Climatological Summary for Sep. 2020

Name: Eric Olthwaite   City: Gooseberry Hill   State: Western Australia
Elevation: 245 m  Lat: S 31° 57' 32"   Lon: E 116° 02' 48"

                  Temperature (°C), Rain (mm), Wind Speed (km/h)

                                      Heat  Cool        Avg
    Mean                              Deg   Deg         Wind                 Dom
Day Temp  High   Time   Low    Time   Days  Days  Rain  Speed High   Time    Dir
----------------------------------------------------------------------------------
01  11.8  16.0   13:34   9.4   09:17   6.5   0.0   8.8   3.9  32.2   10:43     W
02  12.6  16.8   11:16   9.2   06:43   5.7   0.0   0.6   2.1  25.7   10:15     W
03  15.2  19.1   11:52  12.8   09:00   3.1   0.0   0.0   1.9  22.5   14:00   WNW
04  14.6  19.9   15:38  10.1   06:36   3.8   0.1   0.2   1.3  14.5   13:43   WNW
05  16.4  21.6   13:32  14.1   23:48   2.3   0.4   0.0   2.5  20.9   05:01   NNW
06  13.8  18.4   14:43   9.8   05:41   4.5   0.0  36.2   3.9  32.2   14:08   WNW
07  12.3  17.9   14:46   9.6   02:53   6.0   0.0   0.8   1.9  25.7   14:51     W
08  14.5  18.9   14:25  11.9   23:47   3.8   0.0   0.0   4.6  29.0   04:15     E
09  16.6  24.2   12:07  11.7   06:32   2.6   0.8   4.2   3.4  29.0   01:46    NW
10  12.7  18.5   14:02   8.5   06:02   5.6   0.0   0.0   2.9  20.9   16:00    SE
11  13.2  19.4   15:34   9.0   06:23   5.1   0.0   0.0   3.1  14.5   09:19   SSE
12  14.4  21.2   14:57  10.9   03:43   4.1   0.2   0.0   3.3  20.9   05:44    SE
13  17.1  25.5   15:36  12.6   07:03   2.4   1.2   0.0   4.4  43.5   07:22   ESE
14  19.8  25.8   14:13  15.4   09:00   0.4   1.9   0.0   5.6  27.4   09:34   ESE
15  18.5  28.3   14:43  11.2   05:07   2.4   2.7   0.0   1.8  16.1   09:20   SSW
16  14.3  21.6   14:41   9.2   04:28   4.2   0.3   0.0   3.2  27.4   07:19    SE
17  13.1  20.6   15:37   7.1   05:46   5.3   0.1   0.0   5.7  38.6   10:55     E
18  15.3  23.6   14:53  11.2   00:11   3.7   0.7   6.6   2.0  22.5   09:19    NW
19  10.5  17.3   13:14   7.1   22:15   7.8   0.0  10.4   4.3  33.8   16:26     W
20  10.9  14.6   12:15   8.9   23:37   7.4   0.0   5.8   2.8  25.7   13:43   WSW
21  12.6  17.5   14:48  10.1   01:54   5.7   0.0   1.2   1.1  14.5   10:01   WSW
22  14.0  20.1   14:41  10.7   05:37   4.4   0.0   0.0   3.1  22.5   06:44   ESE
23  18.1  26.8   15:32  10.8   06:22   2.0   1.9   0.0   5.8  33.8   08:04   ESE
24  19.7  29.4   15:35  11.3   06:33   1.9   3.3   0.0   8.9  45.1   03:55   ESE
25  17.1  24.3   13:37  12.3   06:35   2.3   1.0   0.0   1.4  27.4   09:32     N
26  13.6  22.6   12:14   9.8   05:41   5.0   0.3   8.2   1.3  20.9   13:26   WNW
27  14.5  20.3   12:18  11.9   02:38   3.8   0.1   7.4   1.2  16.1   13:07    NW
28  13.2  18.6   12:29   9.5   04:52   5.1   0.0   2.2   1.1  17.7   14:01   WNW
29  15.3  18.4   12:26  13.2   05:49   3.0   0.0   0.6   1.7  20.9   14:16   WNW
30  16.4  20.6   16:00  14.6   04:32   2.0   0.1   0.0   1.6  14.5   14:17   WNW
----------------------------------------------------------------------------------
    14.7  29.4    24     7.1    17   121.9  15.1  93.2   3.1  45.1    24      SE

Max >=  30.0  0
Max <=  15.0  1
Min <=  12.0 23
Min <=   8.0  2
Max Rain: 36.2 on day 6
Days of Rain: 14 (>= 0.2 mm)  7 (>= 5.0 mm)  1 (>= 20.0 mm)
Heat Base: 18.3  Cool Base: 18.3  Method: Integration