NOAA style reports
Select a Year or Month report
V/Λ2021 > Jan Feb Mar Apr May Jun Jul Aug Sep Oct Nov Dec
V/Λ2020 > Jan Feb Mar Apr May Jun Jul Aug Sep Oct Nov Dec
V/Λ2019 > Jan Feb Mar Apr May Jun Jul Aug Sep Oct Nov Dec
V/Λ2018 > Jan Feb Mar Apr May Jun Jul Aug Sep Oct Nov Dec
V/Λ2017 > Jan Feb Mar Apr May Jun Jul Aug Sep Oct Nov Dec
V/Λ2016 > Jan Feb Mar Apr May Jun Jul Aug Sep Oct Nov Dec
V/Λ2015 > Jan Feb Mar Apr May Jun Jul Aug Sep Oct Nov Dec
                   Monthly Climatological Summary for Aug. 2020

Name: Eric Olthwaite   City: Gooseberry Hill   State: Western Australia
Elevation: 245 m  Lat: S 31° 57' 32"   Lon: E 116° 02' 48"

                  Temperature (°C), Rain (mm), Wind Speed (km/h)

                                      Heat  Cool        Avg
    Mean                              Deg   Deg         Wind                 Dom
Day Temp  High   Time   Low    Time   Days  Days  Rain  Speed High   Time    Dir
----------------------------------------------------------------------------------
01  12.6  18.3   15:32   9.6   06:18   5.7   0.0   0.0   2.2  20.9   09:19     E
02  11.1  18.4   14:45   6.3   04:12   7.2   0.0   3.4   1.7  16.1   22:39    SW
03   8.2  12.2   13:12   5.7   05:30  10.1   0.0  14.0   2.0  17.7   18:01     E
04  10.6  14.7   15:40   7.7   09:00   7.7   0.0   0.2   1.1  14.5   08:21    SW
05  12.5  19.6   14:29   7.7   06:43   5.8   0.1   0.0   3.9  17.7   09:06    SE
06  10.9  17.9   15:30   6.6   06:36   7.4   0.0   0.0   5.1  29.0   04:34     E
07  10.9  15.8   13:25   8.0   09:00   7.4   0.0   0.0   8.2  38.6   20:44     E
08  16.3  20.6   14:13  10.4   09:00   2.2   0.2   3.6   8.4  45.1   01:04     E
09  11.3  14.9   16:05   9.1   05:35   7.0   0.0  37.4   3.1  33.8   05:22   NNW
10  13.2  17.3   14:11  10.7   09:00   5.1   0.0   5.8   3.8  30.6   16:28     W
11  12.4  16.9   13:37  10.1   07:30   5.9   0.0   1.4   1.8  30.6   11:38   WSW
12  11.0  15.0   11:58   7.9   05:29   7.3   0.0   0.0   1.4  16.1   13:05   SSW
13  10.9  15.7   12:11   8.1   03:16   7.4   0.0   1.6   1.5  11.3   11:30   ENE
14  12.6  15.6   14:54  10.6   09:01   5.7   0.0   2.0   2.1  14.5   10:56    NE
15  14.5  21.0   13:22   9.5   08:57   4.1   0.3  14.0   3.7  32.2   21:13   NNW
16  10.1  11.9   08:59   9.2   03:36   8.2   0.0  14.8   2.7  24.1   15:26     W
17  11.9  15.0   13:04  10.4   03:43   6.4   0.0   7.6   3.1  30.6   13:54   WSW
18  10.5  15.4   14:40   7.1   05:30   7.8   0.0   0.8   1.7  25.7   14:04   SSW
19  11.9  17.4   14:01   8.8   05:44   6.4   0.0   0.0   1.8  11.3   12:27     S
20  12.7  19.0   13:49   9.1   07:08   5.6   0.0   0.0   2.8  14.5   16:16    SE
21  13.7  17.9   12:51  11.3   03:59   4.6   0.0   0.0   4.8  22.5   00:24     E
22  15.4  21.2   15:20  11.8   05:33   3.3   0.4   0.0   1.2  14.5   13:39    NW
23  12.5  18.7   12:36   9.2   02:19   5.8   0.0   0.4   2.5  17.7   11:43    SW
24  13.7  19.9   14:19  10.2   03:40   4.6   0.0   0.0   2.9  17.7   08:35   ESE
25  14.6  21.1   14:09  11.2   06:03   3.8   0.2   0.0   2.5  17.7   09:08   SSE
26  14.5  20.7   14:15  10.9   06:20   4.0   0.2   0.0   3.1  20.9   07:20    SE
27  19.3  25.8   14:58  14.7   09:00   0.6   1.5   0.0   4.9  25.7   23:58   ESE
28  14.8  24.4   11:25   9.6   07:11   4.2   0.7   1.8   3.5  25.7   23:37     W
29  11.6  17.4   14:54   7.1   06:32   6.7   0.0   0.0   3.7  24.1   08:00    SE
30  14.6  21.0   15:45   9.1   07:03   3.9   0.2   0.0   4.6  30.6   10:13     E
31  14.4  20.2   11:34   8.5   08:12   4.1   0.2  20.4   3.8  25.7   06:03   WNW
----------------------------------------------------------------------------------
    12.7  25.8    27     5.7     3   176.0   4.0 129.2   3.2  45.1     8     ESE

Max >=  30.0  0
Max <=  15.0  6
Min <=  12.0 30
Min <=   8.0  9
Max Rain: 37.4 on day 9
Days of Rain: 16 (>= 0.2 mm)  7 (>= 5.0 mm)  2 (>= 20.0 mm)
Heat Base: 18.3  Cool Base: 18.3  Method: Integration