NOAA style reports
Select a Year or Month report
V/Λ2021 > Jan Feb Mar Apr May Jun Jul Aug Sep Oct Nov Dec
V/Λ2020 > Jan Feb Mar Apr May Jun Jul Aug Sep Oct Nov Dec
V/Λ2019 > Jan Feb Mar Apr May Jun Jul Aug Sep Oct Nov Dec
V/Λ2018 > Jan Feb Mar Apr May Jun Jul Aug Sep Oct Nov Dec
V/Λ2017 > Jan Feb Mar Apr May Jun Jul Aug Sep Oct Nov Dec
V/Λ2016 > Jan Feb Mar Apr May Jun Jul Aug Sep Oct Nov Dec
V/Λ2015 > Jan Feb Mar Apr May Jun Jul Aug Sep Oct Nov Dec
                   Monthly Climatological Summary for Jul. 2020

Name: Eric Olthwaite   City: Gooseberry Hill   State: Western Australia
Elevation: 245 m  Lat: S 31° 57' 32"   Lon: E 116° 02' 48"

                  Temperature (°C), Rain (mm), Wind Speed (km/h)

                                      Heat  Cool        Avg
    Mean                              Deg   Deg         Wind                 Dom
Day Temp  High   Time   Low    Time   Days  Days  Rain  Speed High   Time    Dir
----------------------------------------------------------------------------------
01  10.8  15.8   12:52   7.5   07:12   7.5   0.0   0.0   2.3  14.5   12:53   SSE
02  11.4  16.9   14:42   9.1   05:37   6.9   0.0   0.0   4.8  29.0   02:12     E
03  13.9  18.1   13:42  10.5   09:00   4.4   0.0   0.0   7.7  32.2   21:02     E
04  16.1  20.0   13:26  13.2   09:00   2.4   0.2   0.0   6.2  27.4   22:52     E
05  15.9  21.7   14:57  11.8   06:00   2.9   0.6   5.0   1.7  16.1   19:06    NE
06  13.0  18.0   13:27  11.1   03:33   5.3   0.0   6.0   3.0  30.6   12:37   WNW
07  12.1  16.2   14:40   8.8   07:42   6.2   0.0   4.6   1.7  19.3   12:40     W
08  10.8  15.0   11:35   7.6   07:31   7.5   0.0   0.0   2.2  11.3   07:32    SE
09  10.8  16.3   14:48   6.4   07:36   7.5   0.0   0.0   3.1  20.9   04:02   ESE
10   9.5  14.9   14:50   6.6   07:10   8.8   0.0   0.0   7.3  38.6   07:31     E
11  11.4  16.1   14:56   7.9   09:00   6.9   0.0   0.0   7.5  32.2   09:47     E
12  15.4  20.5   14:45  11.0   09:00   3.1   0.2   2.8   2.2  20.9   09:48     N
13  13.9  17.1   14:31   9.6   07:56   4.4   0.0  25.4   3.1  25.7   01:22    NW
14  11.7  15.7   13:17   9.3   23:04   6.6   0.0   1.0   2.1  27.4   11:04   WNW
15  13.7  16.7   12:55  12.3   08:28   4.6   0.0   0.6   1.9  20.9   08:29     N
16  13.2  18.3   11:13   9.9   07:23   5.1   0.0  16.6   1.8  19.3   12:13   WNW
17   9.0  13.1   15:13   5.7   05:51   9.4   0.0   2.2   1.9  17.7   09:16     S
18  10.9  16.9   13:39   7.3   07:41   7.4   0.0   1.4   2.0  12.9   13:44   SSE
19  10.3  14.4   15:34   7.7   07:23   8.0   0.0   0.0   2.6  19.3   08:34   ESE
20  11.9  17.6   13:58   8.9   06:52   6.4   0.0   0.0   6.1  27.4   06:48     E
21  15.2  19.1   13:35  10.8   07:12   3.1   0.0   0.0   3.8  17.7   20:12     E
22  16.4  22.7   14:41  12.6   06:39   2.7   0.8   3.4   3.0  24.1   22:40   WNW
23  12.0  17.3   13:03   8.4   06:48   6.3   0.0   0.2   3.4  22.5   10:58   SSE
24  13.0  17.6   15:07   9.2   09:00   5.3   0.0   0.0   5.5  29.0   09:40     E
25  16.3  20.7   14:24  13.4   09:00   2.3   0.2   1.8   2.7  27.4   15:15   NNW
26  16.7  19.4   13:22  14.6   09:00   1.7   0.1   1.2   4.4  22.5   09:29     E
27  15.7  23.5   12:59  10.9   05:17   3.5   0.9  14.6   2.7  30.6   13:50    NW
28  13.8  18.1   13:12  10.7   06:51   4.5   0.0   0.0   1.3  11.3   11:39    NE
29  14.1  20.6   14:19  10.5   05:24   4.4   0.2   0.0   2.9  16.1   05:24     E
30  14.3  19.9   13:47  10.7   06:54   4.1   0.1   0.0   1.8  14.5   09:22     S
31  12.9  19.2   14:27   8.9   07:42   5.4   0.0   0.0   2.7  17.7   07:13    SE
----------------------------------------------------------------------------------
    13.1  23.5    27     5.7    17   164.6   3.3  86.8   3.4  38.6    10       E

Max >=  30.0  0
Max <=  15.0  4
Min <=  12.0 26
Min <=   8.0  8
Max Rain: 25.4 on day 13
Days of Rain: 15 (>= 0.2 mm)  5 (>= 5.0 mm)  1 (>= 20.0 mm)
Heat Base: 18.3  Cool Base: 18.3  Method: Integration