NOAA style reports
Select a Year or Month report
V/Λ2021 > Jan Feb Mar Apr May Jun Jul Aug Sep Oct Nov Dec
V/Λ2020 > Jan Feb Mar Apr May Jun Jul Aug Sep Oct Nov Dec
V/Λ2019 > Jan Feb Mar Apr May Jun Jul Aug Sep Oct Nov Dec
V/Λ2018 > Jan Feb Mar Apr May Jun Jul Aug Sep Oct Nov Dec
V/Λ2017 > Jan Feb Mar Apr May Jun Jul Aug Sep Oct Nov Dec
V/Λ2016 > Jan Feb Mar Apr May Jun Jul Aug Sep Oct Nov Dec
V/Λ2015 > Jan Feb Mar Apr May Jun Jul Aug Sep Oct Nov Dec
                   Monthly Climatological Summary for Jun. 2020

Name: Eric Olthwaite   City: Gooseberry Hill   State: Western Australia
Elevation: 245 m  Lat: S 31° 57' 32"   Lon: E 116° 02' 48"

                  Temperature (°C), Rain (mm), Wind Speed (km/h)

                                      Heat  Cool        Avg
    Mean                              Deg   Deg         Wind                 Dom
Day Temp  High   Time   Low    Time   Days  Days  Rain  Speed High   Time    Dir
----------------------------------------------------------------------------------
01  13.9  18.4   13:45  11.4   05:09   4.4   0.0   0.0   3.7  25.7   08:40     E
02  15.2  18.7   13:55  12.4   09:13   3.1   0.0   0.0   4.7  25.7   04:20     E
03  17.9  22.9   13:35  14.8   09:06   1.2   0.8   0.0   3.3  16.1   09:03     E
04  18.3  24.1   13:52  13.3   07:24   1.3   1.3   0.0   4.5  24.1   03:13   ESE
05  18.5  22.4   14:28  15.0   09:00   0.5   0.8   0.0   7.3  30.6   04:33     E
06  18.8  23.2   13:00  15.0   07:08   0.7   1.2   0.0   1.8  16.1   09:12   ENE
07  16.5  19.9   16:02  13.8   07:43   2.0   0.1   0.0   4.5  22.5   04:39     E
08  16.9  22.6   14:04  14.4   00:33   2.1   0.8   0.0   3.9  24.1   07:08     E
09  17.9  23.7   14:12  15.7   09:03   1.3   0.9   0.0   4.6  25.7   04:15     E
10  18.5  24.3   14:12  14.8   05:48   0.7   0.8   9.6   2.2  19.3   09:21   NNE
11  15.8  19.4   14:50  13.2   08:54   2.5   0.0   8.8   2.4  20.9   14:26   WNW
12  12.0  16.7   14:18   8.9   03:38   6.2   0.0   1.6   1.8  27.4   15:33   SSW
13  13.2  17.3   13:01  11.3   05:12   5.1   0.0   3.8   0.9  19.3   12:51   WNW
14  14.6  18.7   14:02  12.5   02:41   3.7   0.0   0.0   0.9  17.7   13:09     W
15  14.3  17.7   15:16  11.9   21:31   4.0   0.0   0.0   1.7  14.5   07:38   ENE
16  16.0  20.4   14:46  13.8   18:04   2.5   0.2   0.0   3.0  33.8   08:31   NNE
17  14.6  20.6   12:22   9.3   08:20   4.0   0.3  14.6   4.0  35.4   13:16   WNW
18  11.0  15.6   14:52   8.7   07:29   7.3   0.0   3.4   2.3  19.3   12:11     S
19  10.6  16.6   13:11   6.4   06:21   7.7   0.0   0.0   3.2  20.9   08:29   ESE
20  12.4  17.3   14:10   8.2   09:00   5.9   0.0   0.0   6.9  29.0   23:28     E
21  16.8  21.4   14:31  11.3   09:00   1.9   0.4   0.0   4.9  25.7   20:54     E
22  15.3  21.0   13:10  12.0   02:12   3.2   0.2  10.8   3.5  27.4   22:26   NNW
23  13.5  18.3   14:40  10.3   04:52   4.8   0.0   2.2   2.1  32.2   14:50     W
24  12.2  17.7   15:05   8.7   03:28   6.1   0.0   0.0   2.0  16.1   08:33   ESE
25  14.4  19.7   14:37  10.3   09:15   3.9   0.1   0.0   2.2  20.9   09:51   ENE
26  15.1  20.1   14:30  12.6   09:00   3.3   0.1   8.0   1.9  17.7   12:35   NNW
27  14.8  18.8   12:21  13.4   05:40   3.5   0.0  17.4   2.1  16.1   03:25     N
28  13.8  15.2   10:56  11.7   08:27   4.5   0.0  54.4   4.3  33.8   22:27   WNW
29  13.0  16.4   13:49  11.8   06:31   5.3   0.0   3.2   3.1  30.6   10:21     W
30  12.9  16.6   13:16  10.2   06:39   5.4   0.0   5.0   3.2  30.6   13:28     W
----------------------------------------------------------------------------------
    15.0  24.3    10     6.4    19   108.1   8.0 142.8   3.2  35.4    17     ENE

Max >=  30.0  0
Max <=  15.0  0
Min <=  12.0 16
Min <=   8.0  1
Max Rain: 54.4 on day 28
Days of Rain: 13 (>= 0.2 mm)  8 (>= 5.0 mm)  1 (>= 20.0 mm)
Heat Base: 18.3  Cool Base: 18.3  Method: Integration