NOAA style reports
Select a Year or Month report
V/Λ2021 > Jan Feb Mar Apr May Jun Jul Aug Sep Oct Nov Dec
V/Λ2020 > Jan Feb Mar Apr May Jun Jul Aug Sep Oct Nov Dec
V/Λ2019 > Jan Feb Mar Apr May Jun Jul Aug Sep Oct Nov Dec
V/Λ2018 > Jan Feb Mar Apr May Jun Jul Aug Sep Oct Nov Dec
V/Λ2017 > Jan Feb Mar Apr May Jun Jul Aug Sep Oct Nov Dec
V/Λ2016 > Jan Feb Mar Apr May Jun Jul Aug Sep Oct Nov Dec
V/Λ2015 > Jan Feb Mar Apr May Jun Jul Aug Sep Oct Nov Dec
                   Monthly Climatological Summary for May 2020

Name: Eric Olthwaite   City: Gooseberry Hill   State: Western Australia
Elevation: 245 m  Lat: S 31° 57' 32"   Lon: E 116° 02' 48"

                  Temperature (°C), Rain (mm), Wind Speed (km/h)

                                      Heat  Cool        Avg
    Mean                              Deg   Deg         Wind                 Dom
Day Temp  High   Time   Low    Time   Days  Days  Rain  Speed High   Time    Dir
----------------------------------------------------------------------------------
01  17.1  23.4   14:25  13.8   07:11   2.1   0.9   0.0   5.6  24.1   12:28     E
02  21.0  27.6   15:26  16.7   09:00   0.0   2.7   0.0   3.8  24.1   00:18   ENE
03  21.2  29.0   13:06  17.9   07:06   0.0   2.9   0.6   1.7  19.3   14:26   NNW
04  16.7  22.3   12:23  14.3   06:20   2.0   0.4  15.2   1.5  24.1   12:51   NNW
05  14.8  21.1   12:56   9.4   04:33   3.8   0.3  11.2   6.4  43.5   20:19   WNW
06  10.7  15.0   14:00   8.8   03:48   7.6   0.0   4.0   2.2  25.7   09:57     W
07  13.2  16.3   15:17  10.6   07:33   5.1   0.0   8.0   0.8  12.9   02:20   WNW
08  12.4  18.4   15:15   8.7   06:30   5.9   0.0   0.0   2.1  17.7   08:25    SE
09  13.2  19.7   14:54   9.8   06:19   5.1   0.0   0.0   3.5  25.7   07:52     E
10  15.6  23.7   14:03  10.5   06:07   3.6   0.9   0.0   1.8  19.3   09:09    SE
11  16.3  22.9   14:30  13.0   01:40   2.7   0.7   0.0   2.9  27.4   08:49   ESE
12  16.0  21.4   14:48  13.2   04:52   2.7   0.4   0.0   5.5  32.2   04:09     E
13  19.5  26.8   14:40  14.1   06:48   0.6   1.8   0.0   2.5  24.1   09:28     E
14  19.8  26.7   14:22  15.7   04:05   0.5   1.9   0.0   1.5  11.3   12:14    NE
15  17.0  24.1   14:32  11.9   04:17   2.4   1.1   0.0   2.6  25.7   05:10   SSE
16  15.2  20.1   15:13  10.9   07:15   3.3   0.2   0.0   4.5  30.6   10:08   ESE
17  14.7  21.7   14:16  10.7   07:10   4.0   0.5   0.0   2.1  17.7   09:08   SSE
18  12.3  19.3   14:30   7.5   07:09   6.0   0.0   0.0   2.3  16.1   07:48   SSE
19  12.8  18.7   14:49   9.1   07:24   5.5   0.0   0.0   2.5  17.7   10:05   ESE
20  12.9  19.6   14:14   8.9   07:21   5.4   0.1   0.0   2.5  19.3   07:34   ESE
21  14.3  20.6   14:44  10.8   03:33   4.2   0.2   0.0   3.8  24.1   09:50     E
22  16.6  22.8   14:07  12.8   09:00   2.5   0.8   0.0   4.6  24.1   04:01     E
23  20.3  25.9   14:08  15.3   09:00   0.1   2.1   0.0   5.2  35.4   03:32     E
24  13.9  19.9   10:56  11.1   17:36   4.5   0.1  23.0   6.1  45.1   15:16     N
25  10.2  14.0   11:02   8.4   01:58   8.1   0.0   7.8   2.7  32.2   15:33   WSW
26  12.6  16.4   13:10  10.8   06:53   5.7   0.0   0.4   1.0  14.5   08:01     N
27  13.7  19.3   13:40  11.3   01:45   4.6   0.0   6.0   1.6  17.7   13:37   NNW
28  14.2  18.0   14:36  12.7   07:39   4.1   0.0  22.8   2.9  27.4   13:55   NNW
29  12.0  17.9   11:55   8.6   06:44   6.3   0.0  17.6   3.0  32.2   12:02     W
30  12.8  16.3   12:28  10.7   09:02   5.5   0.0   5.4   1.3  17.7   15:42   WNW
31  13.9  17.2   15:32  11.8   03:08   4.4   0.0   3.0   1.2  19.3   12:18     S
----------------------------------------------------------------------------------
    15.1  29.0     3     7.5    18   118.3  18.0 125.0   3.0  45.1    24       E

Max >=  30.0  0
Max <=  15.0  2
Min <=  12.0 20
Min <=   8.0  1
Max Rain: 23.0 on day 24
Days of Rain: 13 (>= 0.2 mm)  9 (>= 5.0 mm)  2 (>= 20.0 mm)
Heat Base: 18.3  Cool Base: 18.3  Method: Integration