NOAA style reports
Select a Year or Month report
V/Λ2021 > Jan Feb Mar Apr May Jun Jul Aug Sep Oct Nov Dec
V/Λ2020 > Jan Feb Mar Apr May Jun Jul Aug Sep Oct Nov Dec
V/Λ2019 > Jan Feb Mar Apr May Jun Jul Aug Sep Oct Nov Dec
V/Λ2018 > Jan Feb Mar Apr May Jun Jul Aug Sep Oct Nov Dec
V/Λ2017 > Jan Feb Mar Apr May Jun Jul Aug Sep Oct Nov Dec
V/Λ2016 > Jan Feb Mar Apr May Jun Jul Aug Sep Oct Nov Dec
V/Λ2015 > Jan Feb Mar Apr May Jun Jul Aug Sep Oct Nov Dec
                   Monthly Climatological Summary for Apr. 2020

Name: Eric Olthwaite   City: Gooseberry Hill   State: Western Australia
Elevation: 245 m  Lat: S 31° 57' 32"   Lon: E 116° 02' 48"

                  Temperature (°C), Rain (mm), Wind Speed (km/h)

                                      Heat  Cool        Avg
    Mean                              Deg   Deg         Wind                 Dom
Day Temp  High   Time   Low    Time   Days  Days  Rain  Speed High   Time    Dir
----------------------------------------------------------------------------------
01  20.3  28.5   12:41  16.5   05:51   0.5   2.4   0.0   1.5  20.9   09:58   WNW
02  17.3  24.7   13:38  11.1   07:06   2.4   1.4   0.0   2.2  17.7   14:21   SSW
03  16.7  25.9   15:43  11.2   06:26   2.7   1.1   0.0   3.4  33.8   08:46   ESE
04  18.7  23.7   13:51  13.6   07:12   0.9   1.3   1.4   4.2  25.7   09:12     E
05  19.7  24.2   16:04  16.7   09:00   0.1   1.5   0.0   5.5  30.6   19:13   ESE
06  23.7  31.0   14:57  17.9   06:27   0.0   5.4   0.0   6.3  32.2   21:23     E
07  25.3  34.0   14:07  20.3   22:17   0.0   7.0   0.0   3.2  29.0   09:03     E
08  24.4  33.1   12:14  19.8   23:41   0.0   6.1   0.0   1.7  16.1   10:45     N
09  26.5  35.1   12:52  21.3   06:43   0.0   8.2   0.0   3.0  24.1   02:33   ESE
10  27.8  35.7   13:58  20.3   06:40   0.0   9.5   0.0   3.3  27.4   08:56     E
11  26.5  38.4   14:30  20.8   04:22   0.0   8.2   0.0   1.4  19.3   09:08   NNE
12  20.3  24.9   12:01  16.5   06:12   0.3   2.3   0.0   0.8  14.5   15:21   WNW
13  19.6  26.2   13:39  14.9   06:18   0.8   2.1   0.0   1.4  12.9   15:08   SSW
14  18.8  24.7   12:45  14.4   06:28   1.0   1.5   0.0   1.2  16.1   12:24     W
15  17.4  23.7   13:27  13.1   07:28   1.9   1.1   0.0   2.1  17.7   08:49    SW
16  18.9  25.2   15:52  15.4   06:54   0.8   1.5   0.0   2.5  19.3   05:27   ESE
17  20.6  28.1   13:51  16.6   05:30   0.2   2.6   0.0   1.2  19.3   09:17   ESE
18  17.2  21.6   09:29  15.3   23:39   1.4   0.4   8.4   0.9  24.1   05:06   WNW
19  15.4  21.6   11:44  11.2   05:55   3.3   0.4   0.0   1.5  22.5   11:45     W
20  17.8  23.1   14:05  14.6   07:07   1.3   0.8   1.4   2.3  25.7   11:42   WNW
21  18.0  24.2   14:45  14.7   06:29   1.5   1.2   0.0   1.1  16.1   13:53    NW
22  17.9  22.7   12:23  15.1   04:26   1.2   0.8   1.4   1.3  32.2   15:23   WNW
23  18.4  25.2   14:19  14.9   05:21   1.2   1.3   0.2   1.3  12.9   14:00     S
24  18.2  21.2   14:39  15.9   07:00   0.8   0.7   1.0   0.7  12.9   11:37   WNW
25  17.1  23.2   14:27  13.5   06:51   1.9   0.7   6.0   1.5  17.7   08:58    SE
26  18.8  26.4   14:27  15.2   01:19   1.2   1.7   0.0   1.5  16.1   09:09   ESE
27  17.1  23.6   12:19  12.9   07:10   2.2   1.0   0.6   1.4  16.1   15:31   WSW
28  14.3  21.6   14:16   8.8   07:00   4.4   0.4   0.0   2.6  24.1   03:27    SE
29  14.2  21.4   13:52   8.6   07:00   4.5   0.4   0.0   3.9  25.7   09:57     E
30  14.9  20.7   15:22  10.3   07:09   3.6   0.2   0.0   5.2  30.6   07:51     E
----------------------------------------------------------------------------------
    19.4  38.4    11     8.6    29    40.1  73.2  20.4   2.3  33.8     3     ESE

Max >=  30.0  6
Max <=  15.0  0
Min <=  12.0  6
Min <=   8.0  0
Max Rain: 8.4 on day 18
Days of Rain: 8 (>= 0.2 mm)  2 (>= 5.0 mm)  0 (>= 20.0 mm)
Heat Base: 18.3  Cool Base: 18.3  Method: Integration