NOAA style reports
Select a Year or Month report
V/Λ2021 > Jan Feb Mar Apr May Jun Jul Aug Sep Oct Nov Dec
V/Λ2020 > Jan Feb Mar Apr May Jun Jul Aug Sep Oct Nov Dec
V/Λ2019 > Jan Feb Mar Apr May Jun Jul Aug Sep Oct Nov Dec
V/Λ2018 > Jan Feb Mar Apr May Jun Jul Aug Sep Oct Nov Dec
V/Λ2017 > Jan Feb Mar Apr May Jun Jul Aug Sep Oct Nov Dec
V/Λ2016 > Jan Feb Mar Apr May Jun Jul Aug Sep Oct Nov Dec
V/Λ2015 > Jan Feb Mar Apr May Jun Jul Aug Sep Oct Nov Dec
                   Monthly Climatological Summary for Mar. 2020

Name: Eric Olthwaite   City: Gooseberry Hill   State: Western Australia
Elevation: 245 m  Lat: S 31° 57' 32"   Lon: E 116° 02' 48"

                  Temperature (°C), Rain (mm), Wind Speed (km/h)

                                      Heat  Cool        Avg
    Mean                              Deg   Deg         Wind                 Dom
Day Temp  High   Time   Low    Time   Days  Days  Rain  Speed High   Time    Dir
----------------------------------------------------------------------------------
01  19.9  27.4   16:20  13.9   06:08   1.3   3.0   0.0   6.3  41.8   22:06   ESE
02  21.5  28.9   15:13  15.5   06:38   0.3   3.6   0.0   5.6  40.2   10:14     E
03  25.0  34.2   15:30  19.8   05:55   0.0   6.6   0.0   3.0  24.1   10:01     E
04  25.0  34.6   15:22  18.1   03:33   0.0   6.7   0.0   1.9  16.1   15:10     E
05  23.9  33.6   14:30  17.8   06:12   0.0   5.6   0.0   1.4  12.9   10:42   WNW
06  21.1  26.2   13:26  18.3   06:23   0.0   2.8   0.0   1.7  25.7   13:26   WNW
07  20.6  27.2   14:15  17.1   05:56   0.1   2.2   0.0   1.1  14.5   10:27     W
08  24.9  33.3   15:26  19.9   06:25   0.0   6.6   0.0   3.7  33.8   00:15   ESE
09  25.8  36.3   15:36  18.4   06:22   0.0   7.5   0.0   3.4  25.7   13:45   ESE
10  26.3  36.2   15:10  17.8   06:24   0.0   8.0   0.0   3.1  22.5   04:37   ESE
11  25.0  36.7   14:19  17.5   05:57   0.0   6.7   0.0   1.7  25.7   09:48   SSW
12  23.8  33.6   14:19  17.2   06:01   0.1   5.6   0.0   5.1  41.8   04:23   ESE
13  25.4  32.9   15:19  20.8   05:29   0.0   7.1   0.0   6.1  37.0   03:19   ESE
14  22.2  29.2   14:15  18.6   05:17   0.0   3.9   9.6   2.7  30.6   09:19     E
15  20.6  25.3   11:45  17.6   06:30   0.0   2.4   0.2   1.3  17.7   13:01   WNW
16  20.9  27.7   14:33  16.4   06:26   0.3   2.9   1.6   1.3  20.9   14:48   WNW
17  16.2  23.3   12:10  12.8   06:50   2.6   0.6  16.0   2.1  24.1   12:52   WNW
18  16.9  24.2   14:18  12.4   06:36   2.4   1.0   0.0   2.6  19.3   08:20     S
19  19.6  25.3   14:14  14.6   09:11   0.2   1.5   0.0   2.8  22.5   10:26   ESE
20  22.6  32.2   14:57  18.4   01:30   0.0   4.3   0.0   2.5  25.7   08:42     E
21  22.7  31.8   14:38  16.8   06:18   0.3   4.7   0.0   5.7  37.0   03:00   ESE
22  23.3  31.9   15:28  17.0   06:19   0.2   5.2   0.0   5.1  38.6   09:02   ESE
23  24.6  33.4   15:49  19.0   06:34   0.0   6.3   0.0   4.4  25.7   03:04     E
24  26.2  34.4   15:07  21.2   03:54   0.0   7.9   0.0   4.0  27.4   09:13     E
25  26.3  35.2   13:19  21.5   00:50   0.0   8.0   0.0   2.3  17.7   08:22   ENE
26  28.5  36.8   13:14  21.6   06:36   0.0  10.2   0.0   2.1  17.7   13:47   NNE
27  21.4  27.5   10:59  16.2   07:08   0.3   3.4   4.6   3.4  24.1   18:46   WNW
28  17.6  23.4   12:29  13.4   05:59   1.8   1.1   0.0   2.2  17.7   11:36   SSW
29  16.8  23.7   13:58  12.9   06:28   2.2   0.7   0.0   2.2  14.5   17:11   SSE
30  17.5  24.2   14:37  12.7   04:29   1.8   1.0   0.0   1.9  14.5   09:56   SSE
31  18.8  26.7   14:21  14.8   00:56   1.4   1.8   0.0   2.1  22.5   07:38    SE
----------------------------------------------------------------------------------
    22.3  36.8    26    12.4    18    15.3 138.9  32.0   3.0  41.8     1     ESE

Max >=  30.0 16
Max <=  15.0  0
Min <=  12.0  0
Min <=   8.0  0
Max Rain: 16.0 on day 17
Days of Rain: 5 (>= 0.2 mm)  2 (>= 5.0 mm)  0 (>= 20.0 mm)
Heat Base: 18.3  Cool Base: 18.3  Method: Integration