NOAA style reports
Select a Year or Month report
V/Λ2021 > Jan Feb Mar Apr May Jun Jul Aug Sep Oct Nov Dec
V/Λ2020 > Jan Feb Mar Apr May Jun Jul Aug Sep Oct Nov Dec
V/Λ2019 > Jan Feb Mar Apr May Jun Jul Aug Sep Oct Nov Dec
V/Λ2018 > Jan Feb Mar Apr May Jun Jul Aug Sep Oct Nov Dec
V/Λ2017 > Jan Feb Mar Apr May Jun Jul Aug Sep Oct Nov Dec
V/Λ2016 > Jan Feb Mar Apr May Jun Jul Aug Sep Oct Nov Dec
V/Λ2015 > Jan Feb Mar Apr May Jun Jul Aug Sep Oct Nov Dec
                   Monthly Climatological Summary for Feb. 2020

Name: Eric Olthwaite   City: Gooseberry Hill   State: Western Australia
Elevation: 245 m  Lat: S 31° 57' 32"   Lon: E 116° 02' 48"

                  Temperature (°C), Rain (mm), Wind Speed (km/h)

                                      Heat  Cool        Avg
    Mean                              Deg   Deg         Wind                 Dom
Day Temp  High   Time   Low    Time   Days  Days  Rain  Speed High   Time    Dir
----------------------------------------------------------------------------------
01  21.8  31.7   15:28  15.0   05:58   0.5   4.0   0.0   3.7  37.0   07:44   ESE
02  25.5  36.0   15:24  16.1   05:57   0.2   7.4   0.0   5.3  45.1   01:12   ESE
03  28.6  38.4   16:13  20.2   05:55   0.0  10.3   0.0   6.2  37.0   01:44   ESE
04  32.3  42.8   15:12  25.0   05:12   0.0  14.0   0.0   4.9  29.0   09:30     E
05  27.6  38.2   12:04  20.5   04:57   0.0   9.3   0.0   1.4  14.5   11:23   WNW
06  24.7  34.3   14:40  20.1   05:52   0.0   6.4   0.0   1.6  19.3   14:28   WNW
07  23.8  32.1   15:23  18.8   04:37   0.0   5.5   0.0   1.4  17.7   16:16   WNW
08  21.2  30.7   13:50  13.9   04:52   1.1   4.0   0.0   2.3  24.1   19:48   WSW
09  21.2  31.8   15:22  13.6   05:54   1.0   3.9   0.0   4.1  37.0   08:17   ESE
10  24.3  33.1   15:47  17.7   05:19   0.0   6.0   0.0   6.0  43.5   09:12   ESE
11  24.8  34.9   15:51  18.1   06:04   0.0   6.5   0.0   5.5  35.4   06:58     E
12  26.8  36.6   15:16  21.9   06:19   0.0   8.5   0.0   2.9  30.6   08:50   ESE
13  28.6  36.7   12:49  21.7   06:14   0.0  10.3   0.0   4.2  32.2   00:17   ESE
14  28.5  40.9   14:01  20.8   02:29   0.0  10.2   0.0   2.1  24.1   09:53     N
15  20.4  26.3   13:09  16.2   06:13   0.2   2.4   0.2   1.8  17.7   10:30   WNW
16  21.5  28.6   14:40  16.6   05:58   0.2   3.4   0.0   2.8  30.6   07:48     S
17  23.4  33.8   15:11  15.4   04:56   0.6   5.7   0.0   5.4  40.2   07:26   ESE
18  26.5  32.9   14:26  20.4   06:26   0.0   8.2   0.0   5.3  32.2   09:01   ESE
19  28.5  36.1   16:28  22.8   06:47   0.0  10.2   0.0   4.3  29.0   22:44     E
20  27.6  37.1   14:55  20.7   06:21   0.0   9.3   0.0   4.3  27.4   09:51     E
21  25.2  31.6   12:39  18.6   05:49   0.0   6.9   2.0   3.5  24.1   00:10     E
22  22.0  26.7   14:24  18.5   06:23   0.0   3.7   0.0   3.0  22.5   08:11     E
23  25.6  33.9   15:27  19.5   03:34   0.0   7.3   0.0   4.6  40.2   07:52   ESE
24  24.5  33.1   14:44  20.1   04:22   0.0   6.2   0.0   5.7  38.6   10:31   ESE
25  24.9  34.4   15:10  18.9   06:15   0.0   6.6   5.2   6.5  40.2   01:40   ESE
26  22.5  29.3   11:17  20.2   03:47   0.0   4.2   9.2   6.9  38.6   08:35   ESE
27  21.8  23.9   07:12  19.6   07:53   0.0   3.5  13.4   9.9  40.2   12:56     E
28  23.2  29.5   15:51  20.1   07:12   0.0   4.9   0.6   4.0  33.8   13:55     E
29  22.1  27.6   15:24  18.7   06:03   0.0   3.8   0.0   3.1  33.8   07:00     S
----------------------------------------------------------------------------------
    24.8  42.8     4    13.6     9     3.8 192.6  30.6   4.2  45.1     2     ESE

Max >=  30.0 22
Max <=  15.0  0
Min <=  12.0  0
Min <=   8.0  0
Max Rain: 13.4 on day 27
Days of Rain: 6 (>= 0.2 mm)  3 (>= 5.0 mm)  0 (>= 20.0 mm)
Heat Base: 18.3  Cool Base: 18.3  Method: Integration