NOAA style reports
Select a Year or Month report
V/Λ2021 > Jan Feb Mar Apr May Jun Jul Aug Sep Oct Nov Dec
V/Λ2020 > Jan Feb Mar Apr May Jun Jul Aug Sep Oct Nov Dec
V/Λ2019 > Jan Feb Mar Apr May Jun Jul Aug Sep Oct Nov Dec
V/Λ2018 > Jan Feb Mar Apr May Jun Jul Aug Sep Oct Nov Dec
V/Λ2017 > Jan Feb Mar Apr May Jun Jul Aug Sep Oct Nov Dec
V/Λ2016 > Jan Feb Mar Apr May Jun Jul Aug Sep Oct Nov Dec
V/Λ2015 > Jan Feb Mar Apr May Jun Jul Aug Sep Oct Nov Dec
                   Monthly Climatological Summary for Jan. 2020

Name: Eric Olthwaite   City: Gooseberry Hill   State: Western Australia
Elevation: 245 m  Lat: S 31° 57' 32"   Lon: E 116° 02' 48"

                  Temperature (°C), Rain (mm), Wind Speed (km/h)

                                      Heat  Cool        Avg
    Mean                              Deg   Deg         Wind                 Dom
Day Temp  High   Time   Low    Time   Days  Days  Rain  Speed High   Time    Dir
----------------------------------------------------------------------------------
01  22.8  33.2   14:40  15.0   04:55   0.7   5.2   0.0   1.9  22.5   15:30   WSW
02  17.7  24.3   16:45  11.7   04:15   2.2   1.6   1.8   2.3  19.3   11:00   WSW
03  16.6  23.3   14:35  10.6   05:25   2.7   1.0   0.0   3.1  38.6   08:00   SSE
04  20.3  28.7   16:20  15.1   05:42   0.7   2.7   0.0   3.4  29.0   01:13   ESE
05  26.6  35.8   15:16  20.3   00:28   0.0   8.2   0.0   2.0  17.7   14:29     E
06  26.1  35.5   15:00  19.4   05:21   0.0   7.8   0.0   2.5  22.5   06:32   ESE
07  24.1  33.9   14:14  17.5   05:28   0.0   5.8   0.0   1.7  17.7   14:27     W
08  22.2  30.7   12:21  15.3   05:37   0.5   4.4   0.0   1.9  24.1   16:24   WSW
09  21.4  29.4   13:14  14.1   05:37   0.8   3.9   0.0   4.3  43.5   04:37    SE
10  23.7  32.8   15:44  15.6   05:39   0.4   5.8   0.0   5.4  38.6   01:57   ESE
11  28.1  37.2   16:23  23.3   06:07   0.0   9.8   0.0   2.9  29.0   09:31     E
12  25.1  35.4   14:06  16.7   05:52   0.2   7.0   0.0   3.5  32.2   03:24   ESE
13  26.3  36.8   15:12  18.7   06:00   0.0   8.0   0.0   3.3  29.0   06:56   ESE
14  26.4  36.7   16:27  17.8   05:14   0.0   8.1   0.0   5.2  38.6   06:40   ESE
15  25.3  34.7   15:17  17.9   05:45   0.0   7.0   0.0   6.2  35.4   07:49   ESE
16  27.9  38.1   14:23  21.5   08:17   0.0   9.6   0.0   1.6  17.7   09:13   ESE
17  23.0  30.4   14:43  18.3   05:59   0.0   4.7   0.0   1.9  20.9   15:44   WSW
18  23.5  33.4   15:24  15.0   06:01   0.6   5.8   0.0   4.4  38.6   08:43   ESE
19  22.5  32.6   14:57  16.8   05:48   0.2   4.3   0.0   3.4  30.6   09:04   ESE
20  23.0  34.1   14:15  14.9   04:02   0.6   5.3   0.0   2.0  16.1   01:16   WSW
21  18.8  25.9   14:28  13.5   05:39   1.4   1.9   0.0   2.3  22.5   12:39   WSW
22  19.4  24.7   13:51  16.4   06:50   0.5   1.6   0.0   1.5  20.9   15:58   WSW
23  22.7  30.6   15:26  17.2   05:52   0.1   4.5   0.0   3.1  29.0   03:14    SE
24  24.6  34.1   15:38  18.1   06:10   0.0   6.3   0.0   2.7  25.7   06:33   ESE
25  26.0  35.3   14:52  19.4   06:00   0.0   7.7   0.0   3.1  30.6   04:11   ESE
26  28.7  38.7   14:59  21.2   05:52   0.0  10.4   0.0   3.2  25.7   01:26    SE
27  31.6  42.3   15:35  23.2   06:22   0.0  13.3   0.0   2.9  27.4   09:44   ESE
28  25.7  38.0   13:54  17.5   05:40   0.1   7.4   0.0   1.8  16.1   12:59     W
29  21.7  29.5   14:37  16.2   06:27   0.4   3.8   0.6   2.4  19.3   15:42     W
30  17.9  24.8   14:29  12.4   05:55   1.9   1.5   0.0   2.3  19.3   11:36    SW
31  18.5  25.8   14:08  13.2   05:34   1.6   1.8   0.0   3.1  24.1   06:45   SSE
----------------------------------------------------------------------------------
    23.5  42.3    27    10.6     3    15.6 176.2   2.4   3.0  43.5     9      SE

Max >=  30.0 22
Max <=  15.0  0
Min <=  12.0  2
Min <=   8.0  0
Max Rain: 1.8 on day 2
Days of Rain: 2 (>= 0.2 mm)  0 (>= 5.0 mm)  0 (>= 20.0 mm)
Heat Base: 18.3  Cool Base: 18.3  Method: Integration