NOAA style reports
Select a Year or Month report
V/Λ2021 > Jan Feb Mar Apr May Jun Jul Aug Sep Oct Nov Dec
V/Λ2020 > Jan Feb Mar Apr May Jun Jul Aug Sep Oct Nov Dec
V/Λ2019 > Jan Feb Mar Apr May Jun Jul Aug Sep Oct Nov Dec
V/Λ2018 > Jan Feb Mar Apr May Jun Jul Aug Sep Oct Nov Dec
V/Λ2017 > Jan Feb Mar Apr May Jun Jul Aug Sep Oct Nov Dec
V/Λ2016 > Jan Feb Mar Apr May Jun Jul Aug Sep Oct Nov Dec
V/Λ2015 > Jan Feb Mar Apr May Jun Jul Aug Sep Oct Nov Dec
                   Monthly Climatological Summary for Nov. 2019

Name: Eric Olthwaite   City: Gooseberry Hill   State: Western Australia
Elevation: 245 m  Lat: S 31° 57' 32"   Lon: E 116° 02' 48"

                  Temperature (°C), Rain (mm), Wind Speed (km/h)

                                      Heat  Cool        Avg
    Mean                              Deg   Deg         Wind                 Dom
Day Temp  High   Time   Low    Time   Days  Days  Rain  Speed High   Time    Dir
----------------------------------------------------------------------------------
01  12.4  17.4   15:32  10.1   01:25   5.9   0.0  17.4   2.4  37.0   10:06     W
02  14.8  21.1   15:34  10.5   05:23   3.7   0.2   0.0   1.4  19.3   16:16     W
03  15.3  22.2   14:33  10.6   04:58   3.3   0.3   0.0   2.0  20.9   08:14   SSE
04  17.6  28.3   13:41  10.0   05:15   3.0   2.3   0.0   1.4  16.1   09:02     W
05  17.8  26.6   14:23  11.0   04:51   2.7   2.2   0.0   2.2  19.3   08:40   SSE
06  18.5  27.9   13:50  12.6   05:38   1.8   2.0   0.0   3.4  29.0   07:16   ESE
07  20.6  30.8   15:04  12.4   05:45   1.1   3.4   0.0   4.3  38.6   07:23   ESE
08  24.4  32.8   14:38  18.5   06:50   0.0   6.1   0.0   5.5  32.2   08:43   ESE
09  25.9  39.6   14:00  17.7   04:58   0.0   7.6   0.0   2.9  29.0   11:00   NNE
10  18.6  25.4   14:21  13.4   06:35   1.4   1.8   0.0   3.3  27.4   07:44   ENE
11  20.6  31.1   15:49  11.6   05:18   1.7   4.0   0.0   5.9  41.8   01:58   ESE
12  22.2  30.4   15:02  14.3   05:33   0.6   4.5   0.0   6.5  41.8   09:08   ESE
13  27.9  37.7   15:28  22.5   05:51   0.0   9.6   0.0   3.5  24.1   09:00   ESE
14  28.4  39.2   13:51  18.1   05:50   0.0  10.1   0.0   4.0  30.6   00:24   ESE
15  27.9  39.2   15:20  17.2   05:30   0.1   9.7   0.0   5.3  32.2   05:52   ESE
16  26.2  41.4   14:25  17.6   06:13   0.1   7.9   0.0   1.4  24.1   09:19     N
17  22.9  31.7   14:16  17.5   01:14   0.1   4.7   0.0   2.2  19.3   05:00   NNW
18  23.6  33.9   13:00  16.4   05:22   0.2   5.5   0.0   1.3  17.7   09:45   ENE
19  18.0  26.6   11:41  12.4   08:26   2.1   1.8   2.2   2.6  25.7   07:41     W
20  15.2  22.6   15:03  10.3   03:27   3.6   0.5   0.2   2.5  22.5   14:00    SW
21  16.9  25.3   14:25  11.7   04:47   2.8   1.4   0.0   2.4  20.9   02:38   SSW
22  20.2  29.6   14:13  14.4   05:33   0.9   2.8   0.0   3.3  27.4   06:12   ESE
23  22.8  33.1   13:55  16.2   05:21   0.3   4.8   0.0   2.9  24.1   01:57   ESE
24  21.7  31.4   13:23  15.8   05:09   0.4   3.8   0.0   3.1  30.6   05:25   ESE
25  21.6  31.8   14:39  13.8   05:35   0.7   4.0   0.0   3.3  30.6   03:35   ESE
26  24.6  36.1   15:10  16.5   05:45   0.2   6.4   0.0   3.3  29.0   06:12   ESE
27  24.0  35.1   14:57  14.9   05:26   0.7   6.4   0.0   4.4  40.2   04:00   ESE
28  20.6  31.9   14:55  11.2   05:26   1.9   4.2   0.0   3.7  29.0   02:59   ESE
29  19.2  29.3   15:44  11.3   05:21   2.2   3.1   0.0   4.8  38.6   06:38   ESE
30  20.6  30.0   15:13  11.4   05:18   1.5   3.7   0.0   5.2  33.8   01:07     E
----------------------------------------------------------------------------------
    21.0  41.4    16    10.0     4    43.0 124.8  19.8   3.3  41.8    11     ESE

Max >=  30.0 18
Max <=  15.0  0
Min <=  12.0 11
Min <=   8.0  0
Max Rain: 17.4 on day 1
Days of Rain: 3 (>= 0.2 mm)  1 (>= 5.0 mm)  0 (>= 20.0 mm)
Heat Base: 18.3  Cool Base: 18.3  Method: Integration