NOAA style reports
Select a Year or Month report
V/Λ2021 > Jan Feb Mar Apr May Jun Jul Aug Sep Oct Nov Dec
V/Λ2020 > Jan Feb Mar Apr May Jun Jul Aug Sep Oct Nov Dec
V/Λ2019 > Jan Feb Mar Apr May Jun Jul Aug Sep Oct Nov Dec
V/Λ2018 > Jan Feb Mar Apr May Jun Jul Aug Sep Oct Nov Dec
V/Λ2017 > Jan Feb Mar Apr May Jun Jul Aug Sep Oct Nov Dec
V/Λ2016 > Jan Feb Mar Apr May Jun Jul Aug Sep Oct Nov Dec
V/Λ2015 > Jan Feb Mar Apr May Jun Jul Aug Sep Oct Nov Dec
                   Monthly Climatological Summary for Sep. 2019

Name: Eric Olthwaite   City: Gooseberry Hill   State: Western Australia
Elevation: 245 m  Lat: S 31° 57' 32"   Lon: E 116° 02' 48"

                  Temperature (°C), Rain (mm), Wind Speed (km/h)

                                      Heat  Cool        Avg
    Mean                              Deg   Deg         Wind                 Dom
Day Temp  High   Time   Low    Time   Days  Days  Rain  Speed High   Time    Dir
----------------------------------------------------------------------------------
01  12.0  16.1   11:30   9.5   23:50   6.3   0.0  21.4   2.5  37.0   12:30    NW
02  13.0  17.5   13:40   9.7   06:57   5.3   0.0   5.6   2.7  32.2   15:43   WNW
03  12.0  17.1   14:47   9.3   00:12   6.3   0.0   1.6   2.2  17.7   13:08     W
04  10.0  16.1   12:13   4.8   06:34   8.3   0.0   0.0   2.9  20.9   10:41     S
05  10.1  16.7   15:04   5.6   06:31   8.2   0.0   0.0   4.2  32.2   07:39   ESE
06  12.8  20.4   14:51   7.8   06:19   5.7   0.1   0.0   3.2  22.5   09:11   ESE
07  14.3  21.6   14:36   9.6   06:38   4.4   0.4   0.0   3.0  27.4   05:21    SE
08  19.0  26.4   15:44  14.2   09:00   0.9   1.6   0.0   4.9  29.0   06:42     E
09  21.8  32.3   15:54  13.8   01:54   0.9   4.4   0.0   3.0  19.3   09:28     E
10  18.8  28.4   13:22  13.6   05:22   1.7   2.1   0.0   2.3  19.3   14:08   WNW
11  17.7  23.7   14:33  14.1   06:06   1.7   1.1   0.0   2.0  14.5   11:55   NNW
12  18.4  25.2   13:24  14.5   04:14   1.6   1.6   0.0   2.2  17.7   13:57   SSE
13  19.5  26.6   13:46  14.3   05:49   0.9   2.1   0.0   1.8  14.5   14:11   WSW
14  17.1  23.9   15:24  12.4   06:34   2.3   1.2   0.0   1.8  12.9   06:09    SW
15  16.4  23.1   15:19  11.8   06:10   2.5   0.6   0.0   4.6  35.4   02:03   ESE
16  18.8  26.1   15:47  12.8   07:00   1.3   1.9   0.0   2.3  29.0   09:17     E
17  16.0  21.9   15:08  12.4   05:55   2.8   0.5   0.0   1.6  19.3   14:46   WNW
18  13.2  19.7   14:39   7.9   05:51   5.1   0.0  11.6   4.1  30.6   18:29     W
19   9.9  15.4   14:41   6.3   06:10   8.4   0.0   0.0   3.0  22.5   11:42     S
20  11.7  18.4   14:01   7.6   05:54   6.6   0.0   0.0   3.3  19.3   00:46    SE
21  12.4  19.3   14:56   7.7   05:52   5.9   0.0   0.0   3.7  20.9   08:34    SE
22  14.1  21.9   15:56   9.6   05:53   4.4   0.3   0.0   4.9  37.0   07:36   ESE
23  19.5  26.5   15:00  14.5   09:00   0.6   1.8   0.0   4.3  27.4   06:02     E
24  18.1  28.1   11:51  12.2   05:50   2.7   2.5   0.0   1.4  22.5   09:34    NW
25  16.1  22.3   13:15  12.1   06:17   2.8   0.6   0.0   1.6  20.9   12:20     W
26  15.0  22.3   13:34  11.1   03:02   3.6   0.4   0.0   2.9  24.1   08:44    SE
27  15.7  23.4   14:15  10.1   06:21   3.6   0.9   0.0   1.7  25.7   09:18   SSW
28  17.1  24.5   14:41  13.2   23:30   2.2   1.0   0.0   3.9  29.0   05:46   ESE
29  20.7  31.3   15:21  14.4   02:41   1.3   3.6   0.0   1.6  24.1   09:02     E
30  17.1  23.5   13:42  11.6   05:56   2.3   1.1   1.6   2.5  19.3   12:56     W
----------------------------------------------------------------------------------
    15.6  32.3     9     4.8     4   110.6  29.8  41.8   2.9  37.0     1      SE

Max >=  30.0  2
Max <=  15.0  0
Min <=  12.0 16
Min <=   8.0  7
Max Rain: 21.4 on day 1
Days of Rain: 5 (>= 0.2 mm)  3 (>= 5.0 mm)  1 (>= 20.0 mm)
Heat Base: 18.3  Cool Base: 18.3  Method: Integration