NOAA style reports
Select a Year or Month report
V/Λ2021 > Jan Feb Mar Apr May Jun Jul Aug Sep Oct Nov Dec
V/Λ2020 > Jan Feb Mar Apr May Jun Jul Aug Sep Oct Nov Dec
V/Λ2019 > Jan Feb Mar Apr May Jun Jul Aug Sep Oct Nov Dec
V/Λ2018 > Jan Feb Mar Apr May Jun Jul Aug Sep Oct Nov Dec
V/Λ2017 > Jan Feb Mar Apr May Jun Jul Aug Sep Oct Nov Dec
V/Λ2016 > Jan Feb Mar Apr May Jun Jul Aug Sep Oct Nov Dec
V/Λ2015 > Jan Feb Mar Apr May Jun Jul Aug Sep Oct Nov Dec
                   Monthly Climatological Summary for Aug. 2019

Name: Eric Olthwaite   City: Gooseberry Hill   State: Western Australia
Elevation: 245 m  Lat: S 31° 57' 32"   Lon: E 116° 02' 48"

                  Temperature (°C), Rain (mm), Wind Speed (km/h)

                                      Heat  Cool        Avg
    Mean                              Deg   Deg         Wind                 Dom
Day Temp  High   Time   Low    Time   Days  Days  Rain  Speed High   Time    Dir
----------------------------------------------------------------------------------
01  13.7  19.3   14:59  10.0   09:00   4.6   0.1   0.0   6.1  30.6   06:14     E
02  18.3  23.5   15:02  13.4   09:00   1.0   0.9   0.0   4.5  27.4   09:04     E
03  15.7  21.5   12:23  11.8   07:27   3.0   0.4   3.6   1.2  20.9   13:44    NW
04  13.9  16.0   12:37  11.9   05:53   4.4   0.0   2.2   0.9  16.1   14:41   NNW
05  11.2  16.7   11:15   8.1   07:18   7.1   0.0  30.4   2.5  14.5   10:20     E
06  10.5  16.1   14:52   6.4   06:44   7.8   0.0   0.2   2.2  14.5   14:58   SSE
07  10.6  14.8   14:38   8.0   01:01   7.7   0.0   0.0   2.3  12.9   16:04   SSE
08  10.7  14.9   14:31   6.8   07:05   7.6   0.0   0.2   2.1  16.1   06:35    SE
09  11.1  17.8   14:52   7.1   07:00   7.2   0.0   0.0   3.4  29.0   06:18     E
10  12.0  17.8   14:30   8.7   06:55   6.3   0.0   0.0   6.4  32.2   23:23   ESE
11  14.8  20.8   15:36  10.8   05:46   3.8   0.3   0.0   5.9  30.6   06:31     E
12  16.8  24.2   15:18  13.0   04:28   2.6   1.1   9.2   2.1  20.9   09:00   ENE
13  13.6  18.4   13:06  11.2   07:35   4.7   0.0  10.6   2.0  20.9   14:20     W
14  10.2  16.4   12:19   6.7   07:30   8.1   0.0   1.4   2.1  19.3   13:43     S
15  11.8  16.9   14:55   7.9   23:27   6.5   0.0   0.0   1.8  20.9   08:16   WNW
16  10.0  16.4   13:27   6.4   04:39   8.3   0.0  32.0   3.3  29.0   22:05   WNW
17  10.0  14.8   13:45   7.1   21:38   8.3   0.0   0.2   2.8  14.5   14:39   SSE
18  11.5  18.0   14:29   7.4   04:49   6.8   0.0   0.0   2.2  14.5   08:38   ESE
19  13.1  19.6   14:51  10.0   05:17   5.2   0.0   0.0   4.2  24.1   07:17     E
20  15.5  23.1   14:42  11.1   04:38   3.5   0.7   0.0   5.0  27.4   07:53     E
21  17.5  23.9   14:51  13.9   07:18   1.8   1.0   0.0   4.1  25.7   01:06   ENE
22  15.3  24.7   13:50   9.1   05:51   4.1   1.2  30.0   2.7  32.2   14:28    NW
23   9.0  14.0   11:20   5.7   05:54   9.3   0.0   3.0   2.9  22.5   08:32    SE
24  10.8  16.4   15:08   7.5   06:27   7.5   0.0   0.0   4.6  27.4   10:25   ESE
25  12.8  19.7   15:00   7.9   07:04   5.5   0.1   0.0   4.1  24.1   09:54   ESE
26  13.6  20.3   14:25   9.1   07:37   4.9   0.2   0.0   4.3  25.7   05:35   ESE
27  17.8  23.4   15:05  12.9   09:00   1.4   0.8   0.0   5.9  32.2   01:41     E
28  21.5  29.8   15:04  15.9   05:34   0.5   3.7   0.0   3.2  20.9   09:11   ENE
29  15.2  19.3   14:33  11.2   07:38   3.2   0.0  28.2   4.1  38.6   14:52    NW
30  13.1  16.9   14:47  10.8   02:41   5.2   0.0  13.8   3.6  25.7   23:48   WNW
31  13.9  17.8   11:32  11.4   06:10   4.4   0.0   0.0   3.0  24.1   14:14    NW
----------------------------------------------------------------------------------
    13.4  29.8    28     5.7    23   162.3  10.5 165.0   3.4  38.6    29       E

Max >=  30.0  0
Max <=  15.0  4
Min <=  12.0 26
Min <=   8.0 12
Max Rain: 32.0 on day 16
Days of Rain: 14 (>= 0.2 mm)  7 (>= 5.0 mm)  4 (>= 20.0 mm)
Heat Base: 18.3  Cool Base: 18.3  Method: Integration