NOAA style reports
Select a Year or Month report
V/Λ2021 > Jan Feb Mar Apr May Jun Jul Aug Sep Oct Nov Dec
V/Λ2020 > Jan Feb Mar Apr May Jun Jul Aug Sep Oct Nov Dec
V/Λ2019 > Jan Feb Mar Apr May Jun Jul Aug Sep Oct Nov Dec
V/Λ2018 > Jan Feb Mar Apr May Jun Jul Aug Sep Oct Nov Dec
V/Λ2017 > Jan Feb Mar Apr May Jun Jul Aug Sep Oct Nov Dec
V/Λ2016 > Jan Feb Mar Apr May Jun Jul Aug Sep Oct Nov Dec
V/Λ2015 > Jan Feb Mar Apr May Jun Jul Aug Sep Oct Nov Dec
                   Monthly Climatological Summary for Jul. 2019

Name: Eric Olthwaite   City: Gooseberry Hill   State: Western Australia
Elevation: 245 m  Lat: S 31° 57' 32"   Lon: E 116° 02' 48"

                  Temperature (°C), Rain (mm), Wind Speed (km/h)

                                      Heat  Cool        Avg
    Mean                              Deg   Deg         Wind                 Dom
Day Temp  High   Time   Low    Time   Days  Days  Rain  Speed High   Time    Dir
----------------------------------------------------------------------------------
01  13.1  18.5   14:40  10.3   07:25   5.2   0.0   0.0   2.2  11.3   12:04   ESE
02  13.6  20.1   14:28  10.3   07:40   4.7   0.0   0.0   3.8  20.9   05:53     E
03  16.8  19.8   14:11  11.6   09:00   1.7   0.1   0.0   5.1  29.0   04:07     E
04  10.3  17.9   09:22   7.2   07:44   8.0   0.0  42.0   1.3  17.7   10:11     W
05   8.5  11.7   14:37   6.3   05:31   9.8   0.0   3.8   0.6   9.7   10:11   NNW
06  11.5  15.2   16:02   8.7   09:08   6.8   0.0   1.4   1.5  17.7   16:04   NNE
07  12.3  18.1   14:20   8.7   06:38   6.0   0.0   0.0   2.3  19.3   12:10   ENE
08  13.3  18.6   13:13  10.2   04:01   5.0   0.0   0.2   1.2  16.1   15:17    SW
09  12.6  17.0   15:17  10.3   22:20   5.7   0.0   0.2   0.7  12.9   11:38   WNW
10  13.1  16.8   14:26  10.2   23:19   5.2   0.0   0.0   1.2  12.9   11:18    SE
11  11.4  18.0   14:26   7.3   06:51   5.9   0.0   0.0   2.7  14.5   07:26    SE
12  12.1  17.8   15:10   8.9   07:27   6.1   0.0   0.0   4.7  25.7   05:13     E
13  11.5  17.7   14:50   7.3   07:19   6.7   0.0   0.0   5.6  27.4   20:56     E
14  12.2  17.3   14:58   8.6   07:22   6.1   0.0   0.0   5.8  30.6   21:32     E
15  13.6  18.8   13:45  10.6   09:00   4.7   0.0   0.0   4.8  24.1   09:09     E
16  14.1  19.9   15:12  11.3   02:04   4.3   0.1   0.0   3.2  17.7   03:31     E
17  14.8  21.1   13:53  11.7   07:38   3.8   0.3   3.6   1.4  19.3   14:46    NW
18  14.3  18.2   13:33  11.5   06:59   4.0   0.0   4.2   1.1  19.3   02:53   NNW
19  11.3  16.8   13:27   7.4   06:42   7.0   0.0  23.4   2.8  38.6   18:58   WNW
20  12.5  15.0   13:39   9.7   09:00   5.8   0.0   5.2   1.9  22.5   12:01   WNW
21  13.3  17.2   13:19  10.2   07:29   5.0   0.0   3.4   3.0  25.7   14:39     W
22  11.4  15.7   12:20   8.8   04:22   6.9   0.0   0.0   1.4  12.9   14:46   SSE
23  13.2  18.1   15:01  10.6   06:55   5.1   0.0   0.0   2.5  14.5   04:59   ESE
24  14.1  19.9   14:14  10.9   06:59   4.2   0.1   0.8   1.4  16.1   14:53    NW
25  11.9  16.7   13:54   8.9   07:32   6.4   0.0   0.2   4.7  29.0   08:34   ESE
26  11.9  14.4   14:51   9.8   09:00   6.4   0.0   7.4   4.0  22.5   09:20     E
27  13.4  19.3   14:11   9.8   07:04   4.9   0.0   0.2   2.9  14.5   08:31    SE
28  12.2  17.9   14:34   8.5   07:08   6.1   0.0   0.0   3.6  27.4   08:39   ESE
29  11.4  15.7   15:20   9.1   09:00   6.9   0.0   0.0   7.1  29.0   09:21     E
30  15.8  21.3   15:09  12.3   09:00   2.9   0.4   0.0   4.4  24.1   07:11     E
31  14.1  21.4   14:43   8.3   06:32   4.6   0.4   0.0   3.1  20.9   07:11     E
----------------------------------------------------------------------------------
    12.8  21.4    31     6.3     5   171.9   1.4  96.0   3.0  38.6    19       E

Max >=  30.0  0
Max <=  15.0  3
Min <=  12.0 30
Min <=   8.0  5
Max Rain: 42.0 on day 4
Days of Rain: 14 (>= 0.2 mm)  4 (>= 5.0 mm)  2 (>= 20.0 mm)
Heat Base: 18.3  Cool Base: 18.3  Method: Integration