NOAA style reports
Select a Year or Month report
V/Λ2021 > Jan Feb Mar Apr May Jun Jul Aug Sep Oct Nov Dec
V/Λ2020 > Jan Feb Mar Apr May Jun Jul Aug Sep Oct Nov Dec
V/Λ2019 > Jan Feb Mar Apr May Jun Jul Aug Sep Oct Nov Dec
V/Λ2018 > Jan Feb Mar Apr May Jun Jul Aug Sep Oct Nov Dec
V/Λ2017 > Jan Feb Mar Apr May Jun Jul Aug Sep Oct Nov Dec
V/Λ2016 > Jan Feb Mar Apr May Jun Jul Aug Sep Oct Nov Dec
V/Λ2015 > Jan Feb Mar Apr May Jun Jul Aug Sep Oct Nov Dec
                   Monthly Climatological Summary for Jun. 2019

Name: Eric Olthwaite   City: Gooseberry Hill   State: Western Australia
Elevation: 245 m  Lat: S 31° 57' 32"   Lon: E 116° 02' 48"

                  Temperature (°C), Rain (mm), Wind Speed (km/h)

                                      Heat  Cool        Avg
    Mean                              Deg   Deg         Wind                 Dom
Day Temp  High   Time   Low    Time   Days  Days  Rain  Speed High   Time    Dir
----------------------------------------------------------------------------------
01  17.0  23.6   13:51  11.8   07:25   2.4   1.1   0.0   4.4  25.7   05:34     E
02  15.6  23.1   13:55   9.9   07:30   3.5   0.8   0.0   4.3  25.7   04:29     E
03  15.6  22.3   14:05  10.1   07:30   3.3   0.6   0.0   5.2  27.4   22:58     E
04  15.8  21.4   14:06  11.9   09:00   2.8   0.4   0.0   5.7  29.0   09:16     E
05  17.5  21.9   14:04  13.8   09:00   1.3   0.5   0.0   3.3  30.6   23:36   ENE
06  14.9  21.3   12:13   9.8   00:26   3.9   0.5  29.0   4.2  38.6   06:08   NNE
07  11.8  16.6   13:12   9.6   07:18   6.5   0.0   6.6   2.0  27.4   12:46    NW
08  10.8  17.2   13:03   7.6   04:26   7.5   0.0  23.6   2.6  29.0   04:09   WNW
09  13.0  14.8   15:57   9.3   09:00   5.3   0.0  15.4   5.3  32.2   22:54   WNW
10  10.2  16.3   12:11   7.8   21:04   8.1   0.0  15.8   3.4  33.8   12:25   WNW
11  10.6  14.4   15:15   8.6   09:00   7.7   0.0   7.4   0.6  11.3   09:17   WNW
12  11.2  15.7   15:49   8.6   04:05   7.1   0.0   1.4   1.0  12.9   13:06   WSW
13  12.0  16.9   14:06   8.7   05:29   6.3   0.0   3.2   1.1  12.9   14:35   ENE
14  11.9  14.8   15:25  10.1   01:50   6.4   0.0   8.4   0.7  11.3   12:41     W
15  12.9  17.2   12:59  10.3   07:21   5.4   0.0   0.0   1.2   8.0   10:24     W
16  12.6  17.2   14:56   9.8   05:47   5.7   0.0   0.0   2.1  17.7   15:00    SE
17  10.5  16.3   13:10   7.5   01:38   7.8   0.0   0.0   3.1  20.9   11:19   ESE
18  10.3  15.8   15:37   6.5   04:28   8.0   0.0   0.0   2.6  19.3   08:28   ESE
19  11.4  17.9   14:26   7.7   06:32   6.9   0.0   0.0   5.2  29.0   08:59     E
20  14.0  18.1   13:52   9.3   09:24   4.3   0.0   0.0   7.3  29.0   22:49     E
21  17.0  22.5   14:52  13.7   09:00   2.0   0.7   1.2   1.9  17.7   09:00   NNE
22  14.9  19.9   11:32  12.4   02:27   3.4   0.0  44.0   2.2  30.6   18:21     N
23  13.2  17.3   14:19  10.7   03:58   5.1   0.0   4.4   2.0  29.0   18:38   WNW
24  14.8  17.7   13:19  12.8   09:33   3.5   0.0   0.0   1.0  14.5   05:13   NNW
25  15.1  19.9   13:54  12.2   02:29   3.3   0.1   2.0   1.5  19.3   08:20     N
26  13.1  17.2   15:51  10.1   06:27   5.2   0.0  23.0   3.1  24.1   15:41   WNW
27   9.0  14.1   13:31   5.8   06:20   9.3   0.0   9.2   2.5  27.4   13:03   WSW
28   9.9  13.7   15:19   7.2   23:01   8.4   0.0   0.0   1.5  11.3   16:53    NE
29  11.9  15.9   13:51   9.8   02:44   6.4   0.0   1.4   1.9  16.1   13:35   NNW
30  11.9  12.8   08:58  11.1   09:24   6.4   0.0   4.4   1.0  14.5   11:50     N
----------------------------------------------------------------------------------
    13.0  23.6     1     5.8    27   163.2   4.7 200.4   2.8  38.6     6      NE

Max >=  30.0  0
Max <=  15.0  6
Min <=  12.0 25
Min <=   8.0  7
Max Rain: 44.0 on day 22
Days of Rain: 17 (>= 0.2 mm)  10 (>= 5.0 mm)  4 (>= 20.0 mm)
Heat Base: 18.3  Cool Base: 18.3  Method: Integration