NOAA style reports
Select a Year or Month report
V/Λ2021 > Jan Feb Mar Apr May Jun Jul Aug Sep Oct Nov Dec
V/Λ2020 > Jan Feb Mar Apr May Jun Jul Aug Sep Oct Nov Dec
V/Λ2019 > Jan Feb Mar Apr May Jun Jul Aug Sep Oct Nov Dec
V/Λ2018 > Jan Feb Mar Apr May Jun Jul Aug Sep Oct Nov Dec
V/Λ2017 > Jan Feb Mar Apr May Jun Jul Aug Sep Oct Nov Dec
V/Λ2016 > Jan Feb Mar Apr May Jun Jul Aug Sep Oct Nov Dec
V/Λ2015 > Jan Feb Mar Apr May Jun Jul Aug Sep Oct Nov Dec
                   Monthly Climatological Summary for May 2019

Name: Eric Olthwaite   City: Gooseberry Hill   State: Western Australia
Elevation: 245 m  Lat: S 31° 57' 32"   Lon: E 116° 02' 48"

                  Temperature (°C), Rain (mm), Wind Speed (km/h)

                                      Heat  Cool        Avg
    Mean                              Deg   Deg         Wind                 Dom
Day Temp  High   Time   Low    Time   Days  Days  Rain  Speed High   Time    Dir
----------------------------------------------------------------------------------
01  11.2  16.2   16:11   6.9   06:22   7.1   0.0   0.0   2.8  22.5   10:46   ESE
02  12.8  19.7   14:19   8.7   07:07   5.5   0.0   0.0   3.9  25.7   10:34     E
03  19.7  26.2   15:23  11.7   09:00   0.7   2.1   1.8   3.2  24.1   09:39   ENE
04  16.6  22.8   14:29  12.3   02:57   2.3   0.6   0.2   1.7  24.1   14:35    NW
05  16.8  21.0   10:35  13.1   06:14   1.9   0.3   7.2   2.7  19.3   00:04   WNW
06  14.2  20.2   15:03  10.4   05:50   4.2   0.0   0.0   2.0  17.7   10:59     S
07  15.5  21.1   13:38  12.7   03:42   3.0   0.2   0.0   1.4  12.9   11:58     S
08  14.5  22.1   15:23   8.7   05:08   4.3   0.5   0.0   2.0  24.1   08:55   ESE
09  14.6  21.7   14:51  10.7   07:06   4.1   0.4   0.0   3.5  29.0   06:10     E
10  16.5  23.1   15:52  12.3   06:36   2.5   0.8   0.0   4.4  24.1   09:14     E
11  17.6  23.4   14:55  13.7   09:01   1.6   0.9   0.0   2.9  19.3   09:26     E
12  16.7  24.1   12:26  12.3   06:40   2.7   1.1   0.0   1.8  14.5   13:23     S
13  15.7  22.3   15:19  11.7   07:21   3.0   0.5   0.0   2.1  19.3   04:18   ESE
14  19.9  27.2   14:32  14.0   09:00   0.3   1.9   0.0   3.8  22.5   09:38     E
15  19.2  28.1   13:02  15.1   06:51   1.2   2.0   0.2   1.0  17.7   14:56    NW
16  10.3  16.2   10:26   6.3   05:57   8.0   0.0   2.2   1.6  12.9   13:37   SSE
17  10.0  16.0   15:03   6.3   05:49   8.3   0.0   0.0   1.7  14.5   14:04    SE
18  10.7  17.4   15:11   7.8   03:06   7.6   0.0   0.0   2.5  17.7   06:19     E
19  15.1  20.1   14:27   9.4   09:00   3.3   0.1   3.8   1.6  17.7   23:01   NNE
20  14.7  20.3   14:11  11.6   01:46   3.6   0.1   0.0   1.5  19.3   14:03     W
21  14.3  20.4   13:33  10.8   06:56   4.0   0.0   0.0   1.2  11.3   16:30   ESE
22  15.3  21.1   14:45  12.3   05:09   3.3   0.3   0.0   1.3  11.3   09:27    SE
23  14.2  20.7   15:11  10.9   05:19   4.2   0.1   0.0   1.2   9.7   11:37     E
24  14.9  20.6   14:36  10.8   07:01   3.7   0.2   0.0   2.1  19.3   08:54    SE
25  13.9  20.6   15:23   9.0   07:04   4.6   0.2   0.0   2.5  22.5   08:25   ESE
26  14.0  20.3   15:14   9.2   07:03   4.6   0.2   0.0   4.9  27.4   02:41   ESE
27  14.6  20.7   14:43  10.7   05:46   4.0   0.3   0.0   5.5  30.6   07:55   ESE
28  14.9  21.7   14:38   9.1   07:20   3.9   0.5   0.0   5.7  27.4   03:52     E
29  15.5  21.7   15:14  11.2   09:00   3.2   0.4   0.0   6.2  33.8   08:17     E
30  17.9  21.7   12:43  13.7   09:00   0.9   0.6   0.0   4.0  22.5   09:58     E
31  18.2  25.1   13:07  13.7   07:11   1.4   1.3   0.0   2.8  22.5   02:51     E
----------------------------------------------------------------------------------
    15.2  28.1    15     6.3    16   113.0  15.6  15.4   2.8  33.8    29     ESE

Max >=  30.0  0
Max <=  15.0  0
Min <=  12.0 20
Min <=   8.0  4
Max Rain: 7.2 on day 5
Days of Rain: 6 (>= 0.2 mm)  1 (>= 5.0 mm)  0 (>= 20.0 mm)
Heat Base: 18.3  Cool Base: 18.3  Method: Integration