NOAA style reports
Select a Year or Month report
V/Λ2021 > Jan Feb Mar Apr May Jun Jul Aug Sep Oct Nov Dec
V/Λ2020 > Jan Feb Mar Apr May Jun Jul Aug Sep Oct Nov Dec
V/Λ2019 > Jan Feb Mar Apr May Jun Jul Aug Sep Oct Nov Dec
V/Λ2018 > Jan Feb Mar Apr May Jun Jul Aug Sep Oct Nov Dec
V/Λ2017 > Jan Feb Mar Apr May Jun Jul Aug Sep Oct Nov Dec
V/Λ2016 > Jan Feb Mar Apr May Jun Jul Aug Sep Oct Nov Dec
V/Λ2015 > Jan Feb Mar Apr May Jun Jul Aug Sep Oct Nov Dec
                   Monthly Climatological Summary for Apr. 2019

Name: Eric Olthwaite   City: Gooseberry Hill   State: Western Australia
Elevation: 245 m  Lat: S 31° 57' 32"   Lon: E 116° 02' 48"

                  Temperature (°C), Rain (mm), Wind Speed (km/h)

                                      Heat  Cool        Avg
    Mean                              Deg   Deg         Wind                 Dom
Day Temp  High   Time   Low    Time   Days  Days  Rain  Speed High   Time    Dir
----------------------------------------------------------------------------------
01  21.4  26.3   14:19  17.1   06:35   0.1   3.2   0.0   0.9  16.1   12:19   WNW
02  21.9  30.2   14:47  16.8   02:52   0.3   3.9   0.0   4.4  35.4   02:56   ESE
03  22.4  29.3   16:22  18.4   03:58   0.0   4.1   0.0   3.1  29.0   09:13     E
04  16.0  22.8   14:11  10.6   06:51   3.0   0.7   0.4   2.6  22.5   11:15    SW
05  16.9  24.9   15:34  12.3   06:49   2.5   1.1   0.0   2.1  22.5   10:32   ESE
06  17.6  26.2   13:45  12.7   00:23   2.4   1.7   0.0   2.5  22.5   07:48   SSE
07  18.8  27.4   14:03  12.8   06:53   1.5   2.0   0.0   3.0  27.4   05:29   ESE
08  19.9  27.8   15:18  13.7   06:34   1.1   2.8   0.0   5.7  38.6   08:00   ESE
09  24.7  33.7   15:10  17.7   07:23   0.0   6.5   0.0   2.8  38.6   09:33     E
10  21.1  29.8   14:43  16.8   05:58   0.4   3.1   0.0   1.0  12.9   11:36   WNW
11  18.4  25.7   13:48  13.6   06:33   1.5   1.6   0.0   2.4  17.7   13:51     S
12  21.3  27.5   15:10  18.0   09:13   0.0   3.0   0.0   5.1  29.0   01:44     E
13  19.5  28.9   12:05  14.9   07:19   1.0   2.2   0.0   2.0  16.1   12:49   WNW
14  17.7  22.1   11:51  15.8   22:50   1.0   0.4   5.8   4.2  22.5   20:02   WNW
15  16.5  19.2   13:29  15.2   02:12   1.8   0.0   6.0   3.3  32.2   13:37   WNW
16  15.2  21.2   12:31  11.4   03:10   3.3   0.2   1.4   2.5  30.6   11:17   WSW
17  16.7  22.6   16:11  13.9   22:43   2.1   0.5   0.0   2.6  19.3   09:02     E
18  16.3  23.8   15:02   9.3   08:41   3.0   1.0  19.4   2.6  30.6   01:48     W
19   9.2  15.0   14:45   6.1   04:29   9.1   0.0   6.8   1.9  19.3   15:11   SSW
20  12.3  18.3   15:17   8.8   06:13   6.0   0.0   0.0   1.7  17.7   13:42    SE
21  16.0  23.1   14:47  12.8   06:23   3.0   0.7   0.0   2.9  22.5   04:54     E
22  17.9  24.9   14:41  12.9   05:41   1.9   1.5   0.0   2.4  19.3   08:56    SE
23  19.6  26.8   15:23  14.3   07:14   0.8   2.1   0.0   3.0  25.7   04:44   ESE
24  20.3  27.9   15:10  14.5   07:02   0.8   2.8   0.0   3.8  22.5   09:08   ESE
25  20.1  28.3   14:10  13.7   06:49   1.0   2.8   0.0   3.8  29.0   03:09   ESE
26  19.9  26.9   14:25  13.9   06:52   0.9   2.5   0.0   4.7  24.1   10:33     E
27  20.6  28.5   15:17  16.4   07:11   0.4   2.7   0.0   4.5  24.1   03:16     E
28  21.1  28.8   14:40  16.3   04:00   0.3   3.1   0.0   1.1  16.1   09:00     N
29  14.4  21.0   14:47  10.6   06:51   4.1   0.2   0.0   1.6  19.3   14:27     S
30  13.7  20.1   13:31   9.3   04:56   4.6   0.1   0.0   1.3  16.1   12:50     S
----------------------------------------------------------------------------------
    18.2  33.7     9     6.1    19    57.9  56.5  39.8   2.8  38.6     8     ESE

Max >=  30.0  2
Max <=  15.0  1
Min <=  12.0  7
Min <=   8.0  1
Max Rain: 19.4 on day 18
Days of Rain: 6 (>= 0.2 mm)  4 (>= 5.0 mm)  0 (>= 20.0 mm)
Heat Base: 18.3  Cool Base: 18.3  Method: Integration