NOAA style reports
Select a Year or Month report
V/Λ2020 > Jan Feb Mar Apr May Jun Jul Aug Sep Oct Nov Dec
V/Λ2019 > Jan Feb Mar Apr May Jun Jul Aug Sep Oct Nov Dec
V/Λ2018 > Jan Feb Mar Apr May Jun Jul Aug Sep Oct Nov Dec
V/Λ2017 > Jan Feb Mar Apr May Jun Jul Aug Sep Oct Nov Dec
V/Λ2016 > Jan Feb Mar Apr May Jun Jul Aug Sep Oct Nov Dec
V/Λ2015 > Jan Feb Mar Apr May Jun Jul Aug Sep Oct Nov Dec
                   Monthly Climatological Summary for Mar. 2019

Name: Eric Olthwaite   City: Gooseberry Hill   State: Western Australia
Elevation: 245 m  Lat: S 31° 57' 32"   Lon: E 116° 02' 48"

                  Temperature (°C), Rain (mm), Wind Speed (km/h)

                                      Heat  Cool        Avg
    Mean                              Deg   Deg         Wind                 Dom
Day Temp  High   Time   Low    Time   Days  Days  Rain  Speed High   Time    Dir
----------------------------------------------------------------------------------
01  17.9  25.3   15:08  12.6   06:03   2.0   1.6   0.0   2.0  17.7   15:32   SSW
02  20.0  28.8   14:22  15.7   22:58   0.7   2.4   0.0   2.8  24.1   03:49    SE
03  27.4  36.3   14:55  21.5   09:00   0.0   9.0   0.0   4.1  29.0   02:30   ESE
04  27.7  39.8   14:55  17.8   06:15   0.0   9.4   0.0   5.6  29.0   20:32   ESE
05  21.7  29.3   14:55  15.4   05:51   0.7   4.1   0.0   8.2  45.1   12:21   ESE
06  23.0  29.7   13:47  17.2   09:00   0.0   4.8   1.2   4.2  32.2   10:13     E
07  21.2  24.6   14:05  18.7   06:45   0.0   2.9   0.2   0.8  11.3   11:43   ESE
08  23.6  30.3   14:12  20.6   08:20   0.0   5.3   0.6   0.9  11.3   14:13     E
09  20.5  23.2   08:58  18.7   05:16   0.0   2.2   2.2   0.6  14.5   08:44   ESE
10  23.5  31.3   14:51  17.6   06:26   0.0   5.1   0.0   1.9  19.3   04:50   ESE
11  23.5  32.4   15:45  16.0   06:30   0.3   5.2   0.0   3.0  29.0   04:49   ESE
12  22.2  32.7   15:20  14.7   05:58   0.8   4.7   0.0   1.2  24.1   09:17   SSW
13  21.6  30.6   15:06  16.1   06:45   0.3   3.6   0.0   2.9  29.0   02:20    SE
14  23.9  33.3   15:40  17.9   06:31   0.0   5.7   0.0   3.4  22.5   09:03   ESE
15  22.7  32.3   15:02  16.6   06:47   0.2   4.6   0.0   1.2  17.7   09:05     W
16  23.0  30.7   13:36  17.9   03:55   0.0   4.8   0.0   3.7  38.6   03:24   ESE
17  25.6  34.7   14:50  20.3   06:28   0.0   7.3   0.0   3.8  24.1   00:05   ESE
18  28.0  37.8   13:45  22.3   06:08   0.0   9.7   0.0   3.4  32.2   01:53     E
19  26.0  36.9   13:44  19.1   05:30   0.0   7.7   0.0   1.8  17.7   15:05   NNE
20  25.9  33.5   13:07  21.3   07:11   0.0   7.6   0.0   3.1  29.0   03:25   ESE
21  24.5  32.1   14:39  18.9   06:20   0.0   6.2   0.0   2.4  22.5   08:14   ESE
22  20.6  29.9   14:57  13.1   05:55   1.4   3.7   0.0   2.8  30.6   08:30    SE
23  19.3  28.6   16:40  11.3   06:21   1.7   2.7   0.0   3.0  24.1   09:03    SE
24  18.8  28.6   16:11  11.3   05:52   2.1   2.7   0.0   4.9  38.6   07:52   ESE
25  20.5  28.1   15:26  14.3   06:20   0.7   2.9   0.0   5.9  37.0   01:55     E
26  25.4  34.0   15:33  20.0   06:48   0.0   7.1   0.0   2.4  33.8   10:27     E
27  22.2  32.3   13:21  14.0   06:42   0.7   4.5   0.0   2.0  20.9   03:54   SSE
28  18.8  27.9   15:11  11.6   06:24   2.2   2.7   0.0   3.1  29.0   08:50   ESE
29  18.9  26.9   15:28  12.2   06:19   1.7   2.3   0.0   5.6  33.8   01:11   ESE
30  22.6  30.4   15:56  17.1   09:00   0.0   4.3   0.0   5.3  30.6   06:21     E
31  27.0  35.0   14:23  21.6   09:00   0.0   8.8   0.0   2.9  30.6   11:09   ENE
----------------------------------------------------------------------------------
    22.8  39.8     4    11.3    23    15.5 155.6   4.2   3.2  45.1     5     ESE

Max >=  30.0 19
Max <=  15.0  0
Min <=  12.0  3
Min <=   8.0  0
Max Rain: 2.2 on day 9
Days of Rain: 4 (>= 0.2 mm)  0 (>= 5.0 mm)  0 (>= 20.0 mm)
Heat Base: 18.3  Cool Base: 18.3  Method: Integration