NOAA style reports
Select a Year or Month report
V/Λ2021 > Jan Feb Mar Apr May Jun Jul Aug Sep Oct Nov Dec
V/Λ2020 > Jan Feb Mar Apr May Jun Jul Aug Sep Oct Nov Dec
V/Λ2019 > Jan Feb Mar Apr May Jun Jul Aug Sep Oct Nov Dec
V/Λ2018 > Jan Feb Mar Apr May Jun Jul Aug Sep Oct Nov Dec
V/Λ2017 > Jan Feb Mar Apr May Jun Jul Aug Sep Oct Nov Dec
V/Λ2016 > Jan Feb Mar Apr May Jun Jul Aug Sep Oct Nov Dec
V/Λ2015 > Jan Feb Mar Apr May Jun Jul Aug Sep Oct Nov Dec
                   Monthly Climatological Summary for Feb. 2019

Name: Eric Olthwaite   City: Gooseberry Hill   State: Western Australia
Elevation: 245 m  Lat: S 31° 57' 32"   Lon: E 116° 02' 48"

                  Temperature (°C), Rain (mm), Wind Speed (km/h)

                                      Heat  Cool        Avg
    Mean                              Deg   Deg         Wind                 Dom
Day Temp  High   Time   Low    Time   Days  Days  Rain  Speed High   Time    Dir
----------------------------------------------------------------------------------
01  26.2  39.7   13:38  15.8   05:51   0.3   8.2   0.0   1.4  20.9   12:42     W
02  17.7  27.4   15:28  12.6   05:37   1.5   1.1   0.0   2.7  25.7   08:19    SE
03  21.4  31.2   15:48  13.8   06:00   1.0   4.1   0.0   4.4  37.0   08:43   ESE
04  23.0  32.1   16:25  15.8   05:33   0.4   5.1   0.0   4.4  38.6   10:15   ESE
05  26.4  35.8   15:36  19.9   05:52   0.0   8.1   0.0   3.4  27.4   09:07   ESE
06  28.0  40.5   15:59  19.4   05:51   0.0   9.7   1.4   3.4  25.7   06:50    SE
07  25.4  35.7   15:22  17.2   05:53   0.1   7.2   0.0   6.7  48.3   01:46   ESE
08  25.3  34.8   15:20  16.1   06:34   0.2   7.2   0.0   6.3  33.8   23:27   ESE
09  27.4  36.4   15:43  20.8   05:50   0.0   9.1   0.0   3.7  25.7   09:47   ESE
10  25.9  38.3   14:30  15.1   06:49   0.3   7.9   0.0   1.6  16.1   16:37   SSW
11  20.8  29.4   15:12  14.8   06:16   0.8   3.3   0.0   1.8  19.3   14:40    SW
12  21.3  30.6   14:38  14.7   06:22   0.7   3.6   0.0   3.4  30.6   05:05   ESE
13  23.1  32.1   13:26  18.0   06:20   0.0   4.7   0.2   1.8  22.5   09:18     E
14  23.3  33.9   15:27  17.1   03:16   0.2   5.2   0.0   1.0  16.1   13:47     W
15  22.3  30.2   14:47  17.2   04:45   0.1   4.2   0.0   1.5  17.7   12:15   WNW
16  24.1  34.0   15:00  16.3   06:19   0.3   6.0   0.0   4.0  38.6   07:28   ESE
17  23.0  33.1   15:57  14.4   05:58   0.6   5.4   0.0   4.3  35.4   06:53   ESE
18  23.7  33.8   14:33  17.8   06:30   0.0   5.4   0.0   2.7  24.1   09:08   ESE
19  25.9  35.2   14:11  18.4   06:17   0.0   7.6   0.0   2.8  30.6   01:11   ESE
20  23.1  33.0   12:12  17.8   02:57   0.0   4.8   0.0   2.4  19.3   15:34   WNW
21  20.1  24.0   12:52  17.6   05:30   0.1   1.9   0.0   1.3  17.7   13:57   WNW
22  20.9  29.0   14:51  16.0   06:06   0.4   3.0   0.0   1.2  17.7   13:07     W
23  22.1  30.3   14:52  17.6   06:15   0.1   3.9   0.0   1.6  17.7   08:51   WSW
24  23.7  33.4   15:25  17.1   05:53   0.1   5.6   0.0   3.6  30.6   01:14    SE
25  27.8  37.7   15:11  19.9   05:54   0.0   9.5   0.0   4.4  32.2   04:54   ESE
26  26.0  37.7   14:22  19.2   04:55   0.0   7.5   0.0   1.2  20.9   09:05   SSE
27  25.7  35.8   14:10  18.3   05:54   0.0   7.4   0.0   1.2  20.9   13:03     W
28  21.7  29.8   11:43  16.7   05:44   0.3   3.6   0.0   2.2  19.3   13:46     W
----------------------------------------------------------------------------------
    23.8  40.5     6    12.6     2     7.5 160.3   1.6   2.9  48.3     7      SE

Max >=  30.0 23
Max <=  15.0  0
Min <=  12.0  0
Min <=   8.0  0
Max Rain: 1.4 on day 6
Days of Rain: 2 (>= 0.2 mm)  0 (>= 5.0 mm)  0 (>= 20.0 mm)
Heat Base: 18.3  Cool Base: 18.3  Method: Integration