NOAA style reports
Select a Year or Month report
V/Λ2021 > Jan Feb Mar Apr May Jun Jul Aug Sep Oct Nov Dec
V/Λ2020 > Jan Feb Mar Apr May Jun Jul Aug Sep Oct Nov Dec
V/Λ2019 > Jan Feb Mar Apr May Jun Jul Aug Sep Oct Nov Dec
V/Λ2018 > Jan Feb Mar Apr May Jun Jul Aug Sep Oct Nov Dec
V/Λ2017 > Jan Feb Mar Apr May Jun Jul Aug Sep Oct Nov Dec
V/Λ2016 > Jan Feb Mar Apr May Jun Jul Aug Sep Oct Nov Dec
V/Λ2015 > Jan Feb Mar Apr May Jun Jul Aug Sep Oct Nov Dec
                   Monthly Climatological Summary for Jan. 2019

Name: Eric Olthwaite   City: Gooseberry Hill   State: Western Australia
Elevation: 245 m  Lat: S 31° 57' 32"   Lon: E 116° 02' 48"

                  Temperature (°C), Rain (mm), Wind Speed (km/h)

                                      Heat  Cool        Avg
    Mean                              Deg   Deg         Wind                 Dom
Day Temp  High   Time   Low    Time   Days  Days  Rain  Speed High   Time    Dir
----------------------------------------------------------------------------------
01  24.9  34.0   14:07  19.8   05:14   0.0   6.6   0.0   3.7  17.3   15:24   WSW
02  20.3  24.1   13:01  16.7   06:31   0.2   2.2   0.0   3.4  14.4   14:12   WSW
03  18.3  24.6   14:18  13.0   05:03   1.8   1.8   0.0   3.7  19.1   14:44   SSW
04  19.9  25.6   14:17  16.1   05:47   0.6   2.2   0.0   4.8  26.6   04:56   SSE
05  25.1  32.5   16:20  20.1   09:00   0.0   6.8   0.0   5.2  24.5   08:26   ESE
06  27.6  36.1   15:39  20.5   05:55   0.0   9.3   0.0   4.2  22.3   09:38    SE
07  26.4  34.2   13:40  18.7   05:42   0.0   8.1   0.0   6.0  29.5   03:32   ESE
08  25.1  32.1   13:49  18.7   05:38   0.0   6.0   0.0   5.7  26.3   01:50   ESE
09  24.6  32.3   15:08  18.9   06:02   0.0   6.3   0.0   2.2  15.8   15:12    SW
10  21.4  28.2   13:58  16.7   05:43   0.3   3.4   0.0   3.3  21.2   16:13    SW
11  22.6  28.9   13:20  18.1   02:21   0.0   4.3   0.0   3.8  22.0   06:30   SSE
12  26.0  35.4   13:52  18.3   06:25   0.0   7.6   0.0   3.1  12.6   11:34   SSW
13  23.9  30.3   13:58  18.7   06:18   0.0   5.7   0.0   3.8  22.0   03:39     S
14  23.4  31.2   12:56  16.9   06:15   0.1   5.2   0.0   4.6  25.2   07:54    SE
15  22.7  31.0   13:51  17.0   06:19   0.1   4.6   0.0   3.2  18.4   09:35    SE
16  21.5  29.1   13:52  15.9   05:04   0.6   3.7   0.0   3.1  15.8   13:47   SSW
17  21.5  28.1   13:31  17.1   05:47   0.2   3.4   0.0   4.2  22.3   08:10     S
18  25.2  32.6   15:58  19.4   05:44   0.0   6.9   0.0   4.4  25.6   06:33   ESE
19  30.7  38.5   15:31  24.4   09:00   0.0  12.4   0.0   4.8  22.0   07:20   ESE
20  30.4  41.1   13:18  21.6   06:32   0.0  12.1   0.0   2.1  19.1   12:15     W
21  25.4  33.2   15:31  20.0   06:40   0.0   6.6   0.0   3.7  20.9   02:31   SSW
22  21.4  29.6   16:01  16.3   07:28   0.5   3.6   0.0   3.2  18.7   16:17   WSW
23  15.0  19.4   11:55  13.1   05:07   3.3   0.0   9.8   3.0  30.6   10:55     W
24  14.9  19.8   17:40  11.1   05:11   3.4   0.0   0.0   1.5  24.1   07:21    SE
25  19.8  28.2   16:18  13.9   05:52   1.1   2.6   0.0   2.7  27.4   07:24    SE
26  23.7  33.9   16:06  15.5   05:54   0.3   5.7   0.0   3.7  30.6   07:37   ESE
27  27.4  37.9   15:54  21.4   06:18   0.0   9.1   0.0   2.3  25.7   09:12   ESE
28  28.0  40.4   14:15  18.8   05:57   0.0   9.7   0.0   1.8  20.9   07:14   ENE
29  23.5  33.6   14:55  15.8   05:47   0.3   5.5   0.0   2.5  27.4   07:20    SE
30  24.2  34.8   15:37  15.3   06:11   0.4   6.3   0.0   3.8  29.0   04:41   ESE
31  28.6  38.4   15:55  21.4   09:00   0.0  10.3   0.0   4.1  27.4   04:06   ESE
----------------------------------------------------------------------------------
    23.7  41.1    20    11.1    24    13.2 178.0   9.8   3.6  30.6    23     SSE

Max >=  30.0 20
Max <=  15.0  0
Min <=  12.0  1
Min <=   8.0  0
Max Rain: 9.8 on day 23
Days of Rain: 1 (>= 0.2 mm)  1 (>= 5.0 mm)  0 (>= 20.0 mm)
Heat Base: 18.3  Cool Base: 18.3  Method: Integration