NOAA style reports
Select a Year or Month report
V/Λ2021 > Jan Feb Mar Apr May Jun Jul Aug Sep Oct Nov Dec
V/Λ2020 > Jan Feb Mar Apr May Jun Jul Aug Sep Oct Nov Dec
V/Λ2019 > Jan Feb Mar Apr May Jun Jul Aug Sep Oct Nov Dec
V/Λ2018 > Jan Feb Mar Apr May Jun Jul Aug Sep Oct Nov Dec
V/Λ2017 > Jan Feb Mar Apr May Jun Jul Aug Sep Oct Nov Dec
V/Λ2016 > Jan Feb Mar Apr May Jun Jul Aug Sep Oct Nov Dec
V/Λ2015 > Jan Feb Mar Apr May Jun Jul Aug Sep Oct Nov Dec
                   Monthly Climatological Summary for Dec. 2018

Name: Eric Olthwaite   City: Gooseberry Hill   State: Western Australia
Elevation: 245 m  Lat: S 31° 57' 32"   Lon: E 116° 02' 48"

                  Temperature (°C), Rain (mm), Wind Speed (km/h)

                                      Heat  Cool        Avg
    Mean                              Deg   Deg         Wind                 Dom
Day Temp  High   Time   Low    Time   Days  Days  Rain  Speed High   Time    Dir
----------------------------------------------------------------------------------
01  18.0  23.3   15:49  14.6   05:29   1.4   1.1   0.0   4.0  21.6   08:16   SSE
02  23.6  30.4   15:35  17.8   05:46   0.0   5.2   0.0   5.4  24.1   07:43   ESE
03  25.6  36.3   14:54  18.9   05:02   0.0   7.4   0.0   3.9  24.1   09:03   WNW
04  18.7  23.7   14:05  15.2   04:44   1.0   1.4   0.0   2.6  17.3   14:24   WSW
05  19.9  26.1   14:11  13.4   05:51   0.9   2.5   0.0   2.5  12.2   06:06   WSW
06  17.9  23.6   13:58  13.4   04:53   1.7   1.3   0.0   2.6  14.4   14:32   WSW
07  19.6  25.8   14:49  15.2   01:55   1.0   2.3   0.0   3.7  26.6   05:11   SSE
08  22.4  30.1   13:51  16.4   05:37   0.2   4.3   0.0   4.2  25.9   01:56   SSE
09  24.4  32.7   15:18  17.6   05:37   0.0   6.1   0.0   3.4  20.9   02:46   ESE
10  25.3  30.2   12:39  14.8   05:39   0.8  13.2   0.0   2.7  12.2   15:39     W
11  20.0  24.5   13:57  17.1   03:48   0.3   1.9   0.0   2.8  18.0   14:09     W
12  21.1  26.8   15:17  15.4   05:33   0.5   3.3   0.0   4.7  25.9   08:48   ESE
13  26.6  33.0   16:14  20.2   09:00   0.0   8.3   0.0   5.2  23.0   09:00   ESE
14  28.2  37.6   15:32  20.4   06:33   0.0   9.9   0.0   3.0  34.6   22:03    SE
15  22.4  27.8   15:38  16.8   06:12   0.1   4.2   0.0   1.5  18.4   07:29     S
16  21.3  27.4   12:49  16.4   05:51   0.4   3.4   0.0   3.7  16.9   10:06     S
17  21.5  28.3   16:15  15.8   05:32   0.4   3.7   0.0   3.9  20.2   00:36    SE
18  21.7  27.6   15:42  16.3   06:00   0.3   3.6   0.0   5.0  25.6   08:51   ESE
19  22.4  29.4   14:14  16.5   06:17   0.2   4.3   0.0   5.0  32.0   04:14    SE
20  24.9  32.1   16:06  17.5   05:53   0.1   6.6   0.0   5.8  26.6   03:43   ESE
21  28.7  35.4   16:25  21.7   09:00   0.0  10.4   0.0   5.4  24.1   09:30     E
22  30.7  39.5   14:39  24.1   06:23   0.0  12.4   0.0   2.8  15.1   15:30     S
23  25.4  33.5   14:14  19.8   05:13   0.0   7.1   0.0   3.5  23.8   07:34    SW
24  26.2  33.9   14:58  20.6   06:02   0.0   7.9   0.0   4.3  21.2   03:21   ESE
25  26.0  34.8   14:38  19.6   05:11   0.0   7.7   0.0   2.2  14.4   13:31   WSW
26  21.9  28.2   15:24  16.6   05:33   0.3   3.9   0.0   1.8  10.4   15:12    SW
27  21.5  27.9   15:10  17.1   04:32   0.1   3.3   0.0   2.8  18.7   15:38   WSW
28  20.4  26.8   14:15  16.0   05:42   0.6   2.7   0.0   4.0  20.9   06:22   SSE
29  22.2  28.7   12:58  17.5   05:56   0.1   4.0   0.0   3.5  15.8   04:26   SSE
30  22.6  30.9   14:36  16.9   05:17   0.2   4.5   0.0   2.2  13.3   12:37   WSW
31  25.2  33.0   13:13  20.1   06:02   0.0   6.8   0.0   3.5  20.5   06:22   SSE
----------------------------------------------------------------------------------
    23.1  39.5    22    13.4     5    10.6 164.7   0.0   3.6  34.6    14     SSE

Max >=  30.0 15
Max <=  15.0  0
Min <=  12.0  0
Min <=   8.0  0
Max Rain: 0.0 on day 0
Days of Rain: 0 (>= 0.2 mm)  0 (>= 5.0 mm)  0 (>= 20.0 mm)
Heat Base: 18.3  Cool Base: 18.3  Method: Integration