NOAA style reports
Select a Year or Month report
V/Λ2021 > Jan Feb Mar Apr May Jun Jul Aug Sep Oct Nov Dec
V/Λ2020 > Jan Feb Mar Apr May Jun Jul Aug Sep Oct Nov Dec
V/Λ2019 > Jan Feb Mar Apr May Jun Jul Aug Sep Oct Nov Dec
V/Λ2018 > Jan Feb Mar Apr May Jun Jul Aug Sep Oct Nov Dec
V/Λ2017 > Jan Feb Mar Apr May Jun Jul Aug Sep Oct Nov Dec
V/Λ2016 > Jan Feb Mar Apr May Jun Jul Aug Sep Oct Nov Dec
V/Λ2015 > Jan Feb Mar Apr May Jun Jul Aug Sep Oct Nov Dec
                   Monthly Climatological Summary for Nov. 2018

Name: Eric Olthwaite   City: Gooseberry Hill   State: Western Australia
Elevation: 245 m  Lat: S 31° 57' 32"   Lon: E 116° 02' 48"

                  Temperature (°C), Rain (mm), Wind Speed (km/h)

                                      Heat  Cool        Avg
    Mean                              Deg   Deg         Wind                 Dom
Day Temp  High   Time   Low    Time   Days  Days  Rain  Speed High   Time    Dir
----------------------------------------------------------------------------------
01  16.6  22.0   13:40  13.0   05:37   2.4   0.7   0.0   2.4  13.7   13:56   WSW
02  18.0  22.2   14:05  14.6   04:48   1.3   1.0   0.0   2.2  18.4   07:37    SE
03  19.1  26.2   12:31  12.9   04:48   1.7   2.5   0.0   2.4  14.8   11:56    SW
04  17.2  22.8   13:14  12.4   06:32   2.2   1.0   3.0   3.7  13.3   17:44   WSW
05  14.0  19.1   12:40  10.8   05:28   4.3   0.0   0.0   2.6  14.4   13:14   SSW
06  14.0  19.2   15:36   9.7   05:42   4.3   0.0   0.0   4.5  30.2   06:28    SE
07  16.1  23.9   14:24  10.5   05:22   3.2   1.0   0.0   2.8  14.0   03:28     S
08  20.4  28.0   14:07  13.9   05:26   0.9   3.0   0.0   5.7  28.1   01:46    SE
09  23.8  31.1   15:56  17.1   05:11   0.1   5.6   0.0   3.9  24.8   10:26   ESE
10  20.8  28.1   14:06  16.3   06:10   0.4   2.9   0.0   1.8  14.0   15:16     W
11  18.0  24.3   13:52  12.8   04:53   2.0   1.7   0.0   2.7  20.2   14:03    SW
12  17.9  21.8   12:09  15.4   05:28   1.3   0.8   0.0   1.6  10.4   17:20    SW
13  20.1  26.8   13:57  14.9   05:57   0.7   2.4   0.0   4.5  25.6   07:15    SE
14  24.1  30.7   16:00  19.0   05:38   0.0   5.8   0.0   3.7  18.4   09:37   ESE
15  25.4  32.9   14:58  17.3   05:32   0.1   7.1   0.0   6.4  29.9   07:03   ESE
16  26.1  32.9   16:09  19.2   06:18   0.0   7.8   0.0   3.6  23.8   09:41     E
17  20.5  26.6   11:54  16.8   05:33   0.3   2.5   0.0   3.3  16.9   13:39     W
18  18.0  23.1   14:16  13.4   05:28   1.7   1.4   0.0   3.9  24.8   14:27    SW
19  15.1  21.8   13:17   9.8   05:25   3.5   0.3   0.0   3.6  15.8   01:55     S
20  17.0  23.0   14:09  12.0   05:36   2.3   1.0   0.0   4.6  25.6   08:14    SE
21  20.4  27.0   14:43  15.6   06:06   0.6   2.6   0.0   6.0  32.4   02:59   ESE
22  20.2  26.5   14:05  15.2   03:17   0.8   2.7   1.0   4.5  22.3   11:10   SSE
23  18.7  25.2   14:02  14.3   04:16   1.5   1.9   0.0   2.6  19.1   14:39    SW
24  18.0  24.5   15:21  12.9   04:22   2.0   1.7   0.0   2.3  14.0   12:12   WSW
25  15.3  20.6   12:02  10.3   05:45   3.3   0.3   2.0   2.7  18.4   06:44    SW
26  16.5  22.7   15:49  11.6   05:32   2.5   0.7   0.0   4.8  20.2   05:41   ESE
27  18.5  25.5   13:42  13.3   05:31   1.7   1.8   0.0   3.2  18.7   09:10     S
28  19.5  27.2   13:55  14.3   02:35   1.4   2.7   0.0   3.2  15.1   04:38   SSW
29  19.8  27.3   14:47  13.5   05:37   1.2   2.7   0.0   4.9  30.2   02:38    SE
30  17.9  24.6   14:40  13.5   02:03   2.1   1.7   0.0   3.2  15.8   12:25    SW
----------------------------------------------------------------------------------
    18.9  32.9    15     9.7     6    49.8  67.3   6.0   3.6  32.4    21     SSE

Max >=  30.0  4
Max <=  15.0  0
Min <=  12.0  7
Min <=   8.0  0
Max Rain: 3.0 on day 4
Days of Rain: 3 (>= 0.2 mm)  0 (>= 5.0 mm)  0 (>= 20.0 mm)
Heat Base: 18.3  Cool Base: 18.3  Method: Integration