NOAA style reports
Select a Year or Month report
V/Λ2021 > Jan Feb Mar Apr May Jun Jul Aug Sep Oct Nov Dec
V/Λ2020 > Jan Feb Mar Apr May Jun Jul Aug Sep Oct Nov Dec
V/Λ2019 > Jan Feb Mar Apr May Jun Jul Aug Sep Oct Nov Dec
V/Λ2018 > Jan Feb Mar Apr May Jun Jul Aug Sep Oct Nov Dec
V/Λ2017 > Jan Feb Mar Apr May Jun Jul Aug Sep Oct Nov Dec
V/Λ2016 > Jan Feb Mar Apr May Jun Jul Aug Sep Oct Nov Dec
V/Λ2015 > Jan Feb Mar Apr May Jun Jul Aug Sep Oct Nov Dec
                   Monthly Climatological Summary for Aug. 2018

Name: Eric Olthwaite   City: Gooseberry Hill   State: Western Australia
Elevation: 245 m  Lat: S 31° 57' 32"   Lon: E 116° 02' 48"

                  Temperature (°C), Rain (mm), Wind Speed (km/h)

                                      Heat  Cool        Avg
    Mean                              Deg   Deg         Wind                 Dom
Day Temp  High   Time   Low    Time   Days  Days  Rain  Speed High   Time    Dir
----------------------------------------------------------------------------------
01   8.7  13.3   12:19   6.4   04:44   9.6   0.0  12.4   4.4  25.2   12:54    SW
02  11.5  13.6   14:02   8.2   09:00   6.8   0.0   8.1   4.8  25.2   19:58   WSW
03  12.2  14.9   10:35   8.8   08:18   6.1   0.0  37.8   5.9  24.1   14:26     W
04   8.9  12.0   13:30   7.1   07:35   9.4   0.0   5.1   2.2  17.6   13:37    SW
05  10.0  12.8   12:50   8.1   00:21   8.3   0.0   0.0   1.3  10.4   11:25   SSW
06  12.1  13.9   13:12   9.8   09:00   6.2   0.0   0.0   2.1  13.7   02:23     W
07  13.5  18.2   14:36  11.4   07:44   4.8   0.0   2.0   1.9  15.8   14:10     W
08  12.9  15.0   12:14  10.3   07:26   5.4   0.0  26.2   4.9  22.0   02:38     W
09   8.5  13.0   10:21   5.6   06:20   9.8   0.0   8.1   2.7  26.3   14:09    SW
10   9.5  13.0   15:59   7.0   06:58   8.8   0.0   0.0   2.3  13.3   08:25    SE
11  11.5  15.7   14:45   8.8   09:00   6.8   0.0   0.0   5.4  16.9   21:10     E
12  13.7  18.5   14:36  10.3   09:00   4.6   0.0   0.0   2.3  16.9   08:29   NNW
13  15.9  21.1   14:49  12.5   02:28   2.9   0.5  20.1   4.3  24.5   18:25   WNW
14  13.2  16.5   12:29  11.0   04:42   5.1   0.0   0.0   3.1  13.3   15:23   SSW
15  12.8  16.3   13:40  10.1   03:54   5.5   0.0   0.0   1.3  10.4   17:17    SW
16  12.9  16.4   13:59  10.2   06:21   5.4   0.0   4.1   2.5  15.1   16:06    SW
17  11.5  16.5   14:30   7.3   07:03   6.8   0.0   0.0   5.0  20.2   02:41   ESE
18  12.9  16.9   14:47   9.3   09:00   5.4   0.0   0.0   7.7  36.4   03:39     E
19  17.5  21.6   14:57  12.8   09:00   1.4   0.6   0.0   6.9  22.0   09:43     E
20  17.0  22.5   12:31  12.4   06:46   2.3   1.0   1.0   2.6  24.5   09:10    NW
21  11.6  16.0   12:31   8.5   07:08   6.7   0.0  16.8   3.2  13.0   18:38   SSW
22  11.1  14.7   13:28   7.9   06:45   7.2   0.0   0.0   4.5  12.6   10:39     S
23  12.1  17.1   14:24   9.1   06:32   6.2   0.0   0.0   4.1  17.6   07:44     E
24  13.1  18.4   14:58   9.3   06:48   5.2   0.0   0.0   5.0  14.4   09:17     E
25  14.3  19.1   14:46  11.3   06:21   4.1   0.1   0.0   4.8  18.0   04:33   ESE
26  14.7  21.1   14:48  10.8   02:57   4.0   0.4   0.0   2.9  16.6   09:08    SW
27  14.4  18.7   12:31  12.1   07:14   3.9   0.0   9.4   3.7  16.9   15:01   WNW
28  10.2  15.0   12:02   7.7   01:34   8.1   0.0  27.2   3.9  20.9   12:31     W
29  10.5  12.3   14:57   9.2   00:19   7.8   0.0  12.4   3.4  18.0   17:18   SSW
30  11.5  15.0   14:00   9.0   07:11   6.8   0.0   0.0   3.5  13.7   09:58     S
31  12.6  15.8   13:04  10.2   06:52   5.7   0.0   0.0   2.2  12.6   12:54   SSE
----------------------------------------------------------------------------------
    12.3  22.5    20     5.6     9   187.1   2.6 190.7   3.7  36.4    18     SSW

Max >=  30.0  0
Max <=  15.0 13
Min <=  12.0 27
Min <=   8.0  7
Max Rain: 37.8 on day 3
Days of Rain: 14 (>= 0.2 mm)  11 (>= 5.0 mm)  4 (>= 20.0 mm)
Heat Base: 18.3  Cool Base: 18.3  Method: Integration