NOAA style reports
Select a Year or Month report
V/Λ2021 > Jan Feb Mar Apr May Jun Jul Aug Sep Oct Nov Dec
V/Λ2020 > Jan Feb Mar Apr May Jun Jul Aug Sep Oct Nov Dec
V/Λ2019 > Jan Feb Mar Apr May Jun Jul Aug Sep Oct Nov Dec
V/Λ2018 > Jan Feb Mar Apr May Jun Jul Aug Sep Oct Nov Dec
V/Λ2017 > Jan Feb Mar Apr May Jun Jul Aug Sep Oct Nov Dec
V/Λ2016 > Jan Feb Mar Apr May Jun Jul Aug Sep Oct Nov Dec
V/Λ2015 > Jan Feb Mar Apr May Jun Jul Aug Sep Oct Nov Dec
                   Monthly Climatological Summary for Jul. 2018

Name: Eric Olthwaite   City: Gooseberry Hill   State: Western Australia
Elevation: 245 m  Lat: S 31° 57' 32"   Lon: E 116° 02' 48"

                  Temperature (°C), Rain (mm), Wind Speed (km/h)

                                      Heat  Cool        Avg
    Mean                              Deg   Deg         Wind                 Dom
Day Temp  High   Time   Low    Time   Days  Days  Rain  Speed High   Time    Dir
----------------------------------------------------------------------------------
01  17.3  19.0   14:44  14.5   08:57   1.0   0.1   2.0   5.1  20.9   01:30    NW
02  14.8  16.6   14:10  13.4   08:12   3.5   0.0  31.5   5.1  25.2   03:20   WNW
03  13.0  16.2   13:07  10.9   04:15   5.3   0.0   3.8   3.7  26.6   11:01     W
04  10.9  15.3   12:56   8.8   04:27   7.4   0.0  12.4   5.2  26.6   16:24   WSW
05  10.4  13.5   14:16   8.7   04:58   7.9   0.0   2.0   2.2  10.4   13:51    SE
06  12.3  16.6   15:19  10.1   09:00   6.0   0.0   0.0   3.6  23.8   08:39     E
07  11.5  14.9   13:57   8.8   06:49   6.8   0.0   0.0   6.3  22.0   08:41     E
08  12.8  17.3   15:05   9.8   09:00   5.5   0.0   0.0   6.5  18.7   09:25     E
09  13.9  19.0   14:32  10.9   07:48   4.4   0.0   0.0   5.2  17.3   10:37   ESE
10  14.6  19.8   15:07  11.2   07:24   3.9   0.2   0.0   4.7  18.4   12:55     E
11  13.6  18.4   15:09  10.1   06:02   4.7   0.0   0.0   1.8  11.2   13:02   WSW
12  14.3  18.4   15:12  11.2   09:00   4.0   0.0  10.4   3.1  18.0   14:14     W
13  12.9  16.8   15:48  10.3   01:46   5.4   0.0   1.0   2.2  13.7   07:42     W
14  10.6  14.1   16:07   8.6   03:46   7.7   0.0  20.8   2.4  20.5   16:57     W
15  12.6  13.7   13:11  10.4   09:00   5.7   0.0   5.1   3.2  18.4   03:03     W
16  12.8  15.8   14:25  10.4   07:25   5.5   0.0   1.0   3.2  20.2   13:37   WSW
17  14.0  16.1   12:26  11.6   09:00   4.3   0.0   0.0   5.3  21.2   14:36     W
18  12.9  16.2   11:40  10.0   07:01   5.4   0.0   1.0   3.2  18.7   12:38   WSW
19  12.4  16.7   14:30   9.8   06:10   5.9   0.0   0.0   5.1  16.6   10:24     E
20  14.7  18.4   14:04  11.3   09:00   3.6   0.0   5.1   3.8  17.3   07:45   WNW
21  14.1  16.3   11:24  12.9   00:02   4.2   0.0  35.6   5.0  19.1   16:26     W
22  13.7  15.9   13:24  12.5   02:26   4.6   0.0   4.3   8.2  33.1   16:23     W
23  13.5  16.7   13:07  12.1   07:38   4.8   0.0   4.8   2.6  20.5   12:46     W
24  13.9  16.5   15:45  12.5   20:16   4.4   0.0   0.0   1.5  18.7   08:43   NNW
25  13.0  18.0   13:42  11.2   00:43   5.3   0.0  27.4   4.3  27.0   21:53   WNW
26  14.5  18.3   14:18  12.2   07:45   3.8   0.0   2.0   0.5  12.2   13:27   SSW
27  12.6  14.7   15:01  10.6   07:46   5.7   0.0   3.0   1.4  10.4   13:24    SE
28  13.1  15.8   12:58  11.6   06:37   5.2   0.0   0.0   1.2  10.8   04:29   NNE
29  13.9  17.4   14:22  11.7   06:59   4.4   0.0   5.1   3.7  19.1   14:40     W
30  12.3  16.7   14:26   9.1   07:02   6.0   0.0   0.0   3.7  14.4   08:58    SE
31  13.6  16.8   14:20  10.7   09:00   4.7   0.0  18.8   4.0  22.0   07:15   WNW
----------------------------------------------------------------------------------
    13.2  19.8    10     8.6    14   157.0   0.3 197.1   3.8  33.1    22       W

Max >=  30.0  0
Max <=  15.0  5
Min <=  12.0 24
Min <=   8.0  0
Max Rain: 35.6 on day 21
Days of Rain: 20 (>= 0.2 mm)  10 (>= 5.0 mm)  4 (>= 20.0 mm)
Heat Base: 18.3  Cool Base: 18.3  Method: Integration