NOAA style reports
Select a Year or Month report
V/Λ2021 > Jan Feb Mar Apr May Jun Jul Aug Sep Oct Nov Dec
V/Λ2020 > Jan Feb Mar Apr May Jun Jul Aug Sep Oct Nov Dec
V/Λ2019 > Jan Feb Mar Apr May Jun Jul Aug Sep Oct Nov Dec
V/Λ2018 > Jan Feb Mar Apr May Jun Jul Aug Sep Oct Nov Dec
V/Λ2017 > Jan Feb Mar Apr May Jun Jul Aug Sep Oct Nov Dec
V/Λ2016 > Jan Feb Mar Apr May Jun Jul Aug Sep Oct Nov Dec
V/Λ2015 > Jan Feb Mar Apr May Jun Jul Aug Sep Oct Nov Dec
                   Monthly Climatological Summary for Jun. 2018

Name: Eric Olthwaite   City: Gooseberry Hill   State: Western Australia
Elevation: 245 m  Lat: S 31° 57' 32"   Lon: E 116° 02' 48"

                  Temperature (°C), Rain (mm), Wind Speed (km/h)

                                      Heat  Cool        Avg
    Mean                              Deg   Deg         Wind                 Dom
Day Temp  High   Time   Low    Time   Days  Days  Rain  Speed High   Time    Dir
----------------------------------------------------------------------------------
01  12.2  16.4   15:15   9.7   07:15   6.1   0.0   0.0   4.6  17.6   08:56     E
02  13.0  16.7   15:41  10.5   09:00   5.3   0.0   0.0   4.9  18.7   09:05     E
03  16.2  19.5   15:04  12.2   09:00   2.3   0.1   0.0   3.4  14.4   09:36     E
04  16.7  18.4   15:09  14.6   03:04   1.6   0.0   2.0   5.6  18.4   21:24    NE
05  13.3  16.1   09:00  11.7   04:06   5.0   0.0  14.7   2.5  19.1   10:12    NW
06  12.1  14.2   12:09  10.3   06:14   6.2   0.0  23.9   1.4  14.0   12:45    NW
07  10.0  12.6   16:02   8.2   03:38   8.3   0.0   3.0   0.9  11.9   08:57     E
08  12.8  16.0   14:20   9.5   09:00   5.5   0.0   0.0   2.8  14.0   05:07     N
09  15.0  18.2   14:45  12.5   09:00   3.3   0.0  29.5   4.5  18.4   05:50   WNW
10  12.6  15.8   10:42  10.1   07:01   5.7   0.0   4.1   4.3  29.9   10:48   WSW
11  13.1  15.6   12:46  11.1   06:56   5.2   0.0   0.0   0.7  11.9   09:14     N
12  12.6  16.3   13:57  10.8   02:41   5.7   0.0   3.0   1.3  14.0   14:44   ESE
13  12.8  16.0   14:24  10.5   06:42   5.5   0.0   0.0   0.5   9.7   14:50    NW
14  13.8  17.6   14:08  11.4   07:03   4.5   0.0   0.0   2.5   9.7   06:25     E
15  14.1  18.4   13:59  11.2   07:19   4.2   0.0   0.0   4.5  16.6   08:01     E
16  14.6  18.9   14:12  12.3   09:00   3.7   0.0   0.0   6.4  20.9   03:32     E
17  16.3  20.6   14:20  12.5   08:22   2.3   0.4  16.8   3.8  22.0   22:55    NW
18  11.4  14.6   10:52   9.6   02:23   6.9   0.0   3.0   2.5  22.0   13:42   WSW
19  13.5  15.5   15:33  10.9   09:00   4.8   0.0   3.0   0.5   9.7   16:49   WNW
20  13.8  17.5   15:14  11.9   04:58   4.5   0.0   3.0   1.0   7.2   14:57     E
21  13.7  17.0   12:51  12.0   02:48   4.6   0.0   0.0   1.6   9.4   08:55   ENE
22  14.1  17.3   13:25  11.6   06:50   4.2   0.0   0.0   4.1  15.1   07:37     E
23  14.1  18.9   14:49  11.3   06:53   4.3   0.0   0.0   5.2  17.6   08:51     E
24  13.7  18.8   14:45  10.4   07:09   4.6   0.0   0.0   5.4  19.1   08:12     E
25  14.1  17.8   15:13  10.9   09:00   4.2   0.0   0.0   4.6  17.3   09:10   ENE
26  14.6  16.7   14:57  12.8   07:56   3.7   0.0   8.4   2.4  15.8   20:43   NNW
27  12.8  15.1   15:03  10.3   07:29   5.5   0.0  12.7   0.1   7.9   09:34   NNW
28  11.7  15.3   15:54   8.5   07:10   6.6   0.0   1.0   3.0  13.7   08:51   ESE
29  10.9  15.0   14:51   8.4   02:30   7.4   0.0   0.0   5.9  18.4   05:05     E
30  13.2  16.0   13:24   9.7   09:00   5.1   0.0   0.0   3.7  12.6   10:03    NE
----------------------------------------------------------------------------------
    13.4  20.6    17     8.2     7   146.8   0.5 128.1   3.2  29.9    10     ENE

Max >=  30.0  0
Max <=  15.0  4
Min <=  12.0 24
Min <=   8.0  0
Max Rain: 29.5 on day 9
Days of Rain: 14 (>= 0.2 mm)  6 (>= 5.0 mm)  2 (>= 20.0 mm)
Heat Base: 18.3  Cool Base: 18.3  Method: Integration