NOAA style reports
Select a Year or Month report
V/Λ2021 > Jan Feb Mar Apr May Jun Jul Aug Sep Oct Nov Dec
V/Λ2020 > Jan Feb Mar Apr May Jun Jul Aug Sep Oct Nov Dec
V/Λ2019 > Jan Feb Mar Apr May Jun Jul Aug Sep Oct Nov Dec
V/Λ2018 > Jan Feb Mar Apr May Jun Jul Aug Sep Oct Nov Dec
V/Λ2017 > Jan Feb Mar Apr May Jun Jul Aug Sep Oct Nov Dec
V/Λ2016 > Jan Feb Mar Apr May Jun Jul Aug Sep Oct Nov Dec
V/Λ2015 > Jan Feb Mar Apr May Jun Jul Aug Sep Oct Nov Dec
                   Monthly Climatological Summary for May 2018

Name: Eric Olthwaite   City: Gooseberry Hill   State: Western Australia
Elevation: 245 m  Lat: S 31° 57' 32"   Lon: E 116° 02' 48"

                  Temperature (°C), Rain (mm), Wind Speed (km/h)

                                      Heat  Cool        Avg
    Mean                              Deg   Deg         Wind                 Dom
Day Temp  High   Time   Low    Time   Days  Days  Rain  Speed High   Time    Dir
----------------------------------------------------------------------------------
01  15.6  19.9   14:10  12.3   07:25   2.9   0.2   0.0   1.6  13.3   10:37    SW
02  14.1  17.7   14:32  11.9   06:32   4.2   0.0   2.0   2.3  14.8   13:27    SW
03  14.8  19.1   14:10  11.5   06:47   3.5   0.1   0.0   2.4  10.8   08:39   SSE
04  16.0  20.0   14:40  13.1   05:32   2.5   0.2   0.0   4.3  24.5   07:14   ESE
05  20.2  25.6   14:24  15.2   09:00   0.4   2.3   3.3   3.7  17.6   08:56   NNW
06  15.9  19.0   12:30  12.8   06:59   2.4   0.0   0.0   3.0  23.0   12:44    SW
07  15.5  20.2   15:51  12.4   06:22   3.0   0.2   0.0   2.6  16.9   10:57   ESE
08  16.0  20.2   14:37  13.0   07:15   2.6   0.3   0.0   3.7  20.5   05:30    SE
09  17.0  21.8   13:45  13.4   07:06   1.9   0.6   0.0   6.8  27.0   10:45   ESE
10  17.9  21.5   15:41  14.7   09:00   1.1   0.7   0.0   8.4  32.8   10:47     E
11  21.3  25.6   15:02  16.2   09:00   0.1   3.1   0.0   7.3  23.8   03:57     E
12  21.6  29.1   14:45  17.7   06:09   0.1   3.4   0.0   1.8  15.8   09:33     E
13  19.2  24.0   14:55  15.2   07:30   0.7   1.5   0.0   4.1  23.0   07:11   ESE
14  18.6  23.9   14:34  14.0   06:37   1.2   1.5   0.0   8.2  26.6   05:40   ESE
15  18.7  24.1   14:40  15.0   09:00   1.1   1.4   0.0   5.7  22.0   10:03     E
16  18.2  23.5   14:54  14.2   05:56   1.4   1.2   0.0   3.9  20.2   07:28     E
17  17.6  22.7   14:22  12.7   07:30   1.7   1.0   0.0   5.6  22.0   21:50     E
18  16.8  21.9   14:22  12.5   07:28   2.2   0.7   0.0   6.1  20.5   00:10     E
19  16.5  21.6   14:59  12.4   07:42   2.3   0.6   0.0   5.2  22.0   23:06     E
20  17.0  21.9   15:01  13.6   09:00   2.0   0.7   0.0   5.3  19.1   07:15     E
21  17.7  22.7   14:41  14.4   09:00   1.6   0.9   0.0   6.1  20.2   04:47     E
22  19.1  24.5   14:19  15.8   09:00   0.7   1.5   0.0   5.5  21.6   06:01     E
23  19.7  24.8   14:32  16.8   09:00   0.3   1.8   0.0   5.2  23.0   03:03     E
24  18.5  24.4   15:09  12.7   07:23   1.8   2.1  32.5   5.1  24.5   19:43     N
25  13.5  16.1   12:05  12.3   09:47   4.8   0.0  39.6   7.5  33.5   09:41     W
26  14.0  15.6   14:04  13.0   20:26   4.3   0.0  11.4   3.7  17.6   12:51     W
27  14.6  18.7   13:12  11.7   05:57   3.7   0.0   1.0   3.0  20.9   16:53   WSW
28  13.3  16.2   12:55  11.2   06:09   5.0   0.0   0.0   2.0   9.7   12:50     S
29  14.5  18.8   14:59  11.7   07:27   3.8   0.0   0.0   4.5  20.9   06:07     E
30  16.0  19.7   15:21  12.4   09:00   2.5   0.2   0.0   4.1  15.8   22:12    NE
31  12.9  17.0   10:23  10.2   06:09   5.4   0.0  11.4   2.4  16.9   10:51     E
----------------------------------------------------------------------------------
    16.8  29.1    12    10.2    31    71.2  26.2 101.2   4.6  33.5    25       E

Max >=  30.0  0
Max <=  15.0  0
Min <=  12.0  6
Min <=   8.0  0
Max Rain: 39.6 on day 25
Days of Rain: 7 (>= 0.2 mm)  4 (>= 5.0 mm)  2 (>= 20.0 mm)
Heat Base: 18.3  Cool Base: 18.3  Method: Integration