NOAA style reports
Select a Year or Month report
V/Λ2021 > Jan Feb Mar Apr May Jun Jul Aug Sep Oct Nov Dec
V/Λ2020 > Jan Feb Mar Apr May Jun Jul Aug Sep Oct Nov Dec
V/Λ2019 > Jan Feb Mar Apr May Jun Jul Aug Sep Oct Nov Dec
V/Λ2018 > Jan Feb Mar Apr May Jun Jul Aug Sep Oct Nov Dec
V/Λ2017 > Jan Feb Mar Apr May Jun Jul Aug Sep Oct Nov Dec
V/Λ2016 > Jan Feb Mar Apr May Jun Jul Aug Sep Oct Nov Dec
V/Λ2015 > Jan Feb Mar Apr May Jun Jul Aug Sep Oct Nov Dec
                   Monthly Climatological Summary for Apr. 2018

Name: Eric Olthwaite   City: Gooseberry Hill   State: Western Australia
Elevation: 245 m  Lat: S 31° 57' 32"   Lon: E 116° 02' 48"

                  Temperature (°C), Rain (mm), Wind Speed (km/h)

                                      Heat  Cool        Avg
    Mean                              Deg   Deg         Wind                 Dom
Day Temp  High   Time   Low    Time   Days  Days  Rain  Speed High   Time    Dir
----------------------------------------------------------------------------------
01  20.2  26.2   15:10  14.9   06:35   0.7   2.6   0.0   5.6  25.2   07:33   ESE
02  23.8  29.2   15:20  17.8   09:00   0.0   5.5   0.0   6.4  22.7   11:04     E
03  24.1  32.2   14:01  19.2   06:34   0.0   5.8   0.0   1.7  13.7   13:17     W
04  21.9  27.9   13:19  17.2   06:16   0.1   3.7   0.0   4.2  19.8   02:09    SE
05  21.4  27.3   15:26  17.4   07:14   0.1   3.2   0.0   4.3  22.0   07:53     E
06  22.2  28.7   15:25  18.3   06:46   0.0   3.9   0.0   1.8  16.2   09:04   WNW
07  19.5  23.8   15:42  16.0   06:40   0.5   1.7   0.0   2.2  18.7   12:02   WSW
08  19.0  24.4   14:52  16.0   05:23   0.9   1.6   0.0   2.7  14.4   08:53     W
09  18.3  23.4   12:52  15.0   05:54   1.1   1.1   0.0   1.9  22.0   11:00   WSW
10  16.4  20.8   14:21  13.4   05:51   2.3   0.3   0.0   1.8  14.4   15:20   WSW
11  17.1  21.4   12:55  13.9   06:44   1.8   0.6   0.0   1.4  12.2   10:17   WSW
12  16.3  19.0   16:10  14.0   06:23   2.0   0.0   3.0   1.8  15.8   12:14   WSW
13  16.6  21.7   15:26  12.7   07:23   2.2   0.6   0.0   2.7  12.6   16:27   SSW
14  17.6  22.8   14:11  13.8   07:02   1.5   0.9   0.0   3.4  20.5   06:13    SE
15  20.0  25.2   15:28  15.9   09:00   0.4   2.1   0.0   5.6  25.6   05:41   ESE
16  21.5  28.9   15:46  17.5   09:00   0.1   3.3   0.0   3.4  22.3   09:01     E
17  19.2  23.8   14:10  16.1   06:57   0.5   1.4   3.0   1.7  17.3   14:07   WSW
18  16.6  20.6   14:45  14.4   01:04   2.0   0.3   0.0   1.3  14.4   14:46   WSW
19  16.1  19.6   13:04  13.6   04:44   2.4   0.1   2.0   1.3  13.0   12:41     W
20  17.1  21.9   14:34  14.3   09:00   1.9   0.6   0.0   2.3  21.2   14:30   WNW
21  20.4  25.4   14:14  17.3   09:00   0.1   2.2   4.1   3.2  20.2   01:16    NW
22  17.7  20.9   14:04  15.8   06:46   1.0   0.4   3.0   4.8  22.3   14:19     W
23  17.1  21.2   14:37  14.5   04:31   1.7   0.5   1.0   2.4  14.8   14:16    SW
24  17.0  21.3   13:32  13.6   07:16   1.9   0.6   0.0   2.6  18.7   08:34    SE
25  18.5  22.6   15:15  15.8   09:00   0.8   1.0   0.0   4.2  21.6   06:33     E
26  19.2  25.2   13:37  16.0   07:02   0.7   1.6   0.0   2.4  16.6   09:02     W
27  19.4  24.1   14:52  15.8   06:36   0.6   1.7   0.0   4.5  27.0   08:22   ESE
28  21.2  25.8   14:55  17.6   09:00   0.0   2.9   0.0   5.5  24.1   09:12     E
29  23.4  28.4   14:35  20.1   07:00   0.0   5.1   0.0   5.6  23.8   02:16     E
30  19.5  27.6   12:14  14.5   07:12   1.2   2.4   0.0   3.1  17.3   11:45   WSW
----------------------------------------------------------------------------------
    19.3  32.2     3    12.7    13    28.5  57.7  16.1   3.2  27.0    27      SE

Max >=  30.0  1
Max <=  15.0  0
Min <=  12.0  0
Min <=   8.0  0
Max Rain: 4.1 on day 21
Days of Rain: 6 (>= 0.2 mm)  0 (>= 5.0 mm)  0 (>= 20.0 mm)
Heat Base: 18.3  Cool Base: 18.3  Method: Integration