NOAA style reports
Select a Year or Month report
V/Λ2021 > Jan Feb Mar Apr May Jun Jul Aug Sep Oct Nov Dec
V/Λ2020 > Jan Feb Mar Apr May Jun Jul Aug Sep Oct Nov Dec
V/Λ2019 > Jan Feb Mar Apr May Jun Jul Aug Sep Oct Nov Dec
V/Λ2018 > Jan Feb Mar Apr May Jun Jul Aug Sep Oct Nov Dec
V/Λ2017 > Jan Feb Mar Apr May Jun Jul Aug Sep Oct Nov Dec
V/Λ2016 > Jan Feb Mar Apr May Jun Jul Aug Sep Oct Nov Dec
V/Λ2015 > Jan Feb Mar Apr May Jun Jul Aug Sep Oct Nov Dec
                   Monthly Climatological Summary for Mar. 2018

Name: Eric Olthwaite   City: Gooseberry Hill   State: Western Australia
Elevation: 245 m  Lat: S 31° 57' 32"   Lon: E 116° 02' 48"

                  Temperature (°C), Rain (mm), Wind Speed (km/h)

                                      Heat  Cool        Avg
    Mean                              Deg   Deg         Wind                 Dom
Day Temp  High   Time   Low    Time   Days  Days  Rain  Speed High   Time    Dir
----------------------------------------------------------------------------------
01  24.2  32.5   14:33  17.6   06:40   0.0   6.0   0.0   1.3  16.6   14:53   WSW
02  22.0  29.0   15:03  16.0   06:12   0.4   4.1   0.0   3.3  26.6   08:51   ESE
03  22.1  28.7   15:16  16.2   06:11   0.4   4.1   0.0   5.6  24.5   08:23   ESE
04  24.3  30.7   15:18  18.8   06:45   0.0   6.0   0.0   6.4  31.7   02:37   ESE
05  28.2  33.9   14:40  22.2   09:00   0.0   9.9   0.0   6.6  24.1   00:18     E
06  27.0  35.3   13:05  21.6   06:32   0.0   8.7   0.0   2.4  14.8   12:18   WNW
07  23.0  30.4   14:29  18.3   05:19   0.0   4.7   0.0   1.8  13.0   12:16     W
08  23.2  30.9   13:52  18.1   05:41   0.0   4.9   0.0   1.9  32.0   12:29   WSW
09  23.0  29.8   13:42  17.1   06:03   0.2   4.8   0.0   5.7  32.4   06:56    SE
10  21.9  29.2   15:31  16.7   05:27   0.3   3.9   0.0   9.3  33.5   21:58   ESE
11  24.2  30.6   15:32  18.5   06:28   0.0   5.9   0.0   7.8  29.5   07:21     E
12  26.9  32.4   15:28  21.2   09:00   0.0   8.6   0.0   6.9  26.6   09:54     E
13  29.4  36.2   14:29  23.5   07:35   0.0  11.1   0.0   2.5  18.7   09:01     E
14  23.8  28.6   15:55  20.5   08:42   0.0   5.5   2.0   1.5  11.9   15:00     W
15  20.9  25.0   13:03  17.3   06:34   0.1   2.7   0.0   2.1  17.6   15:21   WSW
16  19.9  25.7   14:38  16.8   02:47   0.4   2.1   0.0   2.4  13.0   15:07   WSW
17  17.7  23.7   14:37  12.9   06:51   1.8   1.2   0.0   4.3  22.0   08:15     S
18  20.6  26.7   15:39  15.8   09:00   0.3   2.6   0.0   4.0  23.0   02:27     E
19  23.9  29.5   14:55  18.7   06:52   0.0   5.6   0.0   5.7  24.1   23:58     E
20  26.7  31.1   14:10  21.9   09:00   0.0   8.4   0.0   7.2  27.0   01:05     E
21  28.3  36.0   14:51  21.5   06:34   0.0  10.0   0.0   3.0  21.6   11:17   ENE
22  22.0  27.5   14:29  17.5   06:25   0.1   3.8   0.0   3.0  20.5   14:56     W
23  22.9  27.9   15:43  17.5   07:01   0.1   4.6   0.0   5.6  28.4   01:22   ESE
24  20.5  25.5   13:56  17.5   07:31   0.1   2.2   0.0   8.2  29.9   02:40   ESE
25  20.9  22.6   15:09  17.9   09:00   0.0   2.6   0.0   6.5  25.6   09:04   ESE
26  19.5  23.1   12:59  16.1   07:12   0.5   1.7   2.0   2.8  27.0   14:24   WNW
27  18.2  23.6   14:44  14.5   06:38   1.3   1.3   0.0   1.9  13.0   16:03    SW
28  18.8  24.8   14:08  15.0   05:58   1.2   1.6   0.0   2.9  14.0   07:34   SSW
29  21.6  28.2   15:45  16.5   06:48   0.2   3.5   0.0   4.9  25.2   08:17   ESE
30  22.8  31.5   14:52  16.2   06:23   0.3   4.8   0.0   2.6  26.6   09:01    SE
31  21.0  27.0   14:56  15.6   06:41   0.5   3.2   0.0   4.0  25.2   08:57   ESE
----------------------------------------------------------------------------------
    22.9  36.2    13    12.9    17     8.2 150.1   4.0   4.3  33.5    10     ESE

Max >=  30.0 12
Max <=  15.0  0
Min <=  12.0  0
Min <=   8.0  0
Max Rain: 2.0 on day 14
Days of Rain: 2 (>= 0.2 mm)  0 (>= 5.0 mm)  0 (>= 20.0 mm)
Heat Base: 18.3  Cool Base: 18.3  Method: Integration