NOAA style reports
Select a Year or Month report
V/Λ2021 > Jan Feb Mar Apr May Jun Jul Aug Sep Oct Nov Dec
V/Λ2020 > Jan Feb Mar Apr May Jun Jul Aug Sep Oct Nov Dec
V/Λ2019 > Jan Feb Mar Apr May Jun Jul Aug Sep Oct Nov Dec
V/Λ2018 > Jan Feb Mar Apr May Jun Jul Aug Sep Oct Nov Dec
V/Λ2017 > Jan Feb Mar Apr May Jun Jul Aug Sep Oct Nov Dec
V/Λ2016 > Jan Feb Mar Apr May Jun Jul Aug Sep Oct Nov Dec
V/Λ2015 > Jan Feb Mar Apr May Jun Jul Aug Sep Oct Nov Dec
                   Monthly Climatological Summary for Feb. 2018

Name: Eric Olthwaite   City: Gooseberry Hill   State: Western Australia
Elevation: 245 m  Lat: S 31° 57' 32"   Lon: E 116° 02' 48"

                  Temperature (°C), Rain (mm), Wind Speed (km/h)

                                      Heat  Cool        Avg
    Mean                              Deg   Deg         Wind                 Dom
Day Temp  High   Time   Low    Time   Days  Days  Rain  Speed High   Time    Dir
----------------------------------------------------------------------------------
01  26.3  31.7   14:49  22.5   09:00   0.0   8.0   0.0   6.6  29.9   23:52     E
02  26.6  31.2   14:17  23.2   06:03   0.0   8.3   0.0   5.7  23.0   05:07     E
03  24.5  31.5   14:34  20.1   05:31   0.0   6.2   0.0   2.3  15.8   15:25     W
04  23.1  29.5   14:29  18.4   02:22   0.0   4.8   0.0   3.1  20.9   07:51    SW
05  24.4  30.7   16:33  19.2   06:21   0.0   6.1   0.0   1.5  12.6   13:36   WSW
06  23.6  31.2   14:28  18.4   04:34   0.0   5.3   0.0   2.1  13.3   13:14    SW
07  21.1  26.3   15:43  17.7   06:07   0.0   2.8   0.0   4.7  23.8   08:12   ESE
08  24.2  31.0   16:10  18.7   06:53   0.0   5.9   0.0   2.1  22.7   10:36     E
09  21.7  27.5   12:34  16.8   06:02   0.2   3.6   0.0   4.0  25.2   02:32     S
10  23.4  31.3   15:57  17.5   06:18   0.1   5.2   0.0   4.0  22.3   03:59   ESE
11  25.2  33.5   14:50  17.7   06:34   0.0   6.9   0.0   4.5  24.1   05:32    SE
12  23.5  33.3   14:53  15.6   06:53   0.4   5.6   0.0   2.4  20.9   09:09    SW
13  22.0  27.8   13:54  17.9   06:31   0.0   3.7   0.0   4.0  25.9   06:40    SE
14  24.7  31.6   15:11  19.1   06:29   0.0   6.4   0.0   4.2  26.3   02:03   ESE
15  28.6  36.5   15:58  21.1   06:17   0.0  10.3   0.0   5.4  26.3   04:57   ESE
16  24.9  34.4   11:20  19.9   05:10   0.0   6.6   0.0   2.7  18.7   13:02     W
17  23.0  29.2   14:56  19.2   04:02   0.0   4.7   0.0   2.0  14.8   16:29     W
18  23.3  29.4   13:07  19.5   06:08   0.0   5.0   0.0   2.8  14.4   14:13   WSW
19  23.0  29.5   14:07  18.2   06:12   0.0   4.7   0.0   3.0  17.6   05:52   SSW
20  21.7  27.7   14:55  15.7   06:09   0.5   3.9   0.0   5.2  24.5   00:42   ESE
21  23.0  29.6   14:52  19.4   09:00   0.0   4.7   0.0   3.7  20.5   09:29     E
22  23.4  30.8   12:37  18.7   06:23   0.0   5.1   0.0   2.2  14.0   13:19     W
23  22.0  29.6   15:22  15.7   06:37   0.5   4.1   0.0   6.0  33.8   04:33   ESE
24  24.8  30.1   15:34  18.6   09:00   0.0   6.5   0.0   7.4  28.1   10:20     E
25  24.5  29.7   13:02  19.7   07:39   0.0   6.2   0.0   1.7  14.4   12:40     W
26  18.9  23.3   16:03  14.7   06:46   1.0   1.5   0.0   2.7  17.3   15:48   WSW
27  19.2  24.9   14:52  15.3   06:23   0.7   1.6   0.0   3.5  20.2   06:05   SSE
28  22.8  28.9   15:36  18.6   09:00   0.0   4.5   0.0   2.5  24.8   09:23     E
----------------------------------------------------------------------------------
    23.5  36.5    15    14.7    26     3.4 148.2   0.0   3.6  33.8    23      SE

Max >=  30.0 14
Max <=  15.0  0
Min <=  12.0  0
Min <=   8.0  0
Max Rain: 0.0 on day 0
Days of Rain: 0 (>= 0.2 mm)  0 (>= 5.0 mm)  0 (>= 20.0 mm)
Heat Base: 18.3  Cool Base: 18.3  Method: Integration