NOAA style reports
Select a Year or Month report
V/Λ2021 > Jan Feb Mar Apr May Jun Jul Aug Sep Oct Nov Dec
V/Λ2020 > Jan Feb Mar Apr May Jun Jul Aug Sep Oct Nov Dec
V/Λ2019 > Jan Feb Mar Apr May Jun Jul Aug Sep Oct Nov Dec
V/Λ2018 > Jan Feb Mar Apr May Jun Jul Aug Sep Oct Nov Dec
V/Λ2017 > Jan Feb Mar Apr May Jun Jul Aug Sep Oct Nov Dec
V/Λ2016 > Jan Feb Mar Apr May Jun Jul Aug Sep Oct Nov Dec
V/Λ2015 > Jan Feb Mar Apr May Jun Jul Aug Sep Oct Nov Dec
                   Monthly Climatological Summary for Jan. 2018

Name: Eric Olthwaite   City: Gooseberry Hill   State: Western Australia
Elevation: 245 m  Lat: S 31° 57' 32"   Lon: E 116° 02' 48"

                  Temperature (°C), Rain (mm), Wind Speed (km/h)

                                      Heat  Cool        Avg
    Mean                              Deg   Deg         Wind                 Dom
Day Temp  High   Time   Low    Time   Days  Days  Rain  Speed High   Time    Dir
----------------------------------------------------------------------------------
01  26.1  34.2   14:41  19.9   05:38   0.0   7.8   0.0   3.8  24.5   08:15    SE
02  29.4  38.1   14:59  22.8   05:52   0.0  11.1   0.0   1.8  16.9   09:04   ESE
03  25.6  32.9   14:22  19.6   05:49   0.0   7.3   0.0   2.5  15.1   13:28     W
04  24.9  32.9   15:48  18.8   05:03   0.0   6.6   0.0   1.5  14.8   13:18   WSW
05  19.3  27.7   13:03  13.1   05:37   1.7   2.6   0.0   3.2  17.3   08:53   WSW
06  21.2  28.4   15:08  16.0   05:48   0.3   3.3   0.0   4.0  22.0   07:13   ESE
07  24.1  32.3   15:41  17.0   05:49   0.1   6.0   0.0   4.8  28.4   06:38   ESE
08  25.2  32.9   16:29  17.9   05:47   0.0   7.0   0.0   5.4  28.1   04:33   ESE
09  26.9  35.3   15:49  21.8   09:00   0.0   8.6   0.0   2.5  18.7   10:28   ESE
10  22.2  30.0   11:34  17.3   05:02   0.1   4.0   0.0   2.6  18.4   11:42   WSW
11  18.9  24.5   14:45  14.4   04:38   1.2   1.8   0.0   2.6  24.1   12:15   WSW
12  22.7  28.4   13:46  18.5   09:00   0.0   4.4   0.0   3.5  23.8   06:34    SE
13  28.9  36.3   16:25  22.7   05:25   0.0  10.6   0.0   4.7  21.6   09:01     E
14  26.7  36.5   12:16  19.6   08:24   0.0   8.4   1.0   6.7  32.0   04:08     E
15  19.1  21.9   08:58  17.7   05:15   0.1   0.9  86.4   9.5  36.7   09:37     E
16  24.6  29.9   11:53  21.9   09:00   0.0   6.3   0.0   2.0  20.9   09:01   WNW
17  21.2  24.5   13:54  18.4   06:26   0.0   2.9   4.1   0.9   9.4   14:59     W
18  21.3  27.3   17:37  15.6   05:45   0.5   3.4   0.0   4.1  22.3   08:08   ESE
19  23.6  29.4   16:26  18.2   06:01   0.0   5.3   0.0   5.0  24.5   06:07   ESE
20  27.1  34.7   15:23  22.1   05:23   0.0   8.8   0.0   1.7  18.7   10:06   ESE
21  26.8  34.3   14:35  19.6   05:50   0.0   8.5   0.0   4.9  28.4   23:08   ESE
22  26.8  32.8   16:30  20.8   06:10   0.0   8.5   0.0   4.8  23.8   06:09   ESE
23  26.7  33.7   16:57  19.7   06:12   0.0   8.4   0.0   5.0  25.6   01:08   ESE
24  25.6  33.2   14:25  19.6   06:47   0.0   7.3   0.0   2.7  18.0   09:28   ESE
25  24.4  32.2   14:30  19.5   06:01   0.0   6.1   0.0   2.8  17.3   05:20   SSW
26  24.4  33.1   13:58  18.7   06:22   0.0   6.1   0.0   2.0  13.3   14:02   WSW
27  22.8  29.1   14:00  18.0   05:56   0.0   4.5   0.0   3.5  20.2   08:24   SSW
28  21.6  28.3   15:43  15.2   04:44   0.7   4.0   0.0   6.0  30.2   07:31   ESE
29  21.9  29.5   15:58  15.6   05:41   0.6   4.2   0.0   7.6  32.4   00:02   ESE
30  22.3  28.9   15:37  16.6   06:04   0.3   4.3   0.0   7.3  34.9   23:43     E
31  24.0  30.3   16:06  18.7   06:09   0.0   5.7   0.0   5.0  22.0   10:27     E
----------------------------------------------------------------------------------
    24.1  38.1     2    13.1     5     5.6 184.7  91.5   4.0  36.7    15     ESE

Max >=  30.0 18
Max <=  15.0  0
Min <=  12.0  0
Min <=   8.0  0
Max Rain: 86.4 on day 15
Days of Rain: 3 (>= 0.2 mm)  1 (>= 5.0 mm)  1 (>= 20.0 mm)
Heat Base: 18.3  Cool Base: 18.3  Method: Integration