NOAA style reports
Select a Year or Month report
V/Λ2021 > Jan Feb Mar Apr May Jun Jul Aug Sep Oct Nov Dec
V/Λ2020 > Jan Feb Mar Apr May Jun Jul Aug Sep Oct Nov Dec
V/Λ2019 > Jan Feb Mar Apr May Jun Jul Aug Sep Oct Nov Dec
V/Λ2018 > Jan Feb Mar Apr May Jun Jul Aug Sep Oct Nov Dec
V/Λ2017 > Jan Feb Mar Apr May Jun Jul Aug Sep Oct Nov Dec
V/Λ2016 > Jan Feb Mar Apr May Jun Jul Aug Sep Oct Nov Dec
V/Λ2015 > Jan Feb Mar Apr May Jun Jul Aug Sep Oct Nov Dec
                   Monthly Climatological Summary for Dec. 2017

Name: Eric Olthwaite   City: Gooseberry Hill   State: Western Australia
Elevation: 245 m  Lat: S 31° 57' 32"   Lon: E 116° 02' 48"

                  Temperature (°C), Rain (mm), Wind Speed (km/h)

                                      Heat  Cool        Avg
    Mean                              Deg   Deg         Wind                 Dom
Day Temp  High   Time   Low    Time   Days  Days  Rain  Speed High   Time    Dir
----------------------------------------------------------------------------------
01  21.2  28.0   15:32  16.1   05:29   0.3   3.2   0.0   4.2  28.1   06:48   ESE
02  26.3  33.9   16:21  19.6   05:28   0.0   8.0   0.0   5.2  28.1   02:52   ESE
03  24.1  32.5   14:02  19.0   08:20   0.0   5.8   6.1   2.5  21.2   09:26     E
04  20.1  23.0   15:35  18.5   06:05   0.0   1.8   0.0   0.8  13.0   12:14     E
05  21.6  28.0   14:19  16.4   05:45   0.3   3.6   0.0   2.7  18.4   08:37   SSW
06  21.3  28.9   16:02  14.7   05:44   0.8   3.7   0.0   5.2  36.7   02:26   ESE
07  22.6  29.4   15:32  15.8   05:33   0.3   4.6   0.0   4.2  22.0   09:07   ESE
08  27.0  34.0   15:19  20.6   09:00   0.0   8.7   0.0   5.2  25.9   02:49     E
09  25.2  31.2   10:24  22.0   05:51   0.0   6.9   0.0   2.8  19.1   09:00     E
10  29.1  37.7   14:35  24.3   05:28   0.0  10.8   0.0   2.8  16.6   09:04   ENE
11  27.0  35.6   14:28  21.0   05:02   0.0   8.7   0.0   1.9  15.1   15:38     W
12  22.4  29.5   12:44  16.3   05:13   0.3   4.4   0.0   2.1  19.8   16:06   WSW
13  20.7  26.1   13:16  16.4   04:47   0.4   2.8   0.0   2.9  22.7   08:29     S
14  22.0  29.2   13:57  17.3   05:37   0.1   3.8   0.0   3.3  20.5   06:29   ESE
15  23.6  30.8   13:24  18.3   05:55   0.0   5.3   0.0   2.5  21.2   04:52     S
16  21.0  29.2   12:11  15.2   08:23   0.7   3.4   3.3   4.8  18.0   04:45     W
17  15.0  21.4   14:06  12.0   01:53   3.6   0.3  22.9   5.0  32.0   21:38     W
18  15.5  18.5   15:29  12.4   05:17   2.8   0.0   5.1   3.3  22.0   11:55   WSW
19  18.9  24.6   14:28  14.4   05:26   1.0   1.6   0.0   3.5  20.9   04:47    SE
20  23.0  29.5   15:01  18.4   05:37   0.0   4.7   0.0   3.7  19.1   08:55     E
21  27.8  35.7   15:11  20.8   05:33   0.0   9.5   0.0   3.7  17.6   02:13   ESE
22  25.3  33.3   13:55  17.1   05:52   0.1   7.1   0.0   4.2  27.7   06:22   ESE
23  24.3  31.9   15:53  17.4   05:47   0.1   6.1   0.0   4.9  28.1   03:23   ESE
24  26.6  33.9   16:06  21.2   06:13   0.0   8.3   0.0   3.8  22.0   06:45   ESE
25  25.1  33.7   14:19  17.8   04:58   0.0   6.8   0.0   1.8  14.8   12:19     W
26  21.5  28.4   13:44  16.1   05:43   0.4   3.6   0.0   2.2  15.1   12:46   WSW
27  20.4  27.3   14:05  15.7   05:38   0.5   2.7   0.0   2.7  21.6   07:08    SW
28  21.6  28.5   13:52  16.0   05:57   0.3   3.6   0.0   3.6  24.5   07:27   SSE
29  23.6  30.6   15:11  17.4   05:44   0.1   5.4   0.0   4.0  22.7   02:48   ESE
30  26.4  34.2   15:35  19.4   06:12   0.0   8.1   0.0   3.9  22.7   07:45    SE
31  25.6  33.9   13:35  18.1   06:14   0.0   7.3   0.0   3.7  24.8   03:11    SE
----------------------------------------------------------------------------------
    23.1  37.7    10    12.0    17    12.1 160.6  37.4   3.5  36.7     6      SE

Max >=  30.0 15
Max <=  15.0  0
Min <=  12.0  1
Min <=   8.0  0
Max Rain: 22.9 on day 17
Days of Rain: 4 (>= 0.2 mm)  3 (>= 5.0 mm)  1 (>= 20.0 mm)
Heat Base: 18.3  Cool Base: 18.3  Method: Integration