NOAA style reports
Select a Year or Month report
V/Λ2021 > Jan Feb Mar Apr May Jun Jul Aug Sep Oct Nov Dec
V/Λ2020 > Jan Feb Mar Apr May Jun Jul Aug Sep Oct Nov Dec
V/Λ2019 > Jan Feb Mar Apr May Jun Jul Aug Sep Oct Nov Dec
V/Λ2018 > Jan Feb Mar Apr May Jun Jul Aug Sep Oct Nov Dec
V/Λ2017 > Jan Feb Mar Apr May Jun Jul Aug Sep Oct Nov Dec
V/Λ2016 > Jan Feb Mar Apr May Jun Jul Aug Sep Oct Nov Dec
V/Λ2015 > Jan Feb Mar Apr May Jun Jul Aug Sep Oct Nov Dec
                   Monthly Climatological Summary for Nov. 2017

Name: Eric Olthwaite   City: Gooseberry Hill   State: Western Australia
Elevation: 245 m  Lat: S 31° 57' 32"   Lon: E 116° 02' 48"

                  Temperature (°C), Rain (mm), Wind Speed (km/h)

                                      Heat  Cool        Avg
    Mean                              Deg   Deg         Wind                 Dom
Day Temp  High   Time   Low    Time   Days  Days  Rain  Speed High   Time    Dir
----------------------------------------------------------------------------------
01  21.0  28.4   15:10  14.2   05:25   1.1   3.8   0.0   6.2  29.2   01:33   ESE
02  19.2  26.4   14:09  13.2   05:36   1.5   2.4   0.0   6.8  25.2   22:32   ESE
03  20.0  27.0   14:15  14.8   05:34   0.7   2.4   0.0   4.8  24.8   04:26   ESE
04  22.0  29.1   14:33  14.7   05:50   0.7   4.3   0.0   5.5  30.6   07:19   ESE
05  22.2  29.8   14:47  14.6   05:26   0.7   4.5   0.0   6.2  27.0   08:49   ESE
06  23.9  31.3   14:54  17.1   05:38   0.1   5.8   0.0   5.8  25.9   08:05   ESE
07  27.0  34.0   15:40  21.5   06:20   0.0   8.7   0.0   4.6  22.0   09:11     E
08  25.5  33.8   13:46  20.0   05:46   0.0   7.2   0.0   3.2  16.2   06:34     E
09  25.1  31.1   14:12  20.2   06:16   0.0   6.8   0.0   2.1  14.4   15:07    SE
10  25.6  32.2   13:16  21.6   22:49   0.0   7.3   0.0   3.2  17.6   07:20   SSE
11  27.3  35.7   12:58  22.0   06:10   0.0   9.0   0.0   2.8  20.5   03:52    SE
12  25.7  32.6   14:19  19.5   06:03   0.0   7.4   0.0   2.2  20.5   09:56   ESE
13  22.0  29.7   13:25  15.1   05:28   0.8   4.4   0.0   4.8  25.2   22:30    SE
14  20.9  28.7   14:59  13.0   05:19   1.2   3.8   0.0   6.9  28.4   02:37   ESE
15  24.7  30.5   15:08  18.9   09:00   0.0   6.4   0.0   6.6  33.1   11:08     E
16  25.2  33.8   14:17  19.7   05:14   0.0   6.9   0.0   2.6  15.8   13:02    NW
17  19.3  24.0   12:10  16.4   06:07   0.5   1.5   2.0   3.1  21.2   11:21   WNW
18  19.2  24.6   15:04  15.6   04:14   0.8   1.7   0.0   2.1  17.3   13:47     W
19  18.5  24.4   12:33  14.5   04:54   1.4   1.7   0.0   1.5  16.9   14:00     W
20  18.9  24.5   13:26  14.6   05:14   1.1   1.6   0.0   2.0  17.3   14:18   WSW
21  19.7  26.8   15:11  13.3   05:52   1.1   2.5   0.0   4.5  30.6   07:38   ESE
22  21.6  28.7   15:31  14.3   05:38   0.7   4.0   0.0   5.3  24.1   06:44   ESE
23  23.9  30.9   15:54  18.1   05:19   0.0   5.6   0.0   3.8  22.0   09:01   ESE
24  23.9  32.2   14:12  17.2   05:41   0.1   5.7   0.0   1.9  15.1   01:32   WSW
25  23.2  31.8   15:42  16.1   05:40   0.3   5.2   0.0   5.1  32.8   02:05   ESE
26  23.9  31.3   13:29  17.8   05:32   0.0   5.6   0.0   2.0  17.3   01:53     E
27  21.7  28.4   12:18  17.5   06:44   0.1   3.5   0.0   2.7  18.4   15:21     W
28  18.3  23.7   13:22  14.3   03:37   1.4   1.3   0.0   1.9  19.1   11:39   WSW
29  17.5  22.5   13:07  13.6   04:08   1.8   1.0   0.0   2.7  18.7   08:32   SSW
30  18.1  24.1   14:04  12.7   05:27   1.6   1.5   0.0   3.8  24.1   03:35    SE
----------------------------------------------------------------------------------
    22.2  35.7    11    12.7    30    17.7 133.5   2.0   3.9  33.1    15     ESE

Max >=  30.0 13
Max <=  15.0  0
Min <=  12.0  0
Min <=   8.0  0
Max Rain: 2.0 on day 17
Days of Rain: 1 (>= 0.2 mm)  0 (>= 5.0 mm)  0 (>= 20.0 mm)
Heat Base: 18.3  Cool Base: 18.3  Method: Integration