NOAA style reports
Select a Year or Month report
V/Λ2021 > Jan Feb Mar Apr May Jun Jul Aug Sep Oct Nov Dec
V/Λ2020 > Jan Feb Mar Apr May Jun Jul Aug Sep Oct Nov Dec
V/Λ2019 > Jan Feb Mar Apr May Jun Jul Aug Sep Oct Nov Dec
V/Λ2018 > Jan Feb Mar Apr May Jun Jul Aug Sep Oct Nov Dec
V/Λ2017 > Jan Feb Mar Apr May Jun Jul Aug Sep Oct Nov Dec
V/Λ2016 > Jan Feb Mar Apr May Jun Jul Aug Sep Oct Nov Dec
V/Λ2015 > Jan Feb Mar Apr May Jun Jul Aug Sep Oct Nov Dec
                   Monthly Climatological Summary for Sep. 2017

Name: Eric Olthwaite   City: Gooseberry Hill   State: Western Australia
Elevation: 245 m  Lat: S 31° 57' 32"   Lon: E 116° 02' 48"

                  Temperature (°C), Rain (mm), Wind Speed (km/h)

                                      Heat  Cool        Avg
    Mean                              Deg   Deg         Wind                 Dom
Day Temp  High   Time   Low    Time   Days  Days  Rain  Speed High   Time    Dir
----------------------------------------------------------------------------------
01  10.1  14.0   11:10   6.8   06:00   8.2   0.0   3.0   2.3  22.0   16:23   WSW
02  10.8  15.0   13:32   7.9   06:16   7.5   0.0   0.0   2.8  10.4   08:25   SSW
03  12.0  16.1   15:29   9.1   07:17   6.3   0.0   0.0   2.7  16.6   08:44   SSE
04  12.3  17.5   14:02   8.2   06:24   6.0   0.0   0.0   5.4  22.0   08:38   ESE
05  15.1  20.3   14:30  11.1   09:00   3.5   0.3   0.0   6.6  24.8   07:38   ESE
06  18.7  23.6   14:32  14.6   09:00   0.8   1.3   0.0   4.5  22.0   09:04   ESE
07  18.1  23.0   12:44  15.3   02:23   1.2   1.0   0.0   6.0  17.6   08:12     E
08  18.0  23.7   13:41  13.9   06:28   1.6   1.3   0.0   1.1  15.1   09:12   WNW
09  17.0  22.5   14:00  13.6   05:20   2.0   0.7   0.0   1.4  15.1   13:15     W
10  15.5  19.4   15:23  12.3   04:56   2.9   0.1   4.1   0.9  10.1   13:47     W
11  14.4  18.4   11:37  12.0   05:32   3.9   0.0   2.0   4.0  19.8   02:20     W
12  13.0  17.6   14:57   8.4   06:45   5.3   0.0   0.0   4.2  22.0   05:33    SE
13  15.0  20.1   14:39  11.3   09:00   3.6   0.2   0.0   6.0  20.5   07:26   ESE
14  18.5  23.1   14:23  14.6   07:57   0.8   1.0   0.0   5.6  21.6   05:38   ESE
15  18.8  25.6   15:19  14.6   03:16   1.4   2.0   0.0   2.0  18.4   11:13   ESE
16  17.9  23.6   14:08  15.7   07:03   1.3   0.9   0.0   1.7  14.8   12:38     W
17  16.1  21.3   13:58  12.2   06:05   2.7   0.6   0.0   2.5  19.8   08:22   WSW
18  18.4  24.4   14:56  14.3   06:06   1.4   1.5   0.0   1.8  17.3   09:00   ESE
19  17.4  22.1   12:39  14.5   03:28   1.5   0.6   7.4   3.6  16.6   01:23     W
20  17.4  20.9   14:11  15.9   05:52   1.3   0.3   9.4   4.9  20.2   12:53   WNW
21  14.8  17.8   10:53  12.5   06:24   3.5   0.0   8.1   5.9  22.3   09:27   WNW
22  12.9  16.6   12:15  10.4   05:48   5.4   0.0   8.1   5.6  34.6   12:34     W
23  12.5  15.9   14:38  10.0   03:35   5.8   0.0   4.1   2.6  12.6   12:53    SW
24  11.4  15.8   11:18   9.2   02:23   6.9   0.0  13.5   1.1  19.1   15:48     N
25  10.8  14.6   16:02   8.7   00:48   7.5   0.0   3.0   1.0   9.0   16:10   SSE
26  12.2  17.3   13:36   8.2   04:35   6.1   0.0   0.0   2.3  12.6   14:20    SW
27  11.5  15.1   12:07   9.2   01:35   6.8   0.0   0.0   1.5  15.8   14:27     W
28  11.0  14.8   10:54   9.0   06:18   7.3   0.0   7.4   1.2  13.0   06:43     S
29  13.2  17.4   15:40  10.0   05:59   5.1   0.0   0.0   3.2  18.7   07:38   SSE
30  14.7  20.2   15:20  10.6   05:18   3.8   0.2   0.0   5.9  22.0   08:05   ESE
----------------------------------------------------------------------------------
    14.7  25.6    15     6.8     1   121.4  12.0  70.1   3.3  34.6    22     SSE

Max >=  30.0  0
Max <=  15.0  4
Min <=  12.0 17
Min <=   8.0  2
Max Rain: 13.5 on day 24
Days of Rain: 11 (>= 0.2 mm)  6 (>= 5.0 mm)  0 (>= 20.0 mm)
Heat Base: 18.3  Cool Base: 18.3  Method: Integration