NOAA style reports
Select a Year or Month report
V/Λ2021 > Jan Feb Mar Apr May Jun Jul Aug Sep Oct Nov Dec
V/Λ2020 > Jan Feb Mar Apr May Jun Jul Aug Sep Oct Nov Dec
V/Λ2019 > Jan Feb Mar Apr May Jun Jul Aug Sep Oct Nov Dec
V/Λ2018 > Jan Feb Mar Apr May Jun Jul Aug Sep Oct Nov Dec
V/Λ2017 > Jan Feb Mar Apr May Jun Jul Aug Sep Oct Nov Dec
V/Λ2016 > Jan Feb Mar Apr May Jun Jul Aug Sep Oct Nov Dec
V/Λ2015 > Jan Feb Mar Apr May Jun Jul Aug Sep Oct Nov Dec
                   Monthly Climatological Summary for Aug. 2017

Name: Eric Olthwaite   City: Gooseberry Hill   State: Western Australia
Elevation: 245 m  Lat: S 31° 57' 32"   Lon: E 116° 02' 48"

                  Temperature (°C), Rain (mm), Wind Speed (km/h)

                                      Heat  Cool        Avg
    Mean                              Deg   Deg         Wind                 Dom
Day Temp  High   Time   Low    Time   Days  Days  Rain  Speed High   Time    Dir
----------------------------------------------------------------------------------
01   9.4  13.2   14:57   6.5   07:37   8.9   0.0   0.0   2.9  10.8   23:48    SE
02   9.3  13.5   15:07   6.7   01:32   9.0   0.0   0.0   2.4  14.4   10:04     E
03  10.4  14.9   14:01   7.3   09:00   7.9   0.0   4.3   1.9  23.0   13:47   WSW
04  11.7  13.1   12:05   9.7   09:00   6.6   0.0   0.0   1.2  11.9   14:53     W
05  12.3  16.2   14:44  10.0   02:58   5.9   0.0   0.0   1.5  11.2   12:23    SW
06  14.0  17.8   15:05  12.2   09:00   4.3   0.0   0.0   2.2  16.6   16:16   WNW
07  14.7  17.1   13:33  13.0   07:17   3.6   0.0   0.0   2.3  18.7   04:29   WNW
08  11.2  16.1   11:57   7.8   06:18   7.1   0.0  45.0   2.6  22.0   06:05     W
09   8.4  11.1   13:26   6.5   07:25   9.9   0.0   5.3   2.4  24.8   13:33   WSW
10  11.2  14.3   14:59   8.2   09:00   7.1   0.0   0.0   1.9  13.3   12:10    NW
11  13.6  16.0   13:21  12.3   09:00   4.7   0.0  22.1   4.1  22.0   18:28   WNW
12  14.4  16.9   16:05  12.8   01:51   3.9   0.0   5.1   4.5  24.8   13:37   WNW
13  14.6  17.5   14:39  13.1   05:59   3.7   0.0  11.4   4.2  23.8   14:48   WNW
14  11.9  15.7   15:00   9.4   04:35   6.4   0.0  15.5   6.4  32.8   11:59     W
15  12.0  15.4   14:25  10.0   07:27   6.3   0.0   5.3   4.0  20.2   14:43     W
16  10.7  14.8   13:42   7.8   02:51   7.6   0.0   1.0   2.9  22.0   10:54   WSW
17  12.5  16.3   15:00  10.1   09:00   5.8   0.0   0.0   2.5  13.7   16:01     N
18  13.6  18.7   13:57  10.4   07:44   4.7   0.0   8.4   1.5  12.6   14:37   WNW
19  11.9  16.4   12:53   9.8   03:55   6.4   0.0   0.0   2.4  18.4   12:54   WSW
20  11.9  15.5   14:32   9.5   00:34   6.4   0.0   0.0   1.6   8.6   11:27   SSW
21  12.5  15.0   15:41  10.8   04:24   5.7   0.0   0.0   1.0  12.6   13:23     W
22  13.6  18.0   13:32  10.8   03:58   4.6   0.0   0.0   3.1  21.2   04:24   ESE
23  13.2  18.3   13:33   9.4   06:18   5.0   0.0   0.0   5.0  19.8   08:20    SE
24  14.8  20.1   14:46  10.5   06:31   3.7   0.2   0.0   6.6  29.2   14:14   ESE
25  15.3  20.3   15:02  11.0   07:42   3.3   0.3   0.0   4.1  17.6   07:21    SE
26  15.2  19.7   14:00  12.1   07:03   3.2   0.1   0.0   6.4  24.5   01:18   ESE
27  16.6  22.0   14:28  12.1   06:25   2.5   0.8   0.0   7.9  22.0   11:46   ESE
28  17.1  22.6   14:37  13.1   09:00   1.9   0.8   0.0   5.8  23.8   09:12   ESE
29  14.8  17.3   16:11  13.2   00:50   3.5   0.0   1.0   0.5  10.8   09:01   ESE
30  14.5  18.3   14:42  11.9   02:22   3.8   0.0   6.1   2.0  11.9   10:09     W
31  13.2  16.0   14:31  11.2   06:01   5.1   0.0  11.4   1.0  17.3   11:07     W
----------------------------------------------------------------------------------
    12.9  22.6    28     6.5     1   168.5   2.2 141.9   3.2  32.8    14     SSW

Max >=  30.0  0
Max <=  15.0  8
Min <=  12.0 22
Min <=   8.0  6
Max Rain: 45.0 on day 8
Days of Rain: 13 (>= 0.2 mm)  10 (>= 5.0 mm)  2 (>= 20.0 mm)
Heat Base: 18.3  Cool Base: 18.3  Method: Integration