NOAA style reports
Select a Year or Month report
V/Λ2021 > Jan Feb Mar Apr May Jun Jul Aug Sep Oct Nov Dec
V/Λ2020 > Jan Feb Mar Apr May Jun Jul Aug Sep Oct Nov Dec
V/Λ2019 > Jan Feb Mar Apr May Jun Jul Aug Sep Oct Nov Dec
V/Λ2018 > Jan Feb Mar Apr May Jun Jul Aug Sep Oct Nov Dec
V/Λ2017 > Jan Feb Mar Apr May Jun Jul Aug Sep Oct Nov Dec
V/Λ2016 > Jan Feb Mar Apr May Jun Jul Aug Sep Oct Nov Dec
V/Λ2015 > Jan Feb Mar Apr May Jun Jul Aug Sep Oct Nov Dec
                   Monthly Climatological Summary for Jul. 2017

Name: Eric Olthwaite   City: Gooseberry Hill   State: Western Australia
Elevation: 245 m  Lat: S 31° 57' 32"   Lon: E 116° 02' 48"

                  Temperature (°C), Rain (mm), Wind Speed (km/h)

                                      Heat  Cool        Avg
    Mean                              Deg   Deg         Wind                 Dom
Day Temp  High   Time   Low    Time   Days  Days  Rain  Speed High   Time    Dir
----------------------------------------------------------------------------------
01   8.1  12.2   10:05   6.1   03:41  10.2   0.0  28.2   1.1  20.9   11:38   WSW
02   9.9  12.6   15:04   7.6   09:00   8.4   0.0   0.0   0.5  10.1   14:24   WSW
03  10.3  14.3   13:17   8.2   02:04   8.0   0.0   4.1   0.9  19.8   15:43   WNW
04  10.8  13.0   15:56   9.5   09:00   7.5   0.0   5.3   0.6  14.4   06:02    NW
05   8.4  10.7   09:39   6.9   03:25   9.9   0.0  15.7   1.3  15.8   16:46   WSW
06  10.7  13.5   14:06   8.3   09:00   7.6   0.0  13.5   1.4  18.4   05:09   WNW
07  11.4  14.9   13:23   9.0   05:49   6.9   0.0   0.0   1.7  12.6   13:58   SSE
08  11.7  15.4   14:23   8.8   07:23   6.6   0.0   0.0   2.1  12.2   10:22   ESE
09  11.9  15.8   14:25   9.4   05:57   6.4   0.0   0.0   3.8  18.0   05:13     E
10  13.1  16.0   13:58  10.6   09:00   5.2   0.0   0.0   3.8  16.2   09:03    NE
11  14.4  16.6   15:03  12.6   09:00   3.9   0.0   3.0   5.9  27.7   04:40   WNW
12  15.1  18.2   13:33  13.1   07:49   3.2   0.0   6.1   4.3  28.4   11:02     W
13  13.9  16.2   13:13  12.1   05:20   4.4   0.0   1.0   1.9  13.3   08:19     E
14  14.4  17.0   14:19  12.8   05:02   3.9   0.0   0.0   1.0   9.7   12:08    NW
15  14.3  17.2   12:40  12.6   06:18   4.0   0.0   6.4   3.8  22.7   11:57     W
16  12.9  17.0   14:53   9.6   07:10   5.4   0.0   0.0   3.0  13.0   11:26    SE
17  12.9  17.7   14:28  10.2   06:30   5.4   0.0   0.0   6.4  23.0   02:36     E
18  16.1  21.3   15:21  12.2   09:00   2.7   0.5  13.5   3.2  16.6   21:34   WNW
19  12.8  16.2   13:55  11.3   01:25   5.5   0.0  19.8   3.6  28.8   02:53   WNW
20  12.9  15.3   14:14  11.7   07:18   5.4   0.0   7.4   3.6  25.9   11:06     W
21  14.1  18.0   14:20  11.5   05:53   4.2   0.0   7.1   3.8  30.2   14:09     W
22  13.4  16.4   13:58  11.9   07:29   4.9   0.0   3.0   1.2  12.2   13:12     W
23  12.7  15.2   15:09  10.9   05:55   5.6   0.0  23.1   1.8  15.1   13:15     W
24  12.9  15.6   13:53  11.4   00:20   5.4   0.0   1.0   1.3  14.0   13:52     W
25  13.6  16.7   15:48  12.2   06:49   4.7   0.0   1.0   2.5  18.4   15:47   WNW
26  13.4  16.5   14:39  12.1   03:59   4.9   0.0  34.8   2.5  20.2   14:45    NE
27  15.7  18.9   13:27  13.5   09:00   2.6   0.0  12.4   5.2  27.0   02:23   WNW
28  11.2  15.2   11:55   8.5   04:10   7.1   0.0   8.1   6.1  22.7   09:24     W
29  10.3  13.1   16:07   8.2   06:07   8.0   0.0  10.4   2.5  15.1   14:26    SW
30  12.2  16.0   13:15   9.4   09:00   6.0   0.0   0.0   2.8  14.0   07:04    NW
31   8.6  12.7   11:19   6.4   05:18   9.7   0.0  21.8   2.0  27.7   11:45     W
----------------------------------------------------------------------------------
    12.4  21.3    18     6.1     1   183.6   0.5 246.7   2.8  30.2    21       W

Max >=  30.0  0
Max <=  15.0  9
Min <=  12.0 22
Min <=   8.0  4
Max Rain: 34.8 on day 26
Days of Rain: 22 (>= 0.2 mm)  16 (>= 5.0 mm)  4 (>= 20.0 mm)
Heat Base: 18.3  Cool Base: 18.3  Method: Integration