NOAA style reports
Select a Year or Month report
V/Λ2021 > Jan Feb Mar Apr May Jun Jul Aug Sep Oct Nov Dec
V/Λ2020 > Jan Feb Mar Apr May Jun Jul Aug Sep Oct Nov Dec
V/Λ2019 > Jan Feb Mar Apr May Jun Jul Aug Sep Oct Nov Dec
V/Λ2018 > Jan Feb Mar Apr May Jun Jul Aug Sep Oct Nov Dec
V/Λ2017 > Jan Feb Mar Apr May Jun Jul Aug Sep Oct Nov Dec
V/Λ2016 > Jan Feb Mar Apr May Jun Jul Aug Sep Oct Nov Dec
V/Λ2015 > Jan Feb Mar Apr May Jun Jul Aug Sep Oct Nov Dec
                   Monthly Climatological Summary for Jun. 2017

Name: Eric Olthwaite   City: Gooseberry Hill   State: Western Australia
Elevation: 245 m  Lat: S 31° 57' 32"   Lon: E 116° 02' 48"

                  Temperature (°C), Rain (mm), Wind Speed (km/h)

                                      Heat  Cool        Avg
    Mean                              Deg   Deg         Wind                 Dom
Day Temp  High   Time   Low    Time   Days  Days  Rain  Speed High   Time    Dir
----------------------------------------------------------------------------------
01  16.8  20.7   15:11  13.9   07:31   2.0   0.4   0.0   1.7  12.6   11:18   ESE
02  16.7  21.0   13:15  14.5   05:02   2.1   0.5   0.0   1.0  14.0   14:47     W
03  16.5  19.9   13:18  13.4   07:55   2.1   0.2   0.0   3.5  19.8   03:28   ESE
04  16.0  20.4   14:51  13.1   07:05   2.5   0.3   0.0   4.1  19.8   01:11   ESE
05  17.2  21.9   14:34  13.6   09:00   1.7   0.6   0.0   5.4  20.2   02:44     E
06  16.5  21.9   14:45  13.6   02:45   2.4   0.6   0.0   1.7  12.2   11:39   SSE
07  15.4  20.4   14:17  11.0   08:13   3.2   0.3   0.0   5.6  24.5   08:12   ESE
08  14.5  19.9   14:57  11.0   05:17   4.0   0.2   0.0   6.3  21.2   09:51   ESE
09  15.8  20.8   14:55  11.9   09:00   2.9   0.4   0.0   5.5  22.7   09:38     E
10  14.9  18.1   14:20  12.9   07:41   3.4   0.0   0.0   5.9  18.4   05:55     E
11  15.5  20.5   15:18  12.2   06:11   3.0   0.2   0.0   6.3  22.7   06:21     E
12  16.3  21.1   15:08  13.1   09:00   2.5   0.4   0.0   5.3  17.3   23:17     E
13  16.3  21.2   13:27  12.9   07:26   2.5   0.4  15.7   3.5  16.2   03:40   ESE
14  17.2  18.5   14:28  13.2   09:00   1.1   0.0   0.0   2.8  20.9   11:13   ESE
15  17.2  18.5   14:28  13.2   09:00   1.1   0.0   0.0   2.2  20.9   11:13   ESE
16  17.2  18.5   14:28  13.2   09:00   1.1   0.0   0.0   2.2  20.9   11:13   ESE
17  17.2  18.5   14:28  13.2   09:00   1.1   0.0   0.0   2.2  20.9   11:13   ESE
18  15.5  17.6   09:00  12.5   07:58   2.8   0.0   0.0   3.6  13.0   07:17   ESE
19  15.8  20.2   14:45  12.6   07:18   2.8   0.2   0.0   2.9  18.7   07:04   ESE
20  15.9  20.5   14:21  13.0   07:22   2.7   0.3   0.0   2.7  15.8   09:05    NW
21  14.2  18.2   14:25  12.3   00:54   4.1   0.0  33.5   4.7  22.7   23:35   WNW
22  13.0  14.5   09:10  12.3   20:17   5.3   0.0   2.0   4.4  20.9   10:01    SW
23  13.2  16.5   14:12  10.2   07:11   5.1   0.0   0.0   7.2  25.9   12:39   ESE
24  11.9  16.3   14:29   8.7   07:25   6.4   0.0   0.0   3.8  23.8   10:56   ESE
25  10.8  14.9   14:17   8.1   01:08   7.5   0.0   0.0   2.7  19.8   09:28   ESE
26  12.3  16.1   14:24  10.0   09:00   6.0   0.0   0.0   1.6  12.2   10:30    SE
27  12.0  16.5   14:14   8.7   07:32   6.3   0.0   0.0   4.1  26.3   07:52   ESE
28  11.6  16.5   15:14   8.5   06:49   6.7   0.0   0.0   5.5  23.8   09:17   ESE
29  12.4  16.7   14:57   8.5   09:00   5.9   0.0   0.0   3.7  16.6   08:00    NE
30  12.6  16.7   14:20  10.5   04:12   5.7   0.0   4.1   2.6  23.0   13:58   WNW
----------------------------------------------------------------------------------
    14.9  21.9     5     8.1    25   106.0   5.0  55.3   3.8  26.3    27     ESE

Max >=  30.0  0
Max <=  15.0  2
Min <=  12.0 11
Min <=   8.0  0
Max Rain: 33.5 on day 21
Days of Rain: 4 (>= 0.2 mm)  2 (>= 5.0 mm)  1 (>= 20.0 mm)
Heat Base: 18.3  Cool Base: 18.3  Method: Integration