NOAA style reports
Select a Year or Month report
V/Λ2021 > Jan Feb Mar Apr May Jun Jul Aug Sep Oct Nov Dec
V/Λ2020 > Jan Feb Mar Apr May Jun Jul Aug Sep Oct Nov Dec
V/Λ2019 > Jan Feb Mar Apr May Jun Jul Aug Sep Oct Nov Dec
V/Λ2018 > Jan Feb Mar Apr May Jun Jul Aug Sep Oct Nov Dec
V/Λ2017 > Jan Feb Mar Apr May Jun Jul Aug Sep Oct Nov Dec
V/Λ2016 > Jan Feb Mar Apr May Jun Jul Aug Sep Oct Nov Dec
V/Λ2015 > Jan Feb Mar Apr May Jun Jul Aug Sep Oct Nov Dec
                   Monthly Climatological Summary for May 2017

Name: Eric Olthwaite   City: Gooseberry Hill   State: Western Australia
Elevation: 245 m  Lat: S 31° 57' 32"   Lon: E 116° 02' 48"

                  Temperature (°C), Rain (mm), Wind Speed (km/h)

                                      Heat  Cool        Avg
    Mean                              Deg   Deg         Wind                 Dom
Day Temp  High   Time   Low    Time   Days  Days  Rain  Speed High   Time    Dir
----------------------------------------------------------------------------------
01  16.7  22.4   14:22  12.1   06:45   2.4   0.8   0.0   5.6  25.6   09:26     E
02  18.9  23.7   14:44  14.3   09:00   0.6   1.2   0.0   6.1  24.8   09:33     E
03  20.7  27.1   14:53  17.5   06:41   0.1   2.5   0.0   1.6  13.0   14:51    NW
04  18.9  22.8   14:10  16.5   07:29   0.4   1.0   9.1   1.9  18.7   13:19     W
05  17.8  22.0   14:41  15.0   07:17   1.1   0.7   0.0   2.2  19.1   08:02   ESE
06  19.0  23.6   15:05  15.8   09:00   0.6   1.4   0.0   4.6  22.7   05:07     E
07  20.9  27.3   14:36  16.5   06:24   0.2   2.9   0.0   2.7  18.0   09:07     E
08  19.7  25.5   14:08  16.7   07:12   0.3   1.7   2.0   1.4  12.2   14:18     W
09  15.7  19.5   15:33  12.7   05:42   2.7   0.1   1.0   1.2   9.7   08:40   SSE
10  15.6  19.8   14:22  12.7   06:58   2.9   0.2   0.0   2.8  19.8   10:06    SE
11  15.3  20.1   14:11  11.1   07:33   3.2   0.2   0.0   3.5  18.7   07:59   ESE
12  15.4  19.8   14:57  11.5   09:00   3.1   0.2   0.0   2.5  16.6   09:00     E
13  16.8  21.0   14:13  13.9   09:00   1.9   0.4   0.0   3.5  24.8   05:57     E
14  17.3  23.1   13:42  14.5   07:24   1.7   0.8   4.1   6.3  25.2   07:00   WNW
15  15.8  17.2   10:24  15.2   11:25   2.5   0.0   7.4   6.3  25.6   09:46     W
16  14.8  15.8   09:00  12.3   07:36   3.5   0.0   0.0   5.0  19.1   08:23    SW
17  15.1  18.8   14:00  12.7   09:00   3.2   0.0   0.0   6.6  27.0   09:29     E
18  18.1  22.7   14:40  14.2   09:00   1.0   0.8   1.0   2.3  18.7   06:08   WNW
19  15.6  20.4   14:48  11.9   05:12   3.0   0.2   7.4   2.6  21.6   14:39     W
20  13.0  15.2   14:12  11.7   00:57   5.3   0.0  17.5   2.7  19.1   00:01    NW
21  11.7  15.0   11:49   9.8   03:05   6.6   0.0   5.1   1.0  13.3   09:09   WSW
22  13.7  16.3   13:00  11.4   09:00   4.6   0.0   7.4   0.6  13.7   12:59     W
23  14.7  16.1   12:52  13.4   07:12   3.6   0.0   1.0   0.0   5.8   12:17   WNW
24  14.6  18.6   14:58  12.1   06:39   3.7   0.0   1.0   1.5  13.0   06:54   ESE
25  15.6  19.8   14:29  13.3   00:11   2.8   0.2   2.0   1.7  12.2   12:16     W
26  13.5  17.3   13:01  10.0   07:31   4.8   0.0   0.0   1.7  17.6   08:44    SE
27  12.7  16.3   14:37   9.9   07:28   5.6   0.0   0.0   2.7  19.1   10:55   ESE
28  12.9  17.4   14:47  10.0   08:10   5.4   0.0   0.0   4.0  16.6   07:55   ESE
29  14.1  18.9   14:45  10.7   09:00   4.2   0.0   0.0   6.1  21.6   03:57     E
30  16.4  21.7   14:15  13.6   09:00   2.3   0.5   0.0   3.4  16.2   04:05     E
31  17.9  23.0   13:41  14.6   07:40   1.3   0.9   0.0   2.2  10.8   05:17   ESE
----------------------------------------------------------------------------------
    16.1  27.3     7     9.8    21    84.6  16.7  66.0   3.1  27.0    17     ESE

Max >=  30.0  0
Max <=  15.0  1
Min <=  12.0 10
Min <=   8.0  0
Max Rain: 17.5 on day 20
Days of Rain: 13 (>= 0.2 mm)  6 (>= 5.0 mm)  0 (>= 20.0 mm)
Heat Base: 18.3  Cool Base: 18.3  Method: Integration