NOAA style reports
Select a Year or Month report
V/Λ2021 > Jan Feb Mar Apr May Jun Jul Aug Sep Oct Nov Dec
V/Λ2020 > Jan Feb Mar Apr May Jun Jul Aug Sep Oct Nov Dec
V/Λ2019 > Jan Feb Mar Apr May Jun Jul Aug Sep Oct Nov Dec
V/Λ2018 > Jan Feb Mar Apr May Jun Jul Aug Sep Oct Nov Dec
V/Λ2017 > Jan Feb Mar Apr May Jun Jul Aug Sep Oct Nov Dec
V/Λ2016 > Jan Feb Mar Apr May Jun Jul Aug Sep Oct Nov Dec
V/Λ2015 > Jan Feb Mar Apr May Jun Jul Aug Sep Oct Nov Dec
                   Monthly Climatological Summary for Apr. 2017

Name: Eric Olthwaite   City: Gooseberry Hill   State: Western Australia
Elevation: 245 m  Lat: S 31° 57' 32"   Lon: E 116° 02' 48"

                  Temperature (°C), Rain (mm), Wind Speed (km/h)

                                      Heat  Cool        Avg
    Mean                              Deg   Deg         Wind                 Dom
Day Temp  High   Time   Low    Time   Days  Days  Rain  Speed High   Time    Dir
----------------------------------------------------------------------------------
01  21.9  28.0   15:15  17.3   09:00   0.1   3.7   0.0   5.0  22.7   03:19     E
02  23.7  29.3   14:29  19.2   07:01   0.0   5.4   0.0   3.5  18.0   09:13     E
03  22.7  30.0   15:10  15.7   06:31   0.5   4.9   0.0   4.8  25.6   02:54   ESE
04  22.5  28.4   15:37  18.3   09:00   0.0   4.2   0.0   3.4  22.0   09:09     E
05  22.2  29.3   15:11  16.6   06:58   0.2   4.1   0.0   1.3  12.2   14:09   WNW
06  18.4  24.5   13:48  13.9   07:02   1.4   1.5   0.0   2.0  14.0   16:05     W
07  16.3  21.4   15:12  11.4   06:56   2.6   0.6   0.0   2.8  15.8   13:44   ESE
08  17.3  22.1   14:16  13.2   06:59   1.9   0.8   0.0   3.6  22.0   03:12   ESE
09  19.6  25.2   14:46  14.9   07:05   0.7   2.0   0.0   4.3  23.0   11:35   ESE
10  21.4  27.1   14:49  16.5   07:28   0.2   3.2   0.0   4.6  19.8   05:46     E
11  19.9  27.0   13:20  14.6   06:33   1.1   2.7   0.0   2.3  15.8   12:57   WNW
12  18.6  23.6   14:27  15.7   05:33   1.0   1.2   0.0   3.4  20.9   04:56   ESE
13  20.3  25.5   15:11  16.3   07:04   0.3   2.4   0.0   3.8  20.2   00:56   ESE
14  20.9  27.4   14:40  17.2   09:00   0.2   2.8   0.0   1.1  13.0   09:27    NE
15  21.2  27.2   14:32  16.5   07:35   0.3   3.2   0.0   5.1  24.8   03:24   ESE
16  19.1  24.0   15:02  15.0   06:48   0.8   1.7   0.0   1.8  16.9   10:07     E
17  17.4  19.8   14:29  15.4   02:05   1.2   0.3   0.0   1.1  17.3   08:53   ENE
18  18.2  22.5   14:37  15.0   06:41   1.1   1.0   0.0   1.3  16.2   09:16     W
19  18.6  23.5   15:07  16.1   05:58   0.8   1.1   0.0   1.8  17.6   08:06   ESE
20  21.3  27.2   15:03  18.0   06:56   0.0   3.1   0.0   3.1  18.0   08:11   ESE
21  21.7  27.6   14:08  17.8   07:37   0.0   3.4   0.0   3.2  15.1   08:01   ESE
22  21.1  27.2   14:25  16.6   06:53   0.3   3.1   0.0   4.3  22.3   07:22    SE
23  19.8  25.5   13:42  14.8   06:52   0.9   2.4   0.0   5.0  21.2   11:26   ESE
24  18.4  23.9   15:17  13.3   06:58   1.5   1.5   0.0   3.0  18.4   01:23   ESE
25  17.9  22.6   14:02  14.1   07:06   1.4   1.0   0.0   2.4  18.0   09:14   ESE
26  19.2  23.8   14:02  15.8   06:54   0.6   1.5   0.0   3.0  15.8   08:47     E
27  19.3  24.6   13:39  15.5   06:53   0.8   1.8   0.0   2.9  13.3   09:00     E
28  19.3  24.7   14:25  15.3   06:33   0.7   1.7   0.0   2.9  16.9   07:13   ESE
29  19.5  25.1   15:07  15.3   06:35   0.6   1.8   0.0   1.3  13.0   09:11     E
30  18.0  23.0   14:42  13.6   05:22   1.5   1.2   0.0   3.5  22.7   04:00    SE
----------------------------------------------------------------------------------
    19.9  30.0     3    11.4     7    22.7  69.3   0.0   3.1  25.6     3     ESE

Max >=  30.0  1
Max <=  15.0  0
Min <=  12.0  1
Min <=   8.0  0
Max Rain: 0.0 on day 0
Days of Rain: 0 (>= 0.2 mm)  0 (>= 5.0 mm)  0 (>= 20.0 mm)
Heat Base: 18.3  Cool Base: 18.3  Method: Integration