NOAA style reports
Select a Year or Month report
V/Λ2021 > Jan Feb Mar Apr May Jun Jul Aug Sep Oct Nov Dec
V/Λ2020 > Jan Feb Mar Apr May Jun Jul Aug Sep Oct Nov Dec
V/Λ2019 > Jan Feb Mar Apr May Jun Jul Aug Sep Oct Nov Dec
V/Λ2018 > Jan Feb Mar Apr May Jun Jul Aug Sep Oct Nov Dec
V/Λ2017 > Jan Feb Mar Apr May Jun Jul Aug Sep Oct Nov Dec
V/Λ2016 > Jan Feb Mar Apr May Jun Jul Aug Sep Oct Nov Dec
V/Λ2015 > Jan Feb Mar Apr May Jun Jul Aug Sep Oct Nov Dec
                   Monthly Climatological Summary for Mar. 2017

Name: Eric Olthwaite   City: Gooseberry Hill   State: Western Australia
Elevation: 245 m  Lat: S 31° 57' 32"   Lon: E 116° 02' 48"

                  Temperature (°C), Rain (mm), Wind Speed (km/h)

                                      Heat  Cool        Avg
    Mean                              Deg   Deg         Wind                 Dom
Day Temp  High   Time   Low    Time   Days  Days  Rain  Speed High   Time    Dir
----------------------------------------------------------------------------------
01  28.1  36.6   15:02  22.1   03:14   0.0   9.8  13.5   2.9  18.4   09:17     E
02  24.6  27.5   12:01  22.3   06:36   0.0   6.3   0.0   0.9  11.2   10:11     E
03  28.1  34.8   14:27  22.6   06:40   0.0   9.8   0.0   3.0  21.2   05:51   ESE
04  27.3  33.5   14:58  20.5   06:50   0.0   9.0   0.0   5.0  26.3   07:46   ESE
05  27.6  34.1   14:15  21.9   06:59   0.0   9.3   0.0   3.3  22.0   09:07   ESE
06  26.2  34.3   14:46  20.8   06:50   0.0   7.9   0.0   1.0  12.6   13:12     W
07  27.3  34.1   15:19  21.2   06:52   0.0   9.0   0.0   3.5  21.6   06:28    SE
08  25.4  32.4   14:19  18.5   05:25   0.0   7.1   0.0   4.6  25.9   01:41   ESE
09  23.6  30.0   15:29  18.8   07:15   0.0   5.3   0.0   5.2  25.6   06:48   ESE
10  21.6  28.3   15:16  15.2   06:02   0.7   4.0   0.0   7.5  42.1   08:44   ESE
11  22.6  28.7   15:49  17.4   06:34   0.1   4.4   0.0   8.0  31.0   09:13   ESE
12  20.3  22.1   12:09  19.4   05:13   0.0   2.0   4.3   6.0  27.7   20:58     E
13  19.0  21.8   16:42  16.2   06:07   0.4   1.2   1.0   4.6  22.3   09:12   WNW
14  18.1  21.9   11:00  15.3   06:17   1.1   0.9   1.0   5.5  25.2   13:32     W
15  18.3  23.8   14:45  13.9   06:35   1.3   1.3   0.0   3.1  22.3   06:43    SE
16  20.1  26.8   15:01  15.1   06:03   0.8   2.5   0.0   1.8  21.6   09:36   ENE
17  20.1  24.8   12:41  17.0   08:46   0.2   1.9   1.0   2.8  15.8   12:29     W
18  16.0  18.3   11:54  13.0   06:17   2.3   0.0   0.0   1.9  14.0   06:58   SSW
19  17.6  22.9   15:02  12.7   06:37   1.8   1.1   0.0   4.0  22.7   08:45   ESE
20  20.0  25.0   15:24  15.7   09:00   0.4   2.1   0.0   5.6  26.3   07:23     E
21  17.0  18.2   16:21  15.4   13:17   1.3   0.0   4.1   7.9  34.9   19:52     E
22  19.1  23.2   12:48  16.5   06:25   0.4   1.2   1.0   3.2  21.2   11:42   WNW
23  18.8  23.8   14:50  15.5   05:03   0.8   1.3   0.0   1.9  16.6   13:18     W
24  20.5  25.7   15:45  16.3   06:10   0.4   2.5   0.0   3.6  20.9   06:54   ESE
25  20.6  26.6   13:32  16.0   06:57   0.3   2.6   1.0   3.8  22.0   04:01     W
26  16.5  21.1   13:59  12.6   06:06   2.3   0.6   0.0   2.9  20.9   14:20     W
27  17.1  22.6   15:11  13.3   06:03   2.1   0.9   0.0   1.1  11.2   10:07     W
28  17.0  21.2   15:11  12.6   06:20   2.0   0.7   0.0   3.1  25.9   07:04    SE
29  17.6  23.4   15:08  12.6   06:24   1.8   1.2   0.0   6.6  25.9   12:48   ESE
30  20.6  25.9   14:52  15.6   09:00   0.4   2.7   0.0   3.7  22.7   09:47   ESE
31  21.1  27.9   15:08  14.6   06:48   0.7   3.5   0.0   4.5  24.1   06:38   ESE
----------------------------------------------------------------------------------
    21.2  36.6     1    12.6    26    21.6 112.1  26.9   4.0  42.1    10     ESE

Max >=  30.0  8
Max <=  15.0  0
Min <=  12.0  0
Min <=   8.0  0
Max Rain: 13.5 on day 1
Days of Rain: 8 (>= 0.2 mm)  1 (>= 5.0 mm)  0 (>= 20.0 mm)
Heat Base: 18.3  Cool Base: 18.3  Method: Integration