NOAA style reports
Select a Year or Month report
V/Λ2021 > Jan Feb Mar Apr May Jun Jul Aug Sep Oct Nov Dec
V/Λ2020 > Jan Feb Mar Apr May Jun Jul Aug Sep Oct Nov Dec
V/Λ2019 > Jan Feb Mar Apr May Jun Jul Aug Sep Oct Nov Dec
V/Λ2018 > Jan Feb Mar Apr May Jun Jul Aug Sep Oct Nov Dec
V/Λ2017 > Jan Feb Mar Apr May Jun Jul Aug Sep Oct Nov Dec
V/Λ2016 > Jan Feb Mar Apr May Jun Jul Aug Sep Oct Nov Dec
V/Λ2015 > Jan Feb Mar Apr May Jun Jul Aug Sep Oct Nov Dec
                   Monthly Climatological Summary for Feb. 2017

Name: Eric Olthwaite   City: Gooseberry Hill   State: Western Australia
Elevation: 245 m  Lat: S 31° 57' 32"   Lon: E 116° 02' 48"

                  Temperature (°C), Rain (mm), Wind Speed (km/h)

                                      Heat  Cool        Avg
    Mean                              Deg   Deg         Wind                 Dom
Day Temp  High   Time   Low    Time   Days  Days  Rain  Speed High   Time    Dir
----------------------------------------------------------------------------------
01  22.8  28.5   16:22  18.5   05:54   0.0   4.5   0.0   5.1  26.3   10:28     E
02  25.2  30.5   15:16  20.3   09:00   0.0   6.9   0.0   3.2  21.2   10:26     E
03  24.9  33.0   13:17  18.5   03:57   0.0   6.6   0.0   1.7  14.0   13:48     W
04  22.9  29.9   13:34  18.2   06:19   0.0   4.6   0.0   4.0  22.7   02:40    SE
05  22.8  29.3   15:27  16.3   05:30   0.3   4.8   0.0   5.7  25.2   09:22   ESE
06  26.9  32.5   15:13  20.6   09:00   0.0   8.6   0.0   3.5  23.8   10:27     E
07  20.8  28.1   10:50  14.9   06:23   0.7   3.3   0.0   2.7  15.8   17:16     W
08  19.8  25.8   15:03  14.3   07:40   0.9   2.4   1.0   4.4  25.2   02:33   SSE
09  14.9  15.9   15:03  14.1   03:12   3.4   0.0  54.6   5.8  28.8   14:04    SE
10  18.0  19.0   08:46  15.3   09:00   0.4   0.1  10.4   6.4  32.0   00:47   ESE
11  20.4  24.1   14:22  18.4   05:01   0.0   2.1   0.0   9.0  33.5   04:56   ESE
12  22.9  26.3   15:27  19.7   09:00   0.0   4.6   0.0   8.7  34.2   15:16     E
13  26.4  31.2   16:06  22.2   09:00   0.0   8.1   1.0   1.2  19.8   10:13     E
14  25.1  30.9   15:18  21.1   03:16   0.0   6.8   0.0   2.5  22.0   06:29   ENE
15  24.1  30.9   14:21  17.9   06:02   0.0   5.8   0.0   5.7  23.8   05:07     E
16  23.5  30.2   15:21  15.9   06:29   0.3   5.5   0.0   5.2  29.9   06:28   ESE
17  23.8  30.6   14:50  17.0   06:27   0.1   5.6   0.0   6.6  25.9   08:36   ESE
18  27.1  33.4   15:06  21.2   09:00   0.0   8.8   0.0   6.2  25.2   06:06     E
19  26.9  36.0   13:32  19.8   06:54   0.0   8.6   0.0   1.9  18.4   13:35   WNW
20  21.1  27.6   12:51  16.5   07:21   0.2   3.0   0.0   3.3  15.1   05:31     W
21  17.5  22.1   13:27  13.8   05:52   1.7   0.9   0.0   2.2  18.4   16:01     W
22  19.3  24.8   15:14  16.0   02:49   0.7   1.8   0.0   1.7  16.6   08:33    SW
23  24.4  30.7   15:44  19.6   06:08   0.0   6.1   0.0   3.2  24.1   08:26   ESE
24  27.9  34.7   15:14  22.8   05:47   0.0   9.6   0.0   4.9  20.5   09:15     E
25  28.4  37.0   14:42  20.1   06:51   0.0  10.1   0.0   1.1  16.2   09:20    NE
26  23.3  30.4   12:48  18.2   05:54   0.0   5.0   0.0   1.9  15.8   15:49   WNW
27  24.1  31.2   14:18  20.5   00:51   0.0   5.8   0.0   2.3  19.8   06:50   ENE
28  26.6  33.5   14:55  21.3   06:45   0.0   8.3   0.0   3.6  23.8   07:26     E
----------------------------------------------------------------------------------
    23.3  37.0    25    13.8    21     8.7 148.3  67.0   4.1  34.2    12     ESE

Max >=  30.0 16
Max <=  15.0  0
Min <=  12.0  0
Min <=   8.0  0
Max Rain: 54.6 on day 9
Days of Rain: 4 (>= 0.2 mm)  2 (>= 5.0 mm)  1 (>= 20.0 mm)
Heat Base: 18.3  Cool Base: 18.3  Method: Integration