NOAA style reports
Select a Year or Month report
V/Λ2021 > Jan Feb Mar Apr May Jun Jul Aug Sep Oct Nov Dec
V/Λ2020 > Jan Feb Mar Apr May Jun Jul Aug Sep Oct Nov Dec
V/Λ2019 > Jan Feb Mar Apr May Jun Jul Aug Sep Oct Nov Dec
V/Λ2018 > Jan Feb Mar Apr May Jun Jul Aug Sep Oct Nov Dec
V/Λ2017 > Jan Feb Mar Apr May Jun Jul Aug Sep Oct Nov Dec
V/Λ2016 > Jan Feb Mar Apr May Jun Jul Aug Sep Oct Nov Dec
V/Λ2015 > Jan Feb Mar Apr May Jun Jul Aug Sep Oct Nov Dec
                   Monthly Climatological Summary for Dec. 2016

Name: Eric Olthwaite   City: Gooseberry Hill   State: Western Australia
Elevation: 245 m  Lat: S 31° 57' 32"   Lon: E 116° 02' 48"

                  Temperature (°C), Rain (mm), Wind Speed (km/h)

                                      Heat  Cool        Avg
    Mean                              Deg   Deg         Wind                 Dom
Day Temp  High   Time   Low    Time   Days  Days  Rain  Speed High   Time    Dir
----------------------------------------------------------------------------------
01  18.9  25.1   14:02  13.6   05:34   1.2   1.8   0.0   3.9  24.8   02:31   ESE
02  20.8  28.9   13:39  15.5   05:00   0.7   3.3   0.0   1.6  13.3   12:35   WNW
03  18.4  23.2   12:21  14.1   05:44   1.2   1.4   0.0   2.6  19.8   12:59     W
04  18.0  25.0   14:07  13.2   06:07   1.9   1.6   0.0   2.2  13.7   14:22     W
05  19.0  25.0   13:09  15.0   04:52   1.1   1.8   0.0   2.4  15.8   14:19     W
06  20.3  26.2   13:19  16.7   00:20   0.5   2.5   0.0   2.3  16.2   15:53     W
07  19.8  26.0   13:55  13.2   05:46   1.1   2.6   0.0   4.9  28.4   07:02   ESE
08  23.0  30.4   16:09  16.5   05:37   0.2   4.9   0.0   4.6  30.6   04:44     E
09  27.3  34.9   14:26  21.5   05:30   0.0   9.1   0.0   4.2  20.5   07:48   ESE
10  26.0  37.1   12:09  19.2   03:48   0.0   7.7   0.0   2.4  19.8   09:10   WNW
11  22.6  30.6   13:47  18.2   06:41   0.0   4.3  10.4   1.8  12.2   09:25   WNW
12  18.1  22.7   13:30  14.3   05:10   1.2   1.0   5.3   1.8  14.8   12:16    SW
13  20.9  27.3   15:58  15.9   05:04   0.4   3.0   0.0   3.7  21.6   03:29     E
14  24.3  30.7   15:08  18.6   05:32   0.0   6.0   0.0   4.2  22.0   05:52     E
15  24.2  31.4   14:39  17.3   05:43   0.1   6.0   0.0   2.4  20.2   09:28     E
16  22.1  30.1   14:39  14.2   04:52   1.0   4.7   0.0   6.1  32.0   06:21   ESE
17  22.1  30.5   14:19  15.5   05:46   0.4   4.1   0.0   2.0  25.9   09:52   NNE
18  20.4  27.2   14:25  14.7   04:52   0.9   3.0   0.0   2.7  21.6   05:47     W
19  22.2  29.0   14:05  15.7   05:45   0.3   4.3   0.0   4.4  29.5   08:19   ESE
20  26.2  33.4   15:35  19.6   05:36   0.0   7.9   0.0   5.8  32.4   00:54     E
21  28.5  40.4   15:34  20.2   05:51   0.0  10.2   0.0   3.0  22.0   09:45     N
22  23.4  30.0   15:04  19.0   05:33   0.0   5.1   0.0   3.2  23.8   03:32   ENE
23  26.0  34.0   14:02  20.0   06:17   0.0   7.7   0.0   2.0  17.3   05:03    NW
24  24.8  32.5   14:11  18.0   05:47   0.0   6.5   0.0   2.0  15.1   04:14     W
25  24.8  33.0   15:02  16.2   05:33   0.3   6.7   0.0   4.5  27.7   04:23     E
26  21.7  33.0   13:04  15.4   06:59   0.7   4.0   1.0   4.4  18.4   15:23     W
27  17.4  22.4   14:44  13.0   05:29   1.9   1.0   0.0   2.6  22.0   10:43     W
28  18.2  24.2   14:27  13.3   05:34   1.7   1.6   0.0   2.5  17.3   16:24     W
29  19.9  26.4   13:59  15.0   05:37   0.8   2.4   0.0   2.6  18.7   06:27   WNW
30  18.8  24.4   14:38  13.6   05:26   1.4   1.9   0.0   2.7  21.6   15:25     W
31  21.8  28.9   16:32  15.9   05:47   0.4   3.8   0.0   3.9  27.7   08:15   ESE
----------------------------------------------------------------------------------
    21.9  40.4    21    13.0    27    19.4 131.9  16.7   3.2  32.4    20       E

Max >=  30.0 15
Max <=  15.0  0
Min <=  12.0  0
Min <=   8.0  0
Max Rain: 10.4 on day 11
Days of Rain: 3 (>= 0.2 mm)  2 (>= 5.0 mm)  0 (>= 20.0 mm)
Heat Base: 18.3  Cool Base: 18.3  Method: Integration