NOAA style reports
Select a Year or Month report
V/Λ2021 > Jan Feb Mar Apr May Jun Jul Aug Sep Oct Nov Dec
V/Λ2020 > Jan Feb Mar Apr May Jun Jul Aug Sep Oct Nov Dec
V/Λ2019 > Jan Feb Mar Apr May Jun Jul Aug Sep Oct Nov Dec
V/Λ2018 > Jan Feb Mar Apr May Jun Jul Aug Sep Oct Nov Dec
V/Λ2017 > Jan Feb Mar Apr May Jun Jul Aug Sep Oct Nov Dec
V/Λ2016 > Jan Feb Mar Apr May Jun Jul Aug Sep Oct Nov Dec
V/Λ2015 > Jan Feb Mar Apr May Jun Jul Aug Sep Oct Nov Dec
                   Monthly Climatological Summary for Nov. 2016

Name: Eric Olthwaite   City: Gooseberry Hill   State: Western Australia
Elevation: 245 m  Lat: S 31° 57' 32"   Lon: E 116° 02' 48"

                  Temperature (°C), Rain (mm), Wind Speed (km/h)

                                      Heat  Cool        Avg
    Mean                              Deg   Deg         Wind                 Dom
Day Temp  High   Time   Low    Time   Days  Days  Rain  Speed High   Time    Dir
----------------------------------------------------------------------------------
01  19.2  26.1   15:35  12.9   05:39   1.2   2.2   0.0   5.1  24.1   05:04   ESE
02  20.8  29.9   13:59  13.5   05:34   1.3   3.8   0.0   1.6  21.6   09:02    NW
03  18.8  25.1   14:33  15.1   04:49   1.2   1.7   0.0   1.8  15.1   07:33   WSW
04  21.4  27.7   14:56  17.2   05:51   0.1   3.2   0.0   3.5  24.5   03:09   ESE
05  26.0  35.1   15:23  18.2   05:56   0.0   7.7   0.0   1.6  16.9   09:16   ENE
06  18.7  26.3   13:12  11.9   05:33   2.0   2.4   0.0   3.1  20.9   13:12    SW
07  16.9  23.8   13:52  11.9   05:12   2.4   1.1   0.0   3.2  24.8   02:39   ESE
08  17.4  24.9   14:01  12.3   05:04   2.4   1.5   0.0   2.0  15.1   13:59     W
09  15.9  21.6   15:03  11.6   05:34   2.8   0.4   0.0   1.5  16.6   15:36     W
10  15.3  21.0   10:53  12.0   04:45   3.3   0.3   1.0   2.5  18.7   11:07     W
11  15.6  20.8   14:41  11.5   05:36   3.1   0.4   0.0   2.0  18.0   10:52     W
12  17.9  23.3   14:45  13.7   05:42   1.7   1.2   0.0   3.6  24.8   07:06   ESE
13  23.2  30.1   15:59  17.8   05:37   0.0   5.0   0.0   4.7  23.8   06:35     E
14  28.4  34.9   15:04  23.4   05:31   0.0  10.1   0.0   4.3  20.2   00:02   ENE
15  23.3  34.9   11:37  17.8   04:50   0.0   5.0   0.0   4.3  18.7   15:30   WNW
16  15.7  19.9   09:01  11.6   05:28   2.8   0.2   3.0   1.9  17.3   13:39     W
17  17.1  23.2   14:27  13.1   05:34   2.2   1.0   0.0   3.1  20.5   07:13    SE
18  21.2  29.2   14:36  16.0   02:38   0.6   3.5   0.0   1.5  14.8   09:03   NNE
19  20.4  27.2   14:30  15.4   03:27   0.8   2.9   0.0   2.1  15.8   14:30     W
20  17.5  23.7   14:21  12.4   05:16   2.2   1.3   0.0   2.5  16.2   13:53   SSW
21  17.6  23.5   13:40  13.6   05:22   1.8   1.2   0.0   3.2  22.0   07:32    SE
22  21.6  28.4   14:55  16.5   05:25   0.2   3.6   0.0   3.9  22.3   08:53   ESE
23  24.4  31.9   14:07  17.9   05:02   0.0   6.1   0.0   4.1  22.7   00:33   ESE
24  24.9  33.6   14:45  16.6   05:30   0.2   6.7   0.0   5.0  28.4   04:31   ESE
25  27.1  33.8   13:52  21.2   05:36   0.0   8.8   0.0   4.1  22.0   09:18     E
26  28.4  36.8   15:47  21.8   03:57   0.0  10.1   0.0   1.1  14.8   09:29    NW
27  24.9  33.0   13:32  18.3   06:03   0.0   6.6   0.0   2.4  21.2   04:26     E
28  21.8  30.5   13:22  15.2   05:19   0.7   4.2   0.0   1.8  13.0   15:18   WNW
29  22.0  29.8   15:12  15.4   05:48   0.5   4.2   0.0   4.0  22.0   23:38   ESE
30  20.3  27.4   13:18  15.6   03:24   0.8   2.9   0.0   2.4  10.4   12:29     W
----------------------------------------------------------------------------------
    20.8  36.8    26    11.5    11    34.3 109.3   4.0   2.9  28.4    24     ESE

Max >=  30.0 10
Max <=  15.0  0
Min <=  12.0  6
Min <=   8.0  0
Max Rain: 3.0 on day 16
Days of Rain: 2 (>= 0.2 mm)  0 (>= 5.0 mm)  0 (>= 20.0 mm)
Heat Base: 18.3  Cool Base: 18.3  Method: Integration