NOAA style reports
Select a Year or Month report
V/Λ2021 > Jan Feb Mar Apr May Jun Jul Aug Sep Oct Nov Dec
V/Λ2020 > Jan Feb Mar Apr May Jun Jul Aug Sep Oct Nov Dec
V/Λ2019 > Jan Feb Mar Apr May Jun Jul Aug Sep Oct Nov Dec
V/Λ2018 > Jan Feb Mar Apr May Jun Jul Aug Sep Oct Nov Dec
V/Λ2017 > Jan Feb Mar Apr May Jun Jul Aug Sep Oct Nov Dec
V/Λ2016 > Jan Feb Mar Apr May Jun Jul Aug Sep Oct Nov Dec
V/Λ2015 > Jan Feb Mar Apr May Jun Jul Aug Sep Oct Nov Dec
                   Monthly Climatological Summary for Aug. 2016

Name: Eric Olthwaite   City: Gooseberry Hill   State: Western Australia
Elevation: 245 m  Lat: S 31° 57' 32"   Lon: E 116° 02' 48"

                  Temperature (°C), Rain (mm), Wind Speed (km/h)

                                      Heat  Cool        Avg
    Mean                              Deg   Deg         Wind                 Dom
Day Temp  High   Time   Low    Time   Days  Days  Rain  Speed High   Time    Dir
----------------------------------------------------------------------------------
01  10.0  14.7   14:33   6.8   07:02   8.2   0.0   0.0   5.4  20.2   05:40     E
02  11.7  16.0   15:08   8.0   09:00   6.6   0.0   0.0   5.1  21.6   23:27   ENE
03  13.8  15.3   15:25  11.5   09:00   4.5   0.0   3.0   2.1  10.8   10:04    NE
04  11.7  14.0   15:34   9.8   06:25   6.5   0.0   4.1   3.3  14.4   20:12   ESE
05  12.6  14.7   12:00  10.7   09:00   5.5   0.0   1.0   3.3  16.9   07:42   ESE
06  12.6  16.4   12:02   9.3   07:34   5.6   0.0   7.1   3.6  21.6   05:35   WNW
07  11.7  15.2   14:30   9.3   07:07   6.4   0.0  12.7   5.4  22.3   14:14     W
08   9.5  12.1   13:39   8.4   01:08   8.7   0.0  10.2   2.6  22.0   13:39   WSW
09  11.0  15.2   15:17   9.5   07:04   7.3   0.0   5.1   1.8  17.3   16:00     W
10  12.9  15.6   15:37  10.7   09:00   5.4   0.0   0.0   1.6  11.9   15:04   WNW
11  12.1  17.2   15:04   8.7   07:14   6.2   0.0   6.3   3.4  25.6   13:28    SW
12  12.1  16.2   14:44   9.8   02:06   6.2   0.0   0.0   2.5  14.0   06:20   ESE
13  13.0  17.7   14:11   9.3   07:08   5.3   0.0   0.0   3.3  17.6   08:23     E
14  14.4  20.1   14:48  11.6   09:00   4.0   0.2   0.0   1.8  22.0   09:35   WNW
15  12.5  16.6   12:31   9.5   04:56   5.8   0.0   4.1   3.2  22.7   11:22   WNW
16  15.0  18.3   14:55  12.3   09:00   3.3   0.0   1.0   3.4  18.4   15:26   NNW
17  10.0  13.9   10:23   7.2   05:18   8.3   0.0  24.1   3.7  33.1   12:38     W
18  10.4  13.0   11:55   9.0   05:14   7.9   0.0   0.0   2.3  10.8   11:36   SSE
19  11.4  14.0   13:31   9.7   05:55   6.9   0.0   7.1   0.9  13.7   16:19   WNW
20  11.9  16.1   14:27   9.3   05:12   6.4   0.0   1.0   1.6  11.9   15:47   SSE
21  10.9  15.9   14:50   7.5   06:16   7.4   0.0   4.3   2.2  21.2   15:52     W
22  10.4  14.7   14:54   7.3   06:36   7.9   0.0   0.0   2.7  13.3   12:45   SSE
23  10.2  15.4   15:28   5.5   06:49   8.1   0.0   0.0   4.1  16.9   11:35   ESE
24  10.7  15.8   15:17   7.1   06:38   7.6   0.0   0.0   6.3  25.2   08:34   ESE
25  14.0  17.4   15:08   9.4   09:00   4.3   0.0   0.0   7.4  24.1   09:19     E
26  14.4  19.0   12:12  10.6   05:39   3.9   0.0  42.9   3.5  18.0   13:43   WNW
27  11.1  14.0   13:49   9.0   05:47   7.2   0.0   6.3   4.1  24.8   11:49     W
28  11.5  13.9   13:04  10.3   03:17   6.7   0.0   0.0   1.2  10.1   11:27    SW
29  11.3  15.8   14:37   8.4   06:35   6.9   0.0   0.0   1.8  13.3   08:32    SE
30  13.2  15.8   12:37  11.0   05:51   5.1   0.0   7.1   1.5  15.1   13:43    NW
31  11.4  15.5   15:30   8.0   06:34   6.9   0.0   1.3   1.7  13.0   17:23   SSW
----------------------------------------------------------------------------------
    11.9  20.1    14     5.5    23   197.0   0.2 148.7   3.1  33.1    17      SE

Max >=  30.0  0
Max <=  15.0 10
Min <=  12.0 30
Min <=   8.0  8
Max Rain: 42.9 on day 26
Days of Rain: 18 (>= 0.2 mm)  10 (>= 5.0 mm)  2 (>= 20.0 mm)
Heat Base: 18.3  Cool Base: 18.3  Method: Integration