NOAA style reports
Select a Year or Month report
V/Λ2021 > Jan Feb Mar Apr May Jun Jul Aug Sep Oct Nov Dec
V/Λ2020 > Jan Feb Mar Apr May Jun Jul Aug Sep Oct Nov Dec
V/Λ2019 > Jan Feb Mar Apr May Jun Jul Aug Sep Oct Nov Dec
V/Λ2018 > Jan Feb Mar Apr May Jun Jul Aug Sep Oct Nov Dec
V/Λ2017 > Jan Feb Mar Apr May Jun Jul Aug Sep Oct Nov Dec
V/Λ2016 > Jan Feb Mar Apr May Jun Jul Aug Sep Oct Nov Dec
V/Λ2015 > Jan Feb Mar Apr May Jun Jul Aug Sep Oct Nov Dec
                   Monthly Climatological Summary for Jul. 2016

Name: Eric Olthwaite   City: Gooseberry Hill   State: Western Australia
Elevation: 245 m  Lat: S 31° 57' 32"   Lon: E 116° 02' 48"

                  Temperature (°C), Rain (mm), Wind Speed (km/h)

                                      Heat  Cool        Avg
    Mean                              Deg   Deg         Wind                 Dom
Day Temp  High   Time   Low    Time   Days  Days  Rain  Speed High   Time    Dir
----------------------------------------------------------------------------------
01  11.3  16.6   15:38   9.5   09:00   7.0   0.0   0.0   5.5  18.7   08:06     E
02  14.1  18.2   14:21  11.2   07:14   4.2   0.0   0.0   1.1  18.0   10:29     E
03  10.6  14.9   15:28   6.3   06:50   7.6   0.0   0.0   2.9  22.0   21:51   ESE
04   9.8  12.8   15:31   7.0   09:00   8.5   0.0   0.0   5.8  24.1   07:44     E
05  10.6  14.6   13:12   7.7   06:59   7.6   0.0   0.0   7.7  28.4   09:06   ESE
06  11.9  15.3   13:45   8.1   09:00   6.4   0.0   0.0   5.0  18.0   10:18     E
07  12.5  14.1   14:58  10.4   09:00   5.8   0.0   9.4   1.9  10.4   23:51    NW
08  10.3  14.1   14:30   7.2   08:10   8.0   0.0  17.8   1.5  10.4   11:27     W
09   8.7  11.8   12:25   8.0   21:10   9.6   0.0  28.4   1.4   9.7   20:46   WNW
10  10.7  14.6   13:50   8.4   06:42   7.6   0.0   0.0   0.7  11.2   13:49     W
11  10.4  14.6   14:03   6.7   07:32   7.9   0.0   0.0   1.9   9.4   08:10   SSE
12  10.4  14.6   14:03   6.7   07:32   7.9   0.0   0.0   4.7   9.4   08:10   SSE
13  10.4  14.6   14:03   6.7   07:32   7.9   0.0   0.0  ----   9.4   08:10   SSE
14  10.4  14.6   14:03   6.7   07:32   7.9   0.0   0.0  ----   9.4   08:10   SSE
15  12.8  19.6   15:45   5.8   04:40  10.2   0.1   0.0   3.0  16.2   10:32   ENE
16  14.9  17.5   15:09  12.5   07:44   3.4   0.0  39.9   4.2  22.3   04:25   WNW
17  12.4  16.2   12:49   9.0   07:45   5.9   0.0  12.4   2.8  21.2   14:21     W
18  11.2  14.9   14:39   8.3   06:34   7.1   0.0   0.0   2.8  10.8   08:33    SE
19  11.3  15.7   15:17   8.2   07:10   7.0   0.0   0.0   3.1  14.0   08:41     E
20  12.2  16.5   14:39   8.3   08:34   6.1   0.0  15.7   2.9  14.8   09:26   WNW
21  10.2  12.6   14:55   8.2   06:57   8.1   0.0   4.1   3.5  18.4   17:04   WSW
22  10.7  14.2   14:06   9.1   09:00   7.6   0.0   0.0   1.7  10.8   11:29    SE
23   9.6  14.2   13:02   6.4   06:39   8.7   0.0   1.0   2.5  12.6   22:42   SSE
24  10.2  13.3   13:39   7.6   09:00   8.1   0.0   0.0   2.4  13.7   08:30   ESE
25  11.1  15.0   15:27   8.8   04:23   7.2   0.0   0.0   1.2  11.2   09:17     E
26  12.3  16.6   14:44   9.2   07:02   6.0   0.0   0.0   3.4  23.0   08:30     E
27  13.9  16.9   13:47  10.3   09:00   4.4   0.0   0.0   4.5  22.0   11:06     E
28  15.6  19.1   15:31  12.5   09:01   2.7   0.0   0.0   2.7  13.3   05:20     E
29  16.4  19.9   14:39  12.7   07:21   2.1   0.2   0.0   5.1  27.7   13:57   WNW
30  14.2  17.7   13:59  11.4   08:36   4.1   0.0  12.7   6.3  26.6   02:07     W
31   9.6  13.4   13:05   6.0   07:31   8.7   0.0   1.0   3.8  18.0   13:32     S
----------------------------------------------------------------------------------
    11.6  19.9    29     5.8    15   211.3   0.3 142.4   3.5  28.4     5     ESE

Max >=  30.0  0
Max <=  15.0 18
Min <=  12.0 28
Min <=   8.0 13
Max Rain: 39.9 on day 16
Days of Rain: 10 (>= 0.2 mm)  7 (>= 5.0 mm)  2 (>= 20.0 mm)
Heat Base: 18.3  Cool Base: 18.3  Method: Integration